{"id":8549,"date":"2025-06-29T10:29:48","date_gmt":"2025-06-29T08:29:48","guid":{"rendered":"https:\/\/uj.adatbank.ro\/lexikon\/termek\/galambfalvi-istvan\/"},"modified":"2025-06-29T10:29:48","modified_gmt":"2025-06-29T08:29:48","slug":"galambfalvi-istvan","status":"publish","type":"product","link":"https:\/\/uj.adatbank.ro\/lexikon\/termek\/galambfalvi-istvan\/","title":{"rendered":"GALAMBFALVI Istv\u00e1n"},"content":{"rendered":"<p>? \u2020\u00a0? : tan\u00edt\u00f3, ref. lelk\u00e9sz. \u2013 Mv.-en subscrib\u00e1lt (1678). L\u00e9vita Nagyteremiben (1681), majd Udvarfalv\u00e1n lelk\u00e9sz. Kebeleszentiv\u00e1nban (1692\u201395), Sz\u00e9kelytomp\u00e1n (1697), Ny\u00e1r\u00e1dszered\u00e1ban (1700-03), Ny\u00e1r\u00e1dszentimr\u00e9n (1710\u201312), Sz\u00e9kesen (1713, 1722), Csejden (1716\u201321), Mez\u0151cs\u00e1v\u00e1son (1723\u201331) \u00e9s Galambodon (1733\u201341) volt lelk\u00e9sz. \u2013 Irod. Imreh Barna; K\u00fck\u00fcll\u0151i Ref. Egyh\u00e1zm. 4.; \u0150sz<\/br><\/p>\n","protected":false},"excerpt":{"rendered":"<p>? \u2020\u00a0? : tan\u00edt\u00f3, ref. lelk\u00e9sz. \u2013 Mv.-en subscrib\u00e1lt (1678). L\u00e9vita Nagyteremiben (1681), majd Udvarfalv\u00e1n lelk\u00e9sz. Kebeleszentiv\u00e1nban (1692\u201395), Sz\u00e9kelytomp\u00e1n (1697), Ny\u00e1r\u00e1dszered\u00e1ban (1700-03), Ny\u00e1r\u00e1dszentimr\u00e9n (1710\u201312), Sz\u00e9kesen (1713, 1722), Csejden (1716\u201321), Mez\u0151cs\u00e1v\u00e1son (1723\u201331) \u00e9s Galambodon (1733\u201341) volt lelk\u00e9sz. \u2013 Irod. Imreh Barna; K\u00fck\u00fcll\u0151i Ref. Egyh\u00e1zm. 4.; \u0150sz<\/p>\n","protected":false},"featured_media":0,"comment_status":"open","ping_status":"closed","template":"","meta":[],"product_brand":[],"product_cat":[137],"product_tag":[],"class_list":{"0":"post-8549","1":"product","2":"type-product","3":"status-publish","5":"product_cat-maros-megyei-eletrajzi-lexikon","7":"first","8":"instock","9":"shipping-taxable","10":"product-type-simple"},"_links":{"self":[{"href":"https:\/\/uj.adatbank.ro\/lexikon\/wp-json\/wp\/v2\/product\/8549","targetHints":{"allow":["GET"]}}],"collection":[{"href":"https:\/\/uj.adatbank.ro\/lexikon\/wp-json\/wp\/v2\/product"}],"about":[{"href":"https:\/\/uj.adatbank.ro\/lexikon\/wp-json\/wp\/v2\/types\/product"}],"replies":[{"embeddable":true,"href":"https:\/\/uj.adatbank.ro\/lexikon\/wp-json\/wp\/v2\/comments?post=8549"}],"wp:attachment":[{"href":"https:\/\/uj.adatbank.ro\/lexikon\/wp-json\/wp\/v2\/media?parent=8549"}],"wp:term":[{"taxonomy":"product_brand","embeddable":true,"href":"https:\/\/uj.adatbank.ro\/lexikon\/wp-json\/wp\/v2\/product_brand?post=8549"},{"taxonomy":"product_cat","embeddable":true,"href":"https:\/\/uj.adatbank.ro\/lexikon\/wp-json\/wp\/v2\/product_cat?post=8549"},{"taxonomy":"product_tag","embeddable":true,"href":"https:\/\/uj.adatbank.ro\/lexikon\/wp-json\/wp\/v2\/product_tag?post=8549"}],"curies":[{"name":"wp","href":"https:\/\/api.w.org\/{rel}","templated":true}]}}