{"id":8552,"date":"2025-06-29T10:29:53","date_gmt":"2025-06-29T08:29:53","guid":{"rendered":"https:\/\/uj.adatbank.ro\/lexikon\/termek\/galambodi-mihaly\/"},"modified":"2025-06-29T10:29:53","modified_gmt":"2025-06-29T08:29:53","slug":"galambodi-mihaly","status":"publish","type":"product","link":"https:\/\/uj.adatbank.ro\/lexikon\/termek\/galambodi-mihaly\/","title":{"rendered":"GALAMBODI Mih\u00e1ly"},"content":{"rendered":"<p>? \u2020 ?: ref. notarius. \u2013 Muzsnai Mikl\u00f3s esperes not\u00e1riusa. A cs\u00f3kai ref. fatemplomot szentelte fel az esperessel (1720. nov.). Lelk\u00e9sz: Sz\u00e9kelyvaja (1699\u20131703), Ny\u00e1r\u00e1dszentbenedek (1712\u201313), Mez\u0151madaras (1715\u201319), Mez\u0151k\u00f6lp\u00e9nyben (1720), Marosszentkir\u00e1lyon (1722\u201323), Mez\u0151b\u00e1ndon (1723),. <br \/><strong>Irod.:<\/strong> Imreh Barna; K. L. M\u0171v. t\u00f6rt. tan. 1.<\/br><\/p>\n","protected":false},"excerpt":{"rendered":"<p>? \u2020 ?: ref. notarius. \u2013 Muzsnai Mikl\u00f3s esperes not\u00e1riusa. A cs\u00f3kai ref. fatemplomot szentelte fel az esperessel (1720. nov.). Lelk\u00e9sz: Sz\u00e9kelyvaja (1699\u20131703), Ny\u00e1r\u00e1dszentbenedek (1712\u201313), Mez\u0151madaras (1715\u201319), Mez\u0151k\u00f6lp\u00e9nyben (1720), Marosszentkir\u00e1lyon (1722\u201323), Mez\u0151b\u00e1ndon (1723),. Irod.: Imreh Barna; K. L. M\u0171v. t\u00f6rt. tan. 1.<\/p>\n","protected":false},"featured_media":0,"comment_status":"open","ping_status":"closed","template":"","meta":[],"product_brand":[],"product_cat":[137],"product_tag":[],"class_list":{"0":"post-8552","1":"product","2":"type-product","3":"status-publish","5":"product_cat-maros-megyei-eletrajzi-lexikon","7":"first","8":"instock","9":"shipping-taxable","10":"product-type-simple"},"_links":{"self":[{"href":"https:\/\/uj.adatbank.ro\/lexikon\/wp-json\/wp\/v2\/product\/8552","targetHints":{"allow":["GET"]}}],"collection":[{"href":"https:\/\/uj.adatbank.ro\/lexikon\/wp-json\/wp\/v2\/product"}],"about":[{"href":"https:\/\/uj.adatbank.ro\/lexikon\/wp-json\/wp\/v2\/types\/product"}],"replies":[{"embeddable":true,"href":"https:\/\/uj.adatbank.ro\/lexikon\/wp-json\/wp\/v2\/comments?post=8552"}],"wp:attachment":[{"href":"https:\/\/uj.adatbank.ro\/lexikon\/wp-json\/wp\/v2\/media?parent=8552"}],"wp:term":[{"taxonomy":"product_brand","embeddable":true,"href":"https:\/\/uj.adatbank.ro\/lexikon\/wp-json\/wp\/v2\/product_brand?post=8552"},{"taxonomy":"product_cat","embeddable":true,"href":"https:\/\/uj.adatbank.ro\/lexikon\/wp-json\/wp\/v2\/product_cat?post=8552"},{"taxonomy":"product_tag","embeddable":true,"href":"https:\/\/uj.adatbank.ro\/lexikon\/wp-json\/wp\/v2\/product_tag?post=8552"}],"curies":[{"name":"wp","href":"https:\/\/api.w.org\/{rel}","templated":true}]}}