{"id":8554,"date":"2025-06-29T10:29:56","date_gmt":"2025-06-29T08:29:56","guid":{"rendered":"https:\/\/uj.adatbank.ro\/lexikon\/termek\/galambos-borbely-samuel\/"},"modified":"2025-06-29T10:29:56","modified_gmt":"2025-06-29T08:29:56","slug":"galambos-borbely-samuel","status":"publish","type":"product","link":"https:\/\/uj.adatbank.ro\/lexikon\/termek\/galambos-borbely-samuel\/","title":{"rendered":"GALAMBOS BORB\u00c9LY S\u00e1muel"},"content":{"rendered":"<p>Mv., ? \u2020\u00a0?: j\u00f3m\u00f3d\u00fa polg\u00e1r, oculista (szemdoktor), chirurgus, szen\u00e1tor. \u2013 Erd\u00e9ly-szerte h\u00edres volt a katarakta-m\u0171t\u00e9teir\u0151l. Brass\u00f3ban m\u0171k\u00f6d\u00f6tt (1699), ahol Martinus Harmung luter\u00e1nus f\u0151papnak visszaadta l\u00e1t\u00e1s\u00e1t, aki 73 \u00e9ves volt \u00e9s a m\u0171t\u00e9t el\u0151tt k\u00e9t \u00e9vvel vesztette el l\u00e1t\u00e1s\u00e1t. Mv.-en v\u00e1rosi szemdoktor (1711\u2013). V\u00e1rosi szen\u00e1tor (1760, 1711). Lelkes t\u00e1mogat\u00f3ja volt a Gyulafeh\u00e9rv\u00e1rr\u00f3l el\u00fcld\u00f6z\u00f6tt koll.-i di\u00e1koknak, akik a Szentgy\u00f6rgy u. \u00e9s a Szentkir\u00e1ly u. sarki h\u00e1z\u00e1ban tal\u00e1ltak vend\u00e9gszeret\u0151 otthonra, ahol berendezkedtek \u00e9s folytathatt\u00e1k tanul\u00e1sukat, zilahi Sebess Andr\u00e1s \u00e9s Szathm\u00e1ri Paksi Mih\u00e1ly tan\u00e1rok vezet\u00e9se alatt. <br \/><strong>Irod.:<\/strong> Fodor Ferenc 2000; Kr\u00f3n. F\u00fcz. (1940. 4\/10), L\u00e1z\u00e1r Sz\u00edni Karolina: Adal\u00e9k az \u201eorsz\u00e1gos szemorvosok\u201d m\u0171k\u00f6d\u00e9s\u00e9hez Erd\u00e9lyben (1821\u20131854) = Spielmann J\u00f3zsef orvost\u00f6rt\u00e9n\u00e9sz eml\u00e9kk., P\u00e1l-Antal 2006<\/br><\/p>\n","protected":false},"excerpt":{"rendered":"<p>Mv., ? \u2020\u00a0?: j\u00f3m\u00f3d\u00fa polg\u00e1r, oculista (szemdoktor), chirurgus, szen\u00e1tor. \u2013 Erd\u00e9ly-szerte h\u00edres volt a katarakta-m\u0171t\u00e9teir\u0151l. Brass\u00f3ban m\u0171k\u00f6d\u00f6tt (1699), ahol Martinus Harmung luter\u00e1nus f\u0151papnak visszaadta l\u00e1t\u00e1s\u00e1t, aki 73 \u00e9ves volt \u00e9s a m\u0171t\u00e9t el\u0151tt k\u00e9t \u00e9vvel vesztette el l\u00e1t\u00e1s\u00e1t. Mv.-en v\u00e1rosi szemdoktor (1711\u2013). V\u00e1rosi szen\u00e1tor (1760, 1711). Lelkes t\u00e1mogat\u00f3ja volt a Gyulafeh\u00e9rv\u00e1rr\u00f3l el\u00fcld\u00f6z\u00f6tt koll.-i di\u00e1koknak, akik [&hellip;]<\/p>\n","protected":false},"featured_media":0,"comment_status":"open","ping_status":"closed","template":"","meta":[],"product_brand":[],"product_cat":[137],"product_tag":[],"class_list":{"0":"post-8554","1":"product","2":"type-product","3":"status-publish","5":"product_cat-maros-megyei-eletrajzi-lexikon","7":"first","8":"instock","9":"shipping-taxable","10":"product-type-simple"},"_links":{"self":[{"href":"https:\/\/uj.adatbank.ro\/lexikon\/wp-json\/wp\/v2\/product\/8554","targetHints":{"allow":["GET"]}}],"collection":[{"href":"https:\/\/uj.adatbank.ro\/lexikon\/wp-json\/wp\/v2\/product"}],"about":[{"href":"https:\/\/uj.adatbank.ro\/lexikon\/wp-json\/wp\/v2\/types\/product"}],"replies":[{"embeddable":true,"href":"https:\/\/uj.adatbank.ro\/lexikon\/wp-json\/wp\/v2\/comments?post=8554"}],"wp:attachment":[{"href":"https:\/\/uj.adatbank.ro\/lexikon\/wp-json\/wp\/v2\/media?parent=8554"}],"wp:term":[{"taxonomy":"product_brand","embeddable":true,"href":"https:\/\/uj.adatbank.ro\/lexikon\/wp-json\/wp\/v2\/product_brand?post=8554"},{"taxonomy":"product_cat","embeddable":true,"href":"https:\/\/uj.adatbank.ro\/lexikon\/wp-json\/wp\/v2\/product_cat?post=8554"},{"taxonomy":"product_tag","embeddable":true,"href":"https:\/\/uj.adatbank.ro\/lexikon\/wp-json\/wp\/v2\/product_tag?post=8554"}],"curies":[{"name":"wp","href":"https:\/\/api.w.org\/{rel}","templated":true}]}}

GALAMBOS BORBÉLY Sámuel

<p>Mv., ? † ?: jómódú polgár, oculista (szemdoktor), chirurgus, szenátor. – Erdély-szerte híres volt a katarakta-műtéteiről. Brassóban működött (1699), ahol Martinus Harmung luteránus főpapnak visszaadta látását, aki 73 éves volt és a műtét előtt két évvel vesztette el látását. Mv.-en városi szemdoktor (1711–). Városi szenátor (1760, 1711). Lelkes támogatója volt a Gyulafehérvárról elüldözött koll.-i diákoknak, akik a Szentgyörgy u. és a Szentkirály u. sarki házában találtak vendégszerető otthonra, ahol berendezkedtek és folytathatták tanulásukat, zilahi Sebess András és Szathmári Paksi Mihály tanárok vezetése alatt. <br /><strong>Irod.:</strong> Fodor Ferenc 2000; Krón. Füz. (1940. 4/10), Lázár Színi Karolina: Adalék az „országos szemorvosok” működéséhez Erdélyben (1821–1854) = Spielmann József orvostörténész emlékk., Pál-Antal 2006</br></p>

<p>Mv., ? † ?: jómódú polgár, oculista (szemdoktor), chirurgus, szenátor. – Erdély-szerte híres volt a katarakta-műtéteiről. Brassóban működött (1699), ahol Martinus Harmung luteránus főpapnak visszaadta látását, aki 73 éves volt és a műtét előtt két évvel vesztette el látását. Mv.-en városi szemdoktor (1711–). Városi szenátor (1760, 1711). Lelkes támogatója volt a Gyulafehérvárról elüldözött koll.-i diákoknak, akik [&hellip;]</p>
