{"id":8555,"date":"2025-06-29T10:29:57","date_gmt":"2025-06-29T08:29:57","guid":{"rendered":"https:\/\/uj.adatbank.ro\/lexikon\/termek\/galambos-jozsef\/"},"modified":"2025-06-29T10:29:57","modified_gmt":"2025-06-29T08:29:57","slug":"galambos-jozsef","status":"publish","type":"product","link":"https:\/\/uj.adatbank.ro\/lexikon\/termek\/galambos-jozsef\/","title":{"rendered":"GALAMBOS J\u00f3zsef"},"content":{"rendered":"<p>? \u2020 ?: borb\u00e9lyc\u00e9hmester, seb\u00e9sz. \u2013 A Mv.-i esk\u00fcdt k\u00f6z\u00f6ns\u00e9g tagja (1791). A mv.-i piacon volt a borb\u00e9lym\u0171helye, a seb\u00e9szi munk\u00e1t is folytat\u00f3 borb\u00e9lyok c\u00e9hmestere volt (1817). <br \/><strong>Irod.:<\/strong> P\u00e1L Antal 2006; P\u00e1l-Antal 2009<\/br><\/p>\n","protected":false},"excerpt":{"rendered":"<p>? \u2020 ?: borb\u00e9lyc\u00e9hmester, seb\u00e9sz. \u2013 A Mv.-i esk\u00fcdt k\u00f6z\u00f6ns\u00e9g tagja (1791). A mv.-i piacon volt a borb\u00e9lym\u0171helye, a seb\u00e9szi munk\u00e1t is folytat\u00f3 borb\u00e9lyok c\u00e9hmestere volt (1817). Irod.: P\u00e1L Antal 2006; P\u00e1l-Antal 2009<\/p>\n","protected":false},"featured_media":0,"comment_status":"open","ping_status":"closed","template":"","meta":[],"product_brand":[],"product_cat":[137],"product_tag":[],"class_list":{"0":"post-8555","1":"product","2":"type-product","3":"status-publish","5":"product_cat-maros-megyei-eletrajzi-lexikon","7":"first","8":"instock","9":"shipping-taxable","10":"product-type-simple"},"_links":{"self":[{"href":"https:\/\/uj.adatbank.ro\/lexikon\/wp-json\/wp\/v2\/product\/8555","targetHints":{"allow":["GET"]}}],"collection":[{"href":"https:\/\/uj.adatbank.ro\/lexikon\/wp-json\/wp\/v2\/product"}],"about":[{"href":"https:\/\/uj.adatbank.ro\/lexikon\/wp-json\/wp\/v2\/types\/product"}],"replies":[{"embeddable":true,"href":"https:\/\/uj.adatbank.ro\/lexikon\/wp-json\/wp\/v2\/comments?post=8555"}],"wp:attachment":[{"href":"https:\/\/uj.adatbank.ro\/lexikon\/wp-json\/wp\/v2\/media?parent=8555"}],"wp:term":[{"taxonomy":"product_brand","embeddable":true,"href":"https:\/\/uj.adatbank.ro\/lexikon\/wp-json\/wp\/v2\/product_brand?post=8555"},{"taxonomy":"product_cat","embeddable":true,"href":"https:\/\/uj.adatbank.ro\/lexikon\/wp-json\/wp\/v2\/product_cat?post=8555"},{"taxonomy":"product_tag","embeddable":true,"href":"https:\/\/uj.adatbank.ro\/lexikon\/wp-json\/wp\/v2\/product_tag?post=8555"}],"curies":[{"name":"wp","href":"https:\/\/api.w.org\/{rel}","templated":true}]}}