{"id":8560,"date":"2025-06-29T10:30:09","date_gmt":"2025-06-29T08:30:09","guid":{"rendered":"https:\/\/uj.adatbank.ro\/lexikon\/termek\/galea-aurel\/"},"modified":"2025-06-29T10:30:09","modified_gmt":"2025-06-29T08:30:09","slug":"galea-aurel","status":"publish","type":"product","link":"https:\/\/uj.adatbank.ro\/lexikon\/termek\/galea-aurel\/","title":{"rendered":"GALEA Aurel"},"content":{"rendered":"<p>Pusztaholl\u00f3d, 1939. okt. 3., \u2020 Breaza, 2002. m\u00e1rc. 28.: t\u00f6rt\u00e9nelemtan\u00e1r. \u2013 T\u00f6rt\u00e9nelem szakot v\u00e9gzett a buk.-i egyetemen, a t\u00f6rt\u00e9nelem tudom\u00e1nyok doktora (Buk., 1972). Maros megye f\u0151tanfel\u00fcgyel\u0151je. Lektor a mv.-i Pedag\u00f3giai F\u0151iskol\u00e1n, majd tan\u00e1r a Gh. \u015eincai L\u00edc.-ban; el\u0151ad\u00f3tan\u00e1r a mv.-i Dimitrie Cantemir egyetemen (\u20132002). \u2013 <strong>F. m.:<\/strong> Formarea \u015fi activitatea Consiliului Dirigent al Transilvaniei, Banatului \u015fi \u0162inuturilor Rom\u00e2ne\u015fti din Ungaria (2. dec. 1918. \u2013 10 aprilie 1920) (Tg. M., 1996); Situa\u0163ia social economic\u0103 a Transilvaniei, Banatului, Cri\u015fanei \u015fi Maramure\u0163ului dup\u0103 Marea Unire 1918\u20131925. (Tg. M., 1999); Procesele verbale ale Consiliului Dirigent de la 2 decembrie 1918 p\u00e2n\u0103 la 10 aprilie 1920 (Tg. M., 1999.); Formarea \u015fi activitatea Marelui Sfat Na\u0163ional Rom\u00e2n din Transilvania, Banat, Cri\u015fana, S\u0103tmar \u015fi Maramure\u015f (1918\u20131919). (Tg. M., 2000). <br \/><strong>Irod.:<\/strong> C. L. (1997. febr. 19); [Nekrol\u00f3g] (N\u00fa., 2002. m\u00e1rc. 30); [Nekrol\u00f3g] (C. L., 30. mart. 2002); Todea 2013<\/br><\/p>\n","protected":false},"excerpt":{"rendered":"<p>Pusztaholl\u00f3d, 1939. okt. 3., \u2020 Breaza, 2002. m\u00e1rc. 28.: t\u00f6rt\u00e9nelemtan\u00e1r. \u2013 T\u00f6rt\u00e9nelem szakot v\u00e9gzett a buk.-i egyetemen, a t\u00f6rt\u00e9nelem tudom\u00e1nyok doktora (Buk., 1972). Maros megye f\u0151tanfel\u00fcgyel\u0151je. Lektor a mv.-i Pedag\u00f3giai F\u0151iskol\u00e1n, majd tan\u00e1r a Gh. \u015eincai L\u00edc.-ban; el\u0151ad\u00f3tan\u00e1r a mv.-i Dimitrie Cantemir egyetemen (\u20132002). \u2013 F. m.: Formarea \u015fi activitatea Consiliului Dirigent al Transilvaniei, Banatului [&hellip;]<\/p>\n","protected":false},"featured_media":0,"comment_status":"open","ping_status":"closed","template":"","meta":[],"product_brand":[],"product_cat":[137],"product_tag":[],"class_list":{"0":"post-8560","1":"product","2":"type-product","3":"status-publish","5":"product_cat-maros-megyei-eletrajzi-lexikon","7":"first","8":"instock","9":"shipping-taxable","10":"product-type-simple"},"_links":{"self":[{"href":"https:\/\/uj.adatbank.ro\/lexikon\/wp-json\/wp\/v2\/product\/8560","targetHints":{"allow":["GET"]}}],"collection":[{"href":"https:\/\/uj.adatbank.ro\/lexikon\/wp-json\/wp\/v2\/product"}],"about":[{"href":"https:\/\/uj.adatbank.ro\/lexikon\/wp-json\/wp\/v2\/types\/product"}],"replies":[{"embeddable":true,"href":"https:\/\/uj.adatbank.ro\/lexikon\/wp-json\/wp\/v2\/comments?post=8560"}],"wp:attachment":[{"href":"https:\/\/uj.adatbank.ro\/lexikon\/wp-json\/wp\/v2\/media?parent=8560"}],"wp:term":[{"taxonomy":"product_brand","embeddable":true,"href":"https:\/\/uj.adatbank.ro\/lexikon\/wp-json\/wp\/v2\/product_brand?post=8560"},{"taxonomy":"product_cat","embeddable":true,"href":"https:\/\/uj.adatbank.ro\/lexikon\/wp-json\/wp\/v2\/product_cat?post=8560"},{"taxonomy":"product_tag","embeddable":true,"href":"https:\/\/uj.adatbank.ro\/lexikon\/wp-json\/wp\/v2\/product_tag?post=8560"}],"curies":[{"name":"wp","href":"https:\/\/api.w.org\/{rel}","templated":true}]}}

<p>Pusztahollód, 1939. okt. 3., † Breaza, 2002. márc. 28.: történelemtanár. – Történelem szakot végzett a buk.-i egyetemen, a történelem tudományok doktora (Buk., 1972). Maros megye főtanfelügyelője. Lektor a mv.-i Pedagógiai Főiskolán, majd tanár a Gh. Şincai Líc.-ban; előadótanár a mv.-i Dimitrie Cantemir egyetemen (–2002). – <strong>F. m.:</strong> Formarea şi activitatea Consiliului Dirigent al Transilvaniei, Banatului şi Ţinuturilor Româneşti din Ungaria (2. dec. 1918. – 10 aprilie 1920) (Tg. M., 1996); Situaţia social economică a Transilvaniei, Banatului, Crişanei şi Maramureţului după Marea Unire 1918–1925. (Tg. M., 1999); Procesele verbale ale Consiliului Dirigent de la 2 decembrie 1918 până la 10 aprilie 1920 (Tg. M., 1999.); Formarea şi activitatea Marelui Sfat Naţional Român din Transilvania, Banat, Crişana, Sătmar şi Maramureş (1918–1919). (Tg. M., 2000). <br /><strong>Irod.:</strong> C. L. (1997. febr. 19); [Nekrológ] (Nú., 2002. márc. 30); [Nekrológ] (C. L., 30. mart. 2002); Todea 2013</br></p>

<p>Pusztahollód, 1939. okt. 3., † Breaza, 2002. márc. 28.: történelemtanár. – Történelem szakot végzett a buk.-i egyetemen, a történelem tudományok doktora (Buk., 1972). Maros megye főtanfelügyelője. Lektor a mv.-i Pedagógiai Főiskolán, majd tanár a Gh. Şincai Líc.-ban; előadótanár a mv.-i Dimitrie Cantemir egyetemen (–2002). – F. m.: Formarea şi activitatea Consiliului Dirigent al Transilvaniei, Banatului [&hellip;]</p>
