{"id":8563,"date":"2025-06-29T10:30:14","date_gmt":"2025-06-29T08:30:14","guid":{"rendered":"https:\/\/uj.adatbank.ro\/lexikon\/termek\/gales-t-g\/"},"modified":"2025-06-29T10:30:14","modified_gmt":"2025-06-29T08:30:14","slug":"gales-t-g","status":"publish","type":"product","link":"https:\/\/uj.adatbank.ro\/lexikon\/termek\/gales-t-g\/","title":{"rendered":"GALE\u015e T. G."},"content":{"rendered":"<p>? \u2020\u00a0? : tan\u00edt\u00f3. \u2013 A mv.-i 6. sz. Remeteszegi iskola igazgat\u00f3ja-tan\u00edt\u00f3ja (1936\u201337). <br \/><strong>Irod.:<\/strong> Gimnaziul Al. I. Cuza; Remeteszeg<\/br><\/p>\n","protected":false},"excerpt":{"rendered":"<p>? \u2020\u00a0? : tan\u00edt\u00f3. \u2013 A mv.-i 6. sz. Remeteszegi iskola igazgat\u00f3ja-tan\u00edt\u00f3ja (1936\u201337). Irod.: Gimnaziul Al. I. Cuza; Remeteszeg<\/p>\n","protected":false},"featured_media":0,"comment_status":"open","ping_status":"closed","template":"","meta":[],"product_brand":[],"product_cat":[137],"product_tag":[],"class_list":{"0":"post-8563","1":"product","2":"type-product","3":"status-publish","5":"product_cat-maros-megyei-eletrajzi-lexikon","7":"first","8":"instock","9":"shipping-taxable","10":"product-type-simple"},"_links":{"self":[{"href":"https:\/\/uj.adatbank.ro\/lexikon\/wp-json\/wp\/v2\/product\/8563","targetHints":{"allow":["GET"]}}],"collection":[{"href":"https:\/\/uj.adatbank.ro\/lexikon\/wp-json\/wp\/v2\/product"}],"about":[{"href":"https:\/\/uj.adatbank.ro\/lexikon\/wp-json\/wp\/v2\/types\/product"}],"replies":[{"embeddable":true,"href":"https:\/\/uj.adatbank.ro\/lexikon\/wp-json\/wp\/v2\/comments?post=8563"}],"wp:attachment":[{"href":"https:\/\/uj.adatbank.ro\/lexikon\/wp-json\/wp\/v2\/media?parent=8563"}],"wp:term":[{"taxonomy":"product_brand","embeddable":true,"href":"https:\/\/uj.adatbank.ro\/lexikon\/wp-json\/wp\/v2\/product_brand?post=8563"},{"taxonomy":"product_cat","embeddable":true,"href":"https:\/\/uj.adatbank.ro\/lexikon\/wp-json\/wp\/v2\/product_cat?post=8563"},{"taxonomy":"product_tag","embeddable":true,"href":"https:\/\/uj.adatbank.ro\/lexikon\/wp-json\/wp\/v2\/product_tag?post=8563"}],"curies":[{"name":"wp","href":"https:\/\/api.w.org\/{rel}","templated":true}]}}