{"id":8566,"date":"2025-06-29T10:30:18","date_gmt":"2025-06-29T08:30:18","guid":{"rendered":"https:\/\/uj.adatbank.ro\/lexikon\/termek\/galfalvi-artur-bela\/"},"modified":"2025-06-29T10:30:18","modified_gmt":"2025-06-29T08:30:18","slug":"galfalvi-artur-bela","status":"publish","type":"product","link":"https:\/\/uj.adatbank.ro\/lexikon\/termek\/galfalvi-artur-bela\/","title":{"rendered":"G\u00c1LFALVI Art\u00far B\u00e9la"},"content":{"rendered":"<p>Sz\u00e9kelyszentistv\u00e1n, 1925. dec. 19., \u2020\u00a0Mv., 2007. dec. 23.: tan\u00e1r, edz\u0151. \u2013 G. P\u00e1l ref. k\u00e1ntortan\u00edt\u00f3 \u00e9s Lutsenk\u00f3 Darja, orosz sz\u00e1rmaz\u00e1s\u00fa, fia. Feles\u00e9ge: 1. Kerest\u00e9ly \u00c1gnes tan\u00edt\u00f3n\u0151. Gyermekeik: Szabolcs, Alp\u00e1r. 2. Ip\u00f3 \u00c9va, gyermekeik Zsuzsanna \u00e9s \u00c1ron. \u2013 A makfalvi, nagyenyedi, majd a mv.-i Ref. Koll.-ban (1940\u2013) \u00e9s az \u00e1llami tan\u00edt\u00f3k\u00e9pz\u0151ben tanult, \u00e9retts\u00e9gi \u00e9s k\u00e1ntori oklevelet kapott. A mv.-i Sportegyes\u00fcletben \u00e9s az OGYI keret\u00e9ben sportolt: atl\u00e9tika, k\u00e9zilabda, kos\u00e1rlabda, labdar\u00fag\u00e1s. A buk.-i Testnevel\u00e9si F\u0151iskol\u00e1t v\u00e9gezte k\u00e9zilabda szakon (1960). K\u00e1ntortan\u00edt\u00f3, iskolaigazgat\u00f3 H\u00e9derf\u00e1j\u00e1n (1943\u201353), ahol \u00e1llami t\u00e1mogat\u00e1s n\u00e9lk\u00fcl \u00e9p\u00edtett \u00faj iskol\u00e1t. Mv-en a volt Ref. Koll.-ban helyettes testnevel\u0151 tan\u00e1r, a tartom\u00e1nyi tan\u00fcgyi-m\u0171vel\u0151d\u00e9si oszt\u00e1ly szakfel\u00fcgyel\u0151je (1953\u201357); majd saj\u00e1t k\u00e9r\u00e9s\u00e9re visszahelyezt\u00e9k a Bolyai Farkas k\u00f6z\u00e9piskol\u00e1ba (1957\u201359). A Sporiskola testnevel\u0151 tan\u00e1ra \u00e9s igazgat\u00f3 helyettes (1961\u201369), \u00e1llami t\u00e1mogat\u00e1s n\u00e9lk\u00fcl l\u00e9tes\u00edtett sporttelepeket \u00e9s \u00f6lt\u00f6z\u0151ket. Az Iskol\u00e1s SK testnevel\u0151tan\u00e1ra (1969\u201379 \u00e9s 1983\u201388). \u00c9vtizedeken \u00e1t vezette az iskola \u00e9s a v\u00e1ros szaktan\u00e1rainak m\u00f3dszertani k\u00f6r\u00e9t \u00e9s a tartom\u00e1nyi \u00e9s a megyei k\u00e9zilabda szakbizotts\u00e1got. Maros Spotklub n\u0151i k\u00e9zilabda csapat\u00e1nak edz\u0151je, valamint 32 \u00e9vig biztos\u00edtotta az ut\u00e1np\u00f3tl\u00e1st. Tudom\u00e1nyos szimpoziumok r\u00e9szvev\u0151je, el\u0151ad\u00f3ja. \u00cdr\u00e1sai jelentek meg a RMSZ-ban \u00e9s a mv.-i helyi lapokban V. Z., N\u00fa..-ban. A mv.-i V\u00e1rtemplomi Egyh\u00e1zk\u00f6z\u00f6ss\u00e9g presbitere \u00e9s jegyz\u0151je. Kit\u0171ntet\u00e9sei: A rom\u00e1n K\u00e9zilabda Szaksz\u00f6v. \u00c1llami ez\u00fcst plakettje (1984), Magyarok Vil\u00e1gsz\u00f6vets\u00e9ge d\u00edszoklevele (1998). Els\u0151 \u00edr\u00e1sai a kv.-i Ike Ifj\u00fa Erd\u00e9ly c. foly\u00f3irat\u00e1ban jelentek meg \u00e9s nyertek d\u00edjat. Meg\u00edrta Makalva monogr\u00e1fi\u00e1j\u00e1t. \u2013 <strong>F. m.:<\/strong> Makfalva: Rendhagy\u00f3 falumonogr\u00e1fia (Makfalva, 2005). <br \/><strong>Irod.:<\/strong> Czimbalmos Ferenc Attila: Harminc \u00e9vig volt a \u201eszakbizotts\u00e1g\u201d (N\u00fa., 2003., m\u00e1j. 12.); Henter Gy\u00f6rgy: Art\u00far b\u00e1csi (\u00daj Kezdet, 1. sz., 2008. jan.); N\u00fa. (2005. j\u00fan. 1.); EMKK 2000; [Nekrol\u00f3g] (N\u00fa., 2007. dec. 26.); RMKK<\/br><\/p>\n","protected":false},"excerpt":{"rendered":"<p>Sz\u00e9kelyszentistv\u00e1n, 1925. dec. 19., \u2020\u00a0Mv., 2007. dec. 23.: tan\u00e1r, edz\u0151. \u2013 G. P\u00e1l ref. k\u00e1ntortan\u00edt\u00f3 \u00e9s Lutsenk\u00f3 Darja, orosz sz\u00e1rmaz\u00e1s\u00fa, fia. Feles\u00e9ge: 1. Kerest\u00e9ly \u00c1gnes tan\u00edt\u00f3n\u0151. Gyermekeik: Szabolcs, Alp\u00e1r. 2. Ip\u00f3 \u00c9va, gyermekeik Zsuzsanna \u00e9s \u00c1ron. \u2013 A makfalvi, nagyenyedi, majd a mv.-i Ref. Koll.-ban (1940\u2013) \u00e9s az \u00e1llami tan\u00edt\u00f3k\u00e9pz\u0151ben tanult, \u00e9retts\u00e9gi \u00e9s k\u00e1ntori oklevelet [&hellip;]<\/p>\n","protected":false},"featured_media":0,"comment_status":"open","ping_status":"closed","template":"","meta":[],"product_brand":[],"product_cat":[137],"product_tag":[],"class_list":{"0":"post-8566","1":"product","2":"type-product","3":"status-publish","5":"product_cat-maros-megyei-eletrajzi-lexikon","7":"first","8":"instock","9":"shipping-taxable","10":"product-type-simple"},"_links":{"self":[{"href":"https:\/\/uj.adatbank.ro\/lexikon\/wp-json\/wp\/v2\/product\/8566","targetHints":{"allow":["GET"]}}],"collection":[{"href":"https:\/\/uj.adatbank.ro\/lexikon\/wp-json\/wp\/v2\/product"}],"about":[{"href":"https:\/\/uj.adatbank.ro\/lexikon\/wp-json\/wp\/v2\/types\/product"}],"replies":[{"embeddable":true,"href":"https:\/\/uj.adatbank.ro\/lexikon\/wp-json\/wp\/v2\/comments?post=8566"}],"wp:attachment":[{"href":"https:\/\/uj.adatbank.ro\/lexikon\/wp-json\/wp\/v2\/media?parent=8566"}],"wp:term":[{"taxonomy":"product_brand","embeddable":true,"href":"https:\/\/uj.adatbank.ro\/lexikon\/wp-json\/wp\/v2\/product_brand?post=8566"},{"taxonomy":"product_cat","embeddable":true,"href":"https:\/\/uj.adatbank.ro\/lexikon\/wp-json\/wp\/v2\/product_cat?post=8566"},{"taxonomy":"product_tag","embeddable":true,"href":"https:\/\/uj.adatbank.ro\/lexikon\/wp-json\/wp\/v2\/product_tag?post=8566"}],"curies":[{"name":"wp","href":"https:\/\/api.w.org\/{rel}","templated":true}]}}

GÁLFALVI Artúr Béla

<p>Székelyszentistván, 1925. dec. 19., † Mv., 2007. dec. 23.: tanár, edző. – G. Pál ref. kántortanító és Lutsenkó Darja, orosz származású, fia. Felesége: 1. Kerestély Ágnes tanítónő. Gyermekeik: Szabolcs, Alpár. 2. Ipó Éva, gyermekeik Zsuzsanna és Áron. – A makfalvi, nagyenyedi, majd a mv.-i Ref. Koll.-ban (1940–) és az állami tanítóképzőben tanult, érettségi és kántori oklevelet kapott. A mv.-i Sportegyesületben és az OGYI keretében sportolt: atlétika, kézilabda, kosárlabda, labdarúgás. A buk.-i Testnevelési Főiskolát végezte kézilabda szakon (1960). Kántortanító, iskolaigazgató Héderfáján (1943–53), ahol állami támogatás nélkül épített új iskolát. Mv-en a volt Ref. Koll.-ban helyettes testnevelő tanár, a tartományi tanügyi-művelődési osztály szakfelügyelője (1953–57); majd saját kérésére visszahelyezték a Bolyai Farkas középiskolába (1957–59). A Sporiskola testnevelő tanára és igazgató helyettes (1961–69), állami támogatás nélkül létesített sporttelepeket és öltözőket. Az Iskolás SK testnevelőtanára (1969–79 és 1983–88). Évtizedeken át vezette az iskola és a város szaktanárainak módszertani körét és a tartományi és a megyei kézilabda szakbizottságot. Maros Spotklub női kézilabda csapatának edzője, valamint 32 évig biztosította az utánpótlást. Tudományos szimpoziumok részvevője, előadója. Írásai jelentek meg a RMSZ-ban és a mv.-i helyi lapokban V. Z., Nú..-ban. A mv.-i Vártemplomi Egyházközösség presbitere és jegyzője. Kitűntetései: A román Kézilabda Szakszöv. Állami ezüst plakettje (1984), Magyarok Világszövetsége díszoklevele (1998). Első írásai a kv.-i Ike Ifjú Erdély c. folyóiratában jelentek meg és nyertek díjat. Megírta Makalva monográfiáját. – <strong>F. m.:</strong> Makfalva: Rendhagyó falumonográfia (Makfalva, 2005). <br /><strong>Irod.:</strong> Czimbalmos Ferenc Attila: Harminc évig volt a „szakbizottság” (Nú., 2003., máj. 12.); Henter György: Artúr bácsi (Új Kezdet, 1. sz., 2008. jan.); Nú. (2005. jún. 1.); EMKK 2000; [Nekrológ] (Nú., 2007. dec. 26.); RMKK</br></p>

<p>Székelyszentistván, 1925. dec. 19., † Mv., 2007. dec. 23.: tanár, edző. – G. Pál ref. kántortanító és Lutsenkó Darja, orosz származású, fia. Felesége: 1. Kerestély Ágnes tanítónő. Gyermekeik: Szabolcs, Alpár. 2. Ipó Éva, gyermekeik Zsuzsanna és Áron. – A makfalvi, nagyenyedi, majd a mv.-i Ref. Koll.-ban (1940–) és az állami tanítóképzőben tanult, érettségi és kántori oklevelet [&hellip;]</p>
