{"id":8568,"date":"2025-06-29T10:30:22","date_gmt":"2025-06-29T08:30:22","guid":{"rendered":"https:\/\/uj.adatbank.ro\/lexikon\/termek\/galfalvi-gergely-harcoi\/"},"modified":"2025-06-29T10:30:22","modified_gmt":"2025-06-29T08:30:22","slug":"galfalvi-gergely-harcoi","status":"publish","type":"product","link":"https:\/\/uj.adatbank.ro\/lexikon\/termek\/galfalvi-gergely-harcoi\/","title":{"rendered":"G\u00c1LFALVI Gergely, harc\u00f3i"},"content":{"rendered":"<p>? \u2020\u00a0? : aljegyz\u0151, jegyz\u0151, vice-kir\u00e1lyb\u00edr\u00f3, nemes. \u2013 Marossz\u00e9ki aljegyz\u0151 (1745\u201355), rendes not\u00e1rius (1755), a b\u00edr\u00e1skod\u00e1s \u00e1tszevez\u00e9s\u00e9vel l\u00e9trehozott folytonos (\u00e1lland\u00f3) t\u00e1bla rendes jegyz\u0151je (not\u00e1riusa) (1763. dec. 16.). Marossz\u00e9k vice-kir\u00e1lyb\u00edr\u00f3jak\u00e9nt vett r\u00e9szt a Mv.-en tartott ref. k\u00f6zzsinaton (1777. j\u00fan. 7.). Mv.-en tulajdonnal rendelkez\u0151 vagyonos k\u00f6znemes (1786). <br \/><strong>Irod.:<\/strong> Id\u0151t\u00e1r 5 \/1.; P\u00e1l-Antal; P\u00e1l-Antal 2002; P\u00e1l-Antal 2009<\/br><\/p>\n","protected":false},"excerpt":{"rendered":"<p>? \u2020\u00a0? : aljegyz\u0151, jegyz\u0151, vice-kir\u00e1lyb\u00edr\u00f3, nemes. \u2013 Marossz\u00e9ki aljegyz\u0151 (1745\u201355), rendes not\u00e1rius (1755), a b\u00edr\u00e1skod\u00e1s \u00e1tszevez\u00e9s\u00e9vel l\u00e9trehozott folytonos (\u00e1lland\u00f3) t\u00e1bla rendes jegyz\u0151je (not\u00e1riusa) (1763. dec. 16.). Marossz\u00e9k vice-kir\u00e1lyb\u00edr\u00f3jak\u00e9nt vett r\u00e9szt a Mv.-en tartott ref. k\u00f6zzsinaton (1777. j\u00fan. 7.). Mv.-en tulajdonnal rendelkez\u0151 vagyonos k\u00f6znemes (1786). Irod.: Id\u0151t\u00e1r 5 \/1.; P\u00e1l-Antal; P\u00e1l-Antal 2002; P\u00e1l-Antal 2009<\/p>\n","protected":false},"featured_media":0,"comment_status":"open","ping_status":"closed","template":"","meta":[],"product_brand":[],"product_cat":[137],"product_tag":[],"class_list":{"0":"post-8568","1":"product","2":"type-product","3":"status-publish","5":"product_cat-maros-megyei-eletrajzi-lexikon","7":"first","8":"instock","9":"shipping-taxable","10":"product-type-simple"},"_links":{"self":[{"href":"https:\/\/uj.adatbank.ro\/lexikon\/wp-json\/wp\/v2\/product\/8568","targetHints":{"allow":["GET"]}}],"collection":[{"href":"https:\/\/uj.adatbank.ro\/lexikon\/wp-json\/wp\/v2\/product"}],"about":[{"href":"https:\/\/uj.adatbank.ro\/lexikon\/wp-json\/wp\/v2\/types\/product"}],"replies":[{"embeddable":true,"href":"https:\/\/uj.adatbank.ro\/lexikon\/wp-json\/wp\/v2\/comments?post=8568"}],"wp:attachment":[{"href":"https:\/\/uj.adatbank.ro\/lexikon\/wp-json\/wp\/v2\/media?parent=8568"}],"wp:term":[{"taxonomy":"product_brand","embeddable":true,"href":"https:\/\/uj.adatbank.ro\/lexikon\/wp-json\/wp\/v2\/product_brand?post=8568"},{"taxonomy":"product_cat","embeddable":true,"href":"https:\/\/uj.adatbank.ro\/lexikon\/wp-json\/wp\/v2\/product_cat?post=8568"},{"taxonomy":"product_tag","embeddable":true,"href":"https:\/\/uj.adatbank.ro\/lexikon\/wp-json\/wp\/v2\/product_tag?post=8568"}],"curies":[{"name":"wp","href":"https:\/\/api.w.org\/{rel}","templated":true}]}}

GÁLFALVI Gergely, harcói

<p>? † ? : aljegyző, jegyző, vice-királybíró, nemes. – Marosszéki aljegyző (1745–55), rendes notárius (1755), a bíráskodás átszevezésével létrehozott folytonos (állandó) tábla rendes jegyzője (notáriusa) (1763. dec. 16.). Marosszék vice-királybírójaként vett részt a Mv.-en tartott ref. közzsinaton (1777. jún. 7.). Mv.-en tulajdonnal rendelkező vagyonos köznemes (1786). <br /><strong>Irod.:</strong> Időtár 5 /1.; Pál-Antal; Pál-Antal 2002; Pál-Antal 2009</br></p>

<p>? † ? : aljegyző, jegyző, vice-királybíró, nemes. – Marosszéki aljegyző (1745–55), rendes notárius (1755), a bíráskodás átszevezésével létrehozott folytonos (állandó) tábla rendes jegyzője (notáriusa) (1763. dec. 16.). Marosszék vice-királybírójaként vett részt a Mv.-en tartott ref. közzsinaton (1777. jún. 7.). Mv.-en tulajdonnal rendelkező vagyonos köznemes (1786). Irod.: Időtár 5 /1.; Pál-Antal; Pál-Antal 2002; Pál-Antal 2009</p>
