{"id":8570,"date":"2025-06-29T10:30:29","date_gmt":"2025-06-29T08:30:29","guid":{"rendered":"https:\/\/uj.adatbank.ro\/lexikon\/termek\/galfalvi-imre-harcoi\/"},"modified":"2025-06-29T10:30:29","modified_gmt":"2025-06-29T08:30:29","slug":"galfalvi-imre-harcoi","status":"publish","type":"product","link":"https:\/\/uj.adatbank.ro\/lexikon\/termek\/galfalvi-imre-harcoi\/","title":{"rendered":"G\u00c1LFALVI Imre, harc\u00f3i"},"content":{"rendered":"<p>1800 \u2020\u00a01875. dec. 9. Temet\u00e9se Harc\u00f3n, 1875. dec. 12.: f\u0151korm\u00e1nysz\u00e9ki jegyz\u0151, alkir\u00e1lyb\u00edr\u00f3, oggy. k\u00f6vet. \u2013 Feles\u00e9ge \u00e9nlaki Sala Karolina (\u2020\u00a01861. aug. 31.). Le\u00e1nyuk: K\u00e1rolina (1848\u20131861. aug. 31.). \u2013 Marossz\u00e9k oggy.-i k\u00f6vete. A Kv.-on tartott di\u00e9ta idej\u00e9n (1842) v\u00e1lasztott\u00e1k meg orsz\u00e1gos \u00edt\u00e9l\u0151mesternek (1848-ig). A forradalom idej\u00e9n az ogy.-en \u0151 iktatta jegyz\u0151k\u00f6nyvbe Erd\u00e9ly \u00e9s Mo. uni\u00f3j\u00e1nak kimond\u00e1s\u00e1t. Az unit. egyh\u00e1z f\u0151gondnoka. Harc\u00f3 falu birtokosai a G\u00e1lfalvi, majd a Mik\u00f3 csal\u00e1dok voltak. Feles\u00e9g\u00e9vel Harc\u00f3n udvarh\u00e1zat \u00e9p\u00edttettek (1865), ami h\u00e1zass\u00e1g r\u00e9v\u00e9n a Turmann, majd a Mik\u00f3 csal\u00e1d tulajdon\u00e1ba ker\u00fclt, utols\u00f3 tulajdonosa Mik\u00f3 Vilma volt. Az \u00e1llamos\u00edt\u00e1s ut\u00e1n az udvarh\u00e1zat a paniti N\u00e9ptan\u00e1cs bontatta le. <br \/><strong>Irod.:<\/strong> B\u00e9nyei; Csisz\u00e1r; Gy\u00e1szjelent\u0151; Id\u0151t\u00e1r 5 \/1.; Kelemen; Keresztes Gyula: \u00d6r\u00f6ks\u00e9g\u00fcnk 60.: A mez\u0151s\u00e9g udvarh\u00e1zai (N\u00fa., 1994. j\u00fal. 29.); [Nekrol\u00f3g] (Erd\u00e9ly, 1875. dec. 10.); Pesty 2014; Sepsisz\u00e9ki; Szathm\u00e1ri Papp K\u00e1roly<\/br><\/p>\n","protected":false},"excerpt":{"rendered":"<p>1800 \u2020\u00a01875. dec. 9. Temet\u00e9se Harc\u00f3n, 1875. dec. 12.: f\u0151korm\u00e1nysz\u00e9ki jegyz\u0151, alkir\u00e1lyb\u00edr\u00f3, oggy. k\u00f6vet. \u2013 Feles\u00e9ge \u00e9nlaki Sala Karolina (\u2020\u00a01861. aug. 31.). Le\u00e1nyuk: K\u00e1rolina (1848\u20131861. aug. 31.). \u2013 Marossz\u00e9k oggy.-i k\u00f6vete. A Kv.-on tartott di\u00e9ta idej\u00e9n (1842) v\u00e1lasztott\u00e1k meg orsz\u00e1gos \u00edt\u00e9l\u0151mesternek (1848-ig). A forradalom idej\u00e9n az ogy.-en \u0151 iktatta jegyz\u0151k\u00f6nyvbe Erd\u00e9ly \u00e9s Mo. uni\u00f3j\u00e1nak kimond\u00e1s\u00e1t. [&hellip;]<\/p>\n","protected":false},"featured_media":0,"comment_status":"open","ping_status":"closed","template":"","meta":[],"product_brand":[],"product_cat":[137],"product_tag":[],"class_list":{"0":"post-8570","1":"product","2":"type-product","3":"status-publish","5":"product_cat-maros-megyei-eletrajzi-lexikon","7":"first","8":"instock","9":"shipping-taxable","10":"product-type-simple"},"_links":{"self":[{"href":"https:\/\/uj.adatbank.ro\/lexikon\/wp-json\/wp\/v2\/product\/8570","targetHints":{"allow":["GET"]}}],"collection":[{"href":"https:\/\/uj.adatbank.ro\/lexikon\/wp-json\/wp\/v2\/product"}],"about":[{"href":"https:\/\/uj.adatbank.ro\/lexikon\/wp-json\/wp\/v2\/types\/product"}],"replies":[{"embeddable":true,"href":"https:\/\/uj.adatbank.ro\/lexikon\/wp-json\/wp\/v2\/comments?post=8570"}],"wp:attachment":[{"href":"https:\/\/uj.adatbank.ro\/lexikon\/wp-json\/wp\/v2\/media?parent=8570"}],"wp:term":[{"taxonomy":"product_brand","embeddable":true,"href":"https:\/\/uj.adatbank.ro\/lexikon\/wp-json\/wp\/v2\/product_brand?post=8570"},{"taxonomy":"product_cat","embeddable":true,"href":"https:\/\/uj.adatbank.ro\/lexikon\/wp-json\/wp\/v2\/product_cat?post=8570"},{"taxonomy":"product_tag","embeddable":true,"href":"https:\/\/uj.adatbank.ro\/lexikon\/wp-json\/wp\/v2\/product_tag?post=8570"}],"curies":[{"name":"wp","href":"https:\/\/api.w.org\/{rel}","templated":true}]}}

GÁLFALVI Imre, harcói

<p>1800 † 1875. dec. 9. Temetése Harcón, 1875. dec. 12.: főkormányszéki jegyző, alkirálybíró, oggy. követ. – Felesége énlaki Sala Karolina († 1861. aug. 31.). Leányuk: Károlina (1848–1861. aug. 31.). – Marosszék oggy.-i követe. A Kv.-on tartott diéta idején (1842) választották meg országos ítélőmesternek (1848-ig). A forradalom idején az ogy.-en ő iktatta jegyzőkönyvbe Erdély és Mo. uniójának kimondását. Az unit. egyház főgondnoka. Harcó falu birtokosai a Gálfalvi, majd a Mikó családok voltak. Feleségével Harcón udvarházat építtettek (1865), ami házasság révén a Turmann, majd a Mikó család tulajdonába került, utolsó tulajdonosa Mikó Vilma volt. Az államosítás után az udvarházat a paniti Néptanács bontatta le. <br /><strong>Irod.:</strong> Bényei; Csiszár; Gyászjelentő; Időtár 5 /1.; Kelemen; Keresztes Gyula: Örökségünk 60.: A mezőség udvarházai (Nú., 1994. júl. 29.); [Nekrológ] (Erdély, 1875. dec. 10.); Pesty 2014; Sepsiszéki; Szathmári Papp Károly</br></p>

<p>1800 † 1875. dec. 9. Temetése Harcón, 1875. dec. 12.: főkormányszéki jegyző, alkirálybíró, oggy. követ. – Felesége énlaki Sala Karolina († 1861. aug. 31.). Leányuk: Károlina (1848–1861. aug. 31.). – Marosszék oggy.-i követe. A Kv.-on tartott diéta idején (1842) választották meg országos ítélőmesternek (1848-ig). A forradalom idején az ogy.-en ő iktatta jegyzőkönyvbe Erdély és Mo. uniójának kimondását. [&hellip;]</p>
