{"id":8582,"date":"2025-06-29T10:30:53","date_gmt":"2025-06-29T08:30:53","guid":{"rendered":"https:\/\/uj.adatbank.ro\/lexikon\/termek\/galfalvi-pal-%c2%a7-hazeri-es-galfalvi\/"},"modified":"2025-06-29T10:30:53","modified_gmt":"2025-06-29T08:30:53","slug":"galfalvi-pal-%c2%a7-hazeri-es-galfalvi","status":"publish","type":"product","link":"https:\/\/uj.adatbank.ro\/lexikon\/termek\/galfalvi-pal-%c2%a7-hazeri-es-galfalvi\/","title":{"rendered":"G\u00c1LFALVI P\u00e1l, \u00a7 haz\u00e9ri \u00e9s g\u00e1lfalvi"},"content":{"rendered":"<p>1896, \u2020 Makfalva, 1949. dec. 15.: k\u00e1ntortan\u00edt\u00f3, ref. igazgat\u00f3-tan\u00edt\u00f3. \u2013 Nagyapja Bem hadsereg\u00e9ben husz\u00e1rtiszt volt. Feles\u00e9ge: 1. orosz sz\u00e1rmaz\u00e1s\u00fa, Lutsenk\u00f3 Darja. Fiaik: P\u00e1l, szov\u00e1tai tan\u00edt\u00f3, Artur mv.-i tan\u00e1r. \u2013 R\u00e9szt vett az I. vh.-ban (1914\u201315), a mv.-i 22. gy. e. -hez \u00f6nk\u00e9ntesen jelentkezett mint nagyenyedi di\u00e1k (1914), az orosz fronton harcolt, fogs\u00e1gba esett (1915. m\u00e1rc. 22. \u2013). Hadapr\u00f3dk\u00e9nt szerelt le kit\u00fcntet\u00e9sekkel. Makfalv\u00e1n ref. igazgat\u00f3-tan\u00edt\u00f3 (1929. szept. 1. \u201344). N\u00e9gysz\u00f3lam\u00fa dal\u00e1rd\u00e1t vezetett. \u00cdfj\u00fas\u00e1gi Egyes\u00fcletet, gazdak\u00f6r k\u00f6nyvt\u00e1rat l\u00e9tes\u00edtett. A II. vh.-ban is a hat\u00e1r\u0151r\u00f6k vezet\u0151je lett. Kiker\u00fclt a frontra, orosz fogs\u00e1gba esett, betegen t\u00e9rt haza (1946). <br \/><strong>Irod.:<\/strong> Erd\u00e9lyi ezredek; Makfalvi okt. t\u00f6rt.<\/br><\/p>\n","protected":false},"excerpt":{"rendered":"<p>1896, \u2020 Makfalva, 1949. dec. 15.: k\u00e1ntortan\u00edt\u00f3, ref. igazgat\u00f3-tan\u00edt\u00f3. \u2013 Nagyapja Bem hadsereg\u00e9ben husz\u00e1rtiszt volt. Feles\u00e9ge: 1. orosz sz\u00e1rmaz\u00e1s\u00fa, Lutsenk\u00f3 Darja. Fiaik: P\u00e1l, szov\u00e1tai tan\u00edt\u00f3, Artur mv.-i tan\u00e1r. \u2013 R\u00e9szt vett az I. vh.-ban (1914\u201315), a mv.-i 22. gy. e. -hez \u00f6nk\u00e9ntesen jelentkezett mint nagyenyedi di\u00e1k (1914), az orosz fronton harcolt, fogs\u00e1gba esett (1915. m\u00e1rc. [&hellip;]<\/p>\n","protected":false},"featured_media":0,"comment_status":"open","ping_status":"closed","template":"","meta":[],"product_brand":[],"product_cat":[137],"product_tag":[],"class_list":{"0":"post-8582","1":"product","2":"type-product","3":"status-publish","5":"product_cat-maros-megyei-eletrajzi-lexikon","7":"first","8":"instock","9":"shipping-taxable","10":"product-type-simple"},"_links":{"self":[{"href":"https:\/\/uj.adatbank.ro\/lexikon\/wp-json\/wp\/v2\/product\/8582","targetHints":{"allow":["GET"]}}],"collection":[{"href":"https:\/\/uj.adatbank.ro\/lexikon\/wp-json\/wp\/v2\/product"}],"about":[{"href":"https:\/\/uj.adatbank.ro\/lexikon\/wp-json\/wp\/v2\/types\/product"}],"replies":[{"embeddable":true,"href":"https:\/\/uj.adatbank.ro\/lexikon\/wp-json\/wp\/v2\/comments?post=8582"}],"wp:attachment":[{"href":"https:\/\/uj.adatbank.ro\/lexikon\/wp-json\/wp\/v2\/media?parent=8582"}],"wp:term":[{"taxonomy":"product_brand","embeddable":true,"href":"https:\/\/uj.adatbank.ro\/lexikon\/wp-json\/wp\/v2\/product_brand?post=8582"},{"taxonomy":"product_cat","embeddable":true,"href":"https:\/\/uj.adatbank.ro\/lexikon\/wp-json\/wp\/v2\/product_cat?post=8582"},{"taxonomy":"product_tag","embeddable":true,"href":"https:\/\/uj.adatbank.ro\/lexikon\/wp-json\/wp\/v2\/product_tag?post=8582"}],"curies":[{"name":"wp","href":"https:\/\/api.w.org\/{rel}","templated":true}]}}

GÁLFALVI Pál, § hazéri és gálfalvi

<p>1896, † Makfalva, 1949. dec. 15.: kántortanító, ref. igazgató-tanító. – Nagyapja Bem hadseregében huszártiszt volt. Felesége: 1. orosz származású, Lutsenkó Darja. Fiaik: Pál, szovátai tanító, Artur mv.-i tanár. – Részt vett az I. vh.-ban (1914–15), a mv.-i 22. gy. e. -hez önkéntesen jelentkezett mint nagyenyedi diák (1914), az orosz fronton harcolt, fogságba esett (1915. márc. 22. –). Hadapródként szerelt le kitüntetésekkel. Makfalván ref. igazgató-tanító (1929. szept. 1. –44). Négyszólamú dalárdát vezetett. Ífjúsági Egyesületet, gazdakör könyvtárat létesített. A II. vh.-ban is a határőrök vezetője lett. Kikerült a frontra, orosz fogságba esett, betegen tért haza (1946). <br /><strong>Irod.:</strong> Erdélyi ezredek; Makfalvi okt. tört.</br></p>

<p>1896, † Makfalva, 1949. dec. 15.: kántortanító, ref. igazgató-tanító. – Nagyapja Bem hadseregében huszártiszt volt. Felesége: 1. orosz származású, Lutsenkó Darja. Fiaik: Pál, szovátai tanító, Artur mv.-i tanár. – Részt vett az I. vh.-ban (1914–15), a mv.-i 22. gy. e. -hez önkéntesen jelentkezett mint nagyenyedi diák (1914), az orosz fronton harcolt, fogságba esett (1915. márc. [&hellip;]</p>
