{"id":8587,"date":"2025-06-29T10:31:01","date_gmt":"2025-06-29T08:31:01","guid":{"rendered":"https:\/\/uj.adatbank.ro\/lexikon\/termek\/galfalvi-zsolt\/"},"modified":"2025-06-29T10:31:01","modified_gmt":"2025-06-29T08:31:01","slug":"galfalvi-zsolt","status":"publish","type":"product","link":"https:\/\/uj.adatbank.ro\/lexikon\/termek\/galfalvi-zsolt\/","title":{"rendered":"G\u00c1LFALVI Zsolt"},"content":{"rendered":"<p>Mv. 1933. nov. 30. \u2020Mv., 2021. j\u00fal. 28.; 30 temet\u00e9s. : \u00edr\u00f3, irodalomkritikus, f\u0151szerkeszt\u0151. \u2013 G. Gy\u00f6rgy-\u00fcgyv\u00e9d \u00e9s Margit fia. Feles\u00e9ge Erzs\u00e9bet, tan\u00e1r, logop\u00e9dus. -\u00fcgyv\u00e9d. Le\u00e1nyuk \u00c9va (1963), egyetemi docens. \u2013 A kv.-i Bolyai TE v\u00e9gzett (1955). Az \u00datunk (1951\u201355) \u00e9s az Igaz Sz\u00f3 (1956\u20131969) rovatvezet\u0151je., f\u0151szerkeszt\u0151-helyettese (1964). A mv.-i \u00c1llami Sz\u00ednh\u00e1z igazgat\u00f3ja (1967\u201369). F\u0151szerkeszt\u0151je az El\u0151re (1969\u20131970), a H\u00e9t (1970\u201371) lapoknak. A M\u0171vel\u0151d\u00e9s\u00fcgyi Miniszt\u00e9rium igazgat\u00f3ja (1971\u201375), majd a H\u00e9t munkat\u00e1rsa (1975\u20131990) \u00e9s f\u0151szerkeszt\u0151je (1990\u20132003). A Rom. Telev\u00edzi\u00f3 eln\u00f6ke (1998) \u00e9s az igazgat\u00f3tan\u00e1cs tagja nyugd\u00edjazos\u00e1g\u00e1ig (1998\u20132007). Eln\u00f6ke a rom\u00e1niai Magyar Pen Klubnak, tagja a rom\u00e1niai \u00e9s a magyar \u00cdr\u00f3sz\u00f6vets\u00e9gnek. \u2013 <strong>F. m.:<\/strong> \u00cdr\u00f3k, k\u00f6nyvek, vit\u00e1k (1958), Az \u00edr\u00e1s \u00e9rtelme (1978), Prospero sziget\u00e9n (1987). D\u00edjai: Szabad Sajt\u00f3-d\u00edj (Bp., 2002), Kacs\u00f3 S\u00e1ndor \u2013 d\u00edj (1998), Ez\u00fcstfeny\u0151-d\u00edj (2006)., Pro Cultura Hungarica (1993), a Magy. K\u00f6zt\u00e1rsas\u00e1gi \u00c9rdemrend Lovagkeresztje (1998); a Magy. K\u00f6zt\u00e1rsas\u00e1gi \u00c9rdemrend Tisztikeresztje (2009). Az RMDSZ ideiglenes int\u00e9z\u0151biz. tagja; Szet-tag; A Rom\u00e1n \u00cdr\u00f3sz\u00f6v. tagja; a v\u00e1lasztm\u00e1ny (1974\u20132005), az igazgat\u00f3b\u00edzotts\u00e1g tagja, a Rom. M-k\u00f6zpont eln\u00f6ke, a Magy. \u00edr\u00f3sz\u00f6v. \u00e9s a M\u0170RE tagja. A Magy. PEN \u2013k\u00f6zpont tiszteletbeli tagja. <br \/><strong>Irod.:<\/strong> EMKK 2010; Kelemen; Kort\u00e1rs M\u00cdKL; Mark\u00f3 B\u00e9la: B\u00facs\u00fa G\u00e1lfalvi Zsoldt\u00f3l (N\u00fa., 2021. aug. 3.)<\/br><\/p>\n","protected":false},"excerpt":{"rendered":"<p>Mv. 1933. nov. 30. \u2020Mv., 2021. j\u00fal. 28.; 30 temet\u00e9s. : \u00edr\u00f3, irodalomkritikus, f\u0151szerkeszt\u0151. \u2013 G. Gy\u00f6rgy-\u00fcgyv\u00e9d \u00e9s Margit fia. Feles\u00e9ge Erzs\u00e9bet, tan\u00e1r, logop\u00e9dus. -\u00fcgyv\u00e9d. Le\u00e1nyuk \u00c9va (1963), egyetemi docens. \u2013 A kv.-i Bolyai TE v\u00e9gzett (1955). Az \u00datunk (1951\u201355) \u00e9s az Igaz Sz\u00f3 (1956\u20131969) rovatvezet\u0151je., f\u0151szerkeszt\u0151-helyettese (1964). A mv.-i \u00c1llami Sz\u00ednh\u00e1z igazgat\u00f3ja (1967\u201369). F\u0151szerkeszt\u0151je [&hellip;]<\/p>\n","protected":false},"featured_media":0,"comment_status":"open","ping_status":"closed","template":"","meta":[],"product_brand":[],"product_cat":[137],"product_tag":[],"class_list":{"0":"post-8587","1":"product","2":"type-product","3":"status-publish","5":"product_cat-maros-megyei-eletrajzi-lexikon","7":"first","8":"instock","9":"shipping-taxable","10":"product-type-simple"},"_links":{"self":[{"href":"https:\/\/uj.adatbank.ro\/lexikon\/wp-json\/wp\/v2\/product\/8587","targetHints":{"allow":["GET"]}}],"collection":[{"href":"https:\/\/uj.adatbank.ro\/lexikon\/wp-json\/wp\/v2\/product"}],"about":[{"href":"https:\/\/uj.adatbank.ro\/lexikon\/wp-json\/wp\/v2\/types\/product"}],"replies":[{"embeddable":true,"href":"https:\/\/uj.adatbank.ro\/lexikon\/wp-json\/wp\/v2\/comments?post=8587"}],"wp:attachment":[{"href":"https:\/\/uj.adatbank.ro\/lexikon\/wp-json\/wp\/v2\/media?parent=8587"}],"wp:term":[{"taxonomy":"product_brand","embeddable":true,"href":"https:\/\/uj.adatbank.ro\/lexikon\/wp-json\/wp\/v2\/product_brand?post=8587"},{"taxonomy":"product_cat","embeddable":true,"href":"https:\/\/uj.adatbank.ro\/lexikon\/wp-json\/wp\/v2\/product_cat?post=8587"},{"taxonomy":"product_tag","embeddable":true,"href":"https:\/\/uj.adatbank.ro\/lexikon\/wp-json\/wp\/v2\/product_tag?post=8587"}],"curies":[{"name":"wp","href":"https:\/\/api.w.org\/{rel}","templated":true}]}}