{"id":8588,"date":"2025-06-29T10:31:02","date_gmt":"2025-06-29T08:31:02","guid":{"rendered":"https:\/\/uj.adatbank.ro\/lexikon\/termek\/galfalvy-emilia-szabo-emilia-galfalvy-zsoltne\/"},"modified":"2025-06-29T10:31:02","modified_gmt":"2025-06-29T08:31:02","slug":"galfalvy-emilia-szabo-emilia-galfalvy-zsoltne","status":"publish","type":"product","link":"https:\/\/uj.adatbank.ro\/lexikon\/termek\/galfalvy-emilia-szabo-emilia-galfalvy-zsoltne\/","title":{"rendered":"G\u00c1LFALVY Emilia, Szab\u00f3 Emilia, G\u00e1lfalvy Zsoltn\u00e9"},"content":{"rendered":"<p>Nagyv\u00e1rad, 1937, \u2020\u00a0Mv., 1982. m\u00e1rc. 28.: gy\u00f3gyszer\u00e9sz. \u2013 F\u00e9rje: G\u00e1lfalvy Zsolt. Le\u00e1nyuk: \u00c9va. \u2013 Nagyv\u00e1radon \u00e9retts\u00e9gizett (1954), Mv.-en a MOGYI-n szerzett gy\u00f3gyszer\u00e9sz oklevelet (1960). Gy\u00f3gyszert\u00e1ri gyakorlat ut\u00e1n a MOGYI-n egyetemi tan\u00e1rseg\u00e9d az analitikai k\u00e9mia tansz\u00e9ken (1963\u201380). A mv.-i 1. sz. gy\u00f3gyszert\u00e1rban f\u0151gy\u00f3gyszer\u00e9sz korai hal\u00e1l\u00e1ig. <br \/><strong>Irod.:<\/strong> Facultatea de Farmacie; Genersich; Mv.-i Gy\u00f3gyszer\u00e9szeti Kar; [Nekrol\u00f3g] (V. Z., 1982. m\u00e1rc. 30.); P\u00e9ter H. M.<\/br><\/p>\n","protected":false},"excerpt":{"rendered":"<p>Nagyv\u00e1rad, 1937, \u2020\u00a0Mv., 1982. m\u00e1rc. 28.: gy\u00f3gyszer\u00e9sz. \u2013 F\u00e9rje: G\u00e1lfalvy Zsolt. Le\u00e1nyuk: \u00c9va. \u2013 Nagyv\u00e1radon \u00e9retts\u00e9gizett (1954), Mv.-en a MOGYI-n szerzett gy\u00f3gyszer\u00e9sz oklevelet (1960). Gy\u00f3gyszert\u00e1ri gyakorlat ut\u00e1n a MOGYI-n egyetemi tan\u00e1rseg\u00e9d az analitikai k\u00e9mia tansz\u00e9ken (1963\u201380). A mv.-i 1. sz. gy\u00f3gyszert\u00e1rban f\u0151gy\u00f3gyszer\u00e9sz korai hal\u00e1l\u00e1ig. Irod.: Facultatea de Farmacie; Genersich; Mv.-i Gy\u00f3gyszer\u00e9szeti Kar; [Nekrol\u00f3g] (V. Z., [&hellip;]<\/p>\n","protected":false},"featured_media":0,"comment_status":"open","ping_status":"closed","template":"","meta":[],"product_brand":[],"product_cat":[137],"product_tag":[],"class_list":{"0":"post-8588","1":"product","2":"type-product","3":"status-publish","5":"product_cat-maros-megyei-eletrajzi-lexikon","7":"first","8":"instock","9":"shipping-taxable","10":"product-type-simple"},"_links":{"self":[{"href":"https:\/\/uj.adatbank.ro\/lexikon\/wp-json\/wp\/v2\/product\/8588","targetHints":{"allow":["GET"]}}],"collection":[{"href":"https:\/\/uj.adatbank.ro\/lexikon\/wp-json\/wp\/v2\/product"}],"about":[{"href":"https:\/\/uj.adatbank.ro\/lexikon\/wp-json\/wp\/v2\/types\/product"}],"replies":[{"embeddable":true,"href":"https:\/\/uj.adatbank.ro\/lexikon\/wp-json\/wp\/v2\/comments?post=8588"}],"wp:attachment":[{"href":"https:\/\/uj.adatbank.ro\/lexikon\/wp-json\/wp\/v2\/media?parent=8588"}],"wp:term":[{"taxonomy":"product_brand","embeddable":true,"href":"https:\/\/uj.adatbank.ro\/lexikon\/wp-json\/wp\/v2\/product_brand?post=8588"},{"taxonomy":"product_cat","embeddable":true,"href":"https:\/\/uj.adatbank.ro\/lexikon\/wp-json\/wp\/v2\/product_cat?post=8588"},{"taxonomy":"product_tag","embeddable":true,"href":"https:\/\/uj.adatbank.ro\/lexikon\/wp-json\/wp\/v2\/product_tag?post=8588"}],"curies":[{"name":"wp","href":"https:\/\/api.w.org\/{rel}","templated":true}]}}

GÁLFALVY Emilia, Szabó Emilia, Gálfalvy Zsoltné

<p>Nagyvárad, 1937, † Mv., 1982. márc. 28.: gyógyszerész. – Férje: Gálfalvy Zsolt. Leányuk: Éva. – Nagyváradon érettségizett (1954), Mv.-en a MOGYI-n szerzett gyógyszerész oklevelet (1960). Gyógyszertári gyakorlat után a MOGYI-n egyetemi tanársegéd az analitikai kémia tanszéken (1963–80). A mv.-i 1. sz. gyógyszertárban főgyógyszerész korai haláláig. <br /><strong>Irod.:</strong> Facultatea de Farmacie; Genersich; Mv.-i Gyógyszerészeti Kar; [Nekrológ] (V. Z., 1982. márc. 30.); Péter H. M.</br></p>

<p>Nagyvárad, 1937, † Mv., 1982. márc. 28.: gyógyszerész. – Férje: Gálfalvy Zsolt. Leányuk: Éva. – Nagyváradon érettségizett (1954), Mv.-en a MOGYI-n szerzett gyógyszerész oklevelet (1960). Gyógyszertári gyakorlat után a MOGYI-n egyetemi tanársegéd az analitikai kémia tanszéken (1963–80). A mv.-i 1. sz. gyógyszertárban főgyógyszerész korai haláláig. Irod.: Facultatea de Farmacie; Genersich; Mv.-i Gyógyszerészeti Kar; [Nekrológ] (V. Z., [&hellip;]</p>
