{"id":8591,"date":"2025-06-29T10:31:06","date_gmt":"2025-06-29T08:31:06","guid":{"rendered":"https:\/\/uj.adatbank.ro\/lexikon\/termek\/galfalvy-janos-boloni\/"},"modified":"2025-06-29T10:31:06","modified_gmt":"2025-06-29T08:31:06","slug":"galfalvy-janos-boloni","status":"publish","type":"product","link":"https:\/\/uj.adatbank.ro\/lexikon\/termek\/galfalvy-janos-boloni\/","title":{"rendered":"G\u00c1LFALVY J\u00e1nos, b\u00f6l\u00f6ni"},"content":{"rendered":"<p>Mez\u0151b\u00e1nd, 1884., \u2020\u00a0? : tan\u00edt\u00f3, igazgat\u00f3. \u2013 A 17. sz\u00e1zadban kapta a csal\u00e1d a nemess\u00e9get. Sz\u00e9kelykereszt\u00faron v\u00e9gezte a tan\u00edt\u00f3k\u00e9pz\u0151t, ahol oklevelet szerzett (1905). Mez\u0151b\u00e1ndon kezdte p\u00e1ly\u00e1j\u00e1t, 5 \u00e9vig Marosh\u00e9v\u00edzen tan\u00edtott, majd \u00fajb\u00f3l Mez\u0151b\u00e1ndra ker\u00fclt, ahol igazgat\u00f3 lett (1940\u2013) a h\u00e9t taner\u0151s iskol\u00e1ban. R\u00e9szt vett az els\u0151 vh.-ban, a 12. gy. ezredben az olasz fronton harcolt, megsebes\u00fclt, hadnagyi rangban szerelt le, kit\u00fcntett\u00e9k a K\u00e1roly Csapatkereszttel, a h\u00e1bor\u00fa eml\u00e9k\u00e9rem, osztr\u00e1k \u00e9s bolg\u00e1r eml\u00e9k\u00e9remmel. <strong>Cikke:<\/strong> Sz\u00e9kely Tan\u00fcgy-ben (1912). <br \/><strong>Irod.:<\/strong> Guly\u00e1s; Sz\u00e9kelyf\u00f6ld \u00ed. k<\/br><\/p>\n","protected":false},"excerpt":{"rendered":"<p>Mez\u0151b\u00e1nd, 1884., \u2020\u00a0? : tan\u00edt\u00f3, igazgat\u00f3. \u2013 A 17. sz\u00e1zadban kapta a csal\u00e1d a nemess\u00e9get. Sz\u00e9kelykereszt\u00faron v\u00e9gezte a tan\u00edt\u00f3k\u00e9pz\u0151t, ahol oklevelet szerzett (1905). Mez\u0151b\u00e1ndon kezdte p\u00e1ly\u00e1j\u00e1t, 5 \u00e9vig Marosh\u00e9v\u00edzen tan\u00edtott, majd \u00fajb\u00f3l Mez\u0151b\u00e1ndra ker\u00fclt, ahol igazgat\u00f3 lett (1940\u2013) a h\u00e9t taner\u0151s iskol\u00e1ban. R\u00e9szt vett az els\u0151 vh.-ban, a 12. gy. ezredben az olasz fronton harcolt, [&hellip;]<\/p>\n","protected":false},"featured_media":0,"comment_status":"open","ping_status":"closed","template":"","meta":[],"product_brand":[],"product_cat":[137],"product_tag":[],"class_list":{"0":"post-8591","1":"product","2":"type-product","3":"status-publish","5":"product_cat-maros-megyei-eletrajzi-lexikon","7":"first","8":"instock","9":"shipping-taxable","10":"product-type-simple"},"_links":{"self":[{"href":"https:\/\/uj.adatbank.ro\/lexikon\/wp-json\/wp\/v2\/product\/8591","targetHints":{"allow":["GET"]}}],"collection":[{"href":"https:\/\/uj.adatbank.ro\/lexikon\/wp-json\/wp\/v2\/product"}],"about":[{"href":"https:\/\/uj.adatbank.ro\/lexikon\/wp-json\/wp\/v2\/types\/product"}],"replies":[{"embeddable":true,"href":"https:\/\/uj.adatbank.ro\/lexikon\/wp-json\/wp\/v2\/comments?post=8591"}],"wp:attachment":[{"href":"https:\/\/uj.adatbank.ro\/lexikon\/wp-json\/wp\/v2\/media?parent=8591"}],"wp:term":[{"taxonomy":"product_brand","embeddable":true,"href":"https:\/\/uj.adatbank.ro\/lexikon\/wp-json\/wp\/v2\/product_brand?post=8591"},{"taxonomy":"product_cat","embeddable":true,"href":"https:\/\/uj.adatbank.ro\/lexikon\/wp-json\/wp\/v2\/product_cat?post=8591"},{"taxonomy":"product_tag","embeddable":true,"href":"https:\/\/uj.adatbank.ro\/lexikon\/wp-json\/wp\/v2\/product_tag?post=8591"}],"curies":[{"name":"wp","href":"https:\/\/api.w.org\/{rel}","templated":true}]}}

GÁLFALVY János, bölöni

<p>Mezőbánd, 1884., † ? : tanító, igazgató. – A 17. században kapta a család a nemességet. Székelykeresztúron végezte a tanítóképzőt, ahol oklevelet szerzett (1905). Mezőbándon kezdte pályáját, 5 évig Maroshévízen tanított, majd újból Mezőbándra került, ahol igazgató lett (1940–) a hét tanerős iskolában. Részt vett az első vh.-ban, a 12. gy. ezredben az olasz fronton harcolt, megsebesült, hadnagyi rangban szerelt le, kitüntették a Károly Csapatkereszttel, a háború emlékérem, osztrák és bolgár emlékéremmel. <strong>Cikke:</strong> Székely Tanügy-ben (1912). <br /><strong>Irod.:</strong> Gulyás; Székelyföld í. k</br></p>

<p>Mezőbánd, 1884., † ? : tanító, igazgató. – A 17. században kapta a család a nemességet. Székelykeresztúron végezte a tanítóképzőt, ahol oklevelet szerzett (1905). Mezőbándon kezdte pályáját, 5 évig Maroshévízen tanított, majd újból Mezőbándra került, ahol igazgató lett (1940–) a hét tanerős iskolában. Részt vett az első vh.-ban, a 12. gy. ezredben az olasz fronton harcolt, [&hellip;]</p>
