{"id":8596,"date":"2025-06-29T10:31:16","date_gmt":"2025-06-29T08:31:16","guid":{"rendered":"https:\/\/uj.adatbank.ro\/lexikon\/termek\/galffy-mihaly-martonosi-kocsardi-galfi-mihaly\/"},"modified":"2025-06-29T10:31:16","modified_gmt":"2025-06-29T08:31:16","slug":"galffy-mihaly-martonosi-kocsardi-galfi-mihaly","status":"publish","type":"product","link":"https:\/\/uj.adatbank.ro\/lexikon\/termek\/galffy-mihaly-martonosi-kocsardi-galfi-mihaly\/","title":{"rendered":"G\u00c1LFFY Mih\u00e1ly, martonosi, kocs\u00e1rdi; G\u00e1lfi Mih\u00e1ly"},"content":{"rendered":"<p>Firtosmartonos, 1816. febr. 22., \u2020\u00a0Mv., 1854. m\u00e1rc. 10.: \u00fcgyv\u00e9d, szolgab\u00edr\u00f3, tan\u00e1r. \u2013 Lehetnek a sz\u00fclei: G\u00e1lfi Mih\u00e1ly \u00e9s J\u00e1nosi M\u00e1ria (1788.? \u2013 Demeterfalva, 1883. szept. 13.) \u2013 Elemi iskol\u00e1it sz\u00fcl\u0151faluj\u00e1ban, a gimn. -ot Sz\u00e9kelykereszt\u00faron, jogi tanulm\u00e1nyait Kv.-on v\u00e9gezte. Az alma mater\u00e9ben rendezett, nagyszab\u00e1s\u00fa v\u00edv\u00f3versenyen (1843), mindenkit, m\u00e9g k\u00e9t v\u00edv\u00f3mestert is maga m\u00f6g\u00e9 utas\u00edtva gy\u0151zedelmeskedett. El\u0151bb Sz\u00e9kelykereszt\u00far szolgab\u00edr\u00f3ja, majd \u00fcgyv\u00e9di irod\u00e1t nyitott Mv.-en (1848). A mv.-i Ref. Koll. tan\u00e1ra; r\u00e9szt vett a Makk-f\u00e9le \u00f6sszeesk\u00fcv\u00e9sben, elfogt\u00e1k (1852), a nagyszebeni cs. kir. hadi t\u00f6rv\u00e9nysz\u00e9k hal\u00e1lra it\u00e9lte (1853. okt. 11.), mint fels\u00e9g\u00e1rul\u00f3t a mv. \u2013 i Postar\u00e9ten v\u00e9gezt\u00e9k ki (1854. m\u00e1rc. 10). Kiv\u00e9gz\u00e9s\u00fck hely\u00e9n eml\u00e9km\u0171vet, Sz\u00e9kely V\u00e9rtanuk obeliszkj\u00e9t \u00e1ll\u00edtott\u00e1k az \u0151 \u00e9s v\u00e9rtan\u00fat\u00e1rsai T\u00f6r\u00f6k J\u00e1nos \u00e9s Horv\u00e1th K\u00e1roly s\u00edrja f\u00f6l\u00e9 (1874), Aradi Zsigmond szobr\u00e1szm\u0171v\u00e9sz alkot\u00e1s\u00e1t, \u201eA\u201d kateg\u00f3ri\u00e1ba tartoz\u00f3 m\u0171eml\u00e9k. Mv.-en utca viseli a nev\u00e9t (2010\u2013). <br \/><strong>Irod.:<\/strong> Bak\u00f3 L\u00e1szl\u00f3: Szent hely ez, \u00f3 v\u00e1ndor\u00a0! (Erd\u00e9lyi Napl\u00f3, 10. sz., 2004. m\u00e1rc. 9.); Bak\u00f3 Zolt\u00e1n: Kiv\u00e9gz\u00e9s a Postar\u00e9ten, 154 \u00e9vvel ezel\u0151tt (V\u00e1s\u00e1rhelyi H\u00edrlap, 2008. febr. 29.); Berzeviczy Albert: Az abszolutizmus kora Mo.-on (Bp., 1922\u201337); Bir\u00f3 Mih\u00e1ly: \u00d6nv\u00e9delem (Mv., 1870); B\u00f6z\u00f6di Gy\u00f6rgy: \u00c9let\u00fcket adt\u00e1k a szabads\u00e1g\u00e9rt (\u00daj \u00c9let, 5. sz., 1979); Csekme; Erd\u00e9lyi unit. 1848\u201349; Fodor\u2013Bal\u00e1s; Fodor S\u00e1ndor: A Sz\u00e9kely v\u00e1rtanuk eml\u00e9koszlop\u00e1n l\u00e9v\u0151 m\u00e1rv\u00e1nyt\u00e1bla felirata (N\u00fa., Sz\u00ednes Vil\u00e1g, 2008. okt. 4.); Ga\u00e1l Korn\u00e9lia: Eml\u00e9km\u0171 a hajdani Postar\u00e9ten (\u00daj \u00c9let, 5. sz., 1979); Gy\u00e1szjelent\u0151; H\u00f6ke Lajos: Mo. \u00fajabbkori t\u00f6rt\u00e9nelme 1815\u201392 (Nagybecskerek, 1893); Id\u0151t\u00e1r 2; Kaczi\u00e1ny G\u00e9za: Magyar v\u00e9rtan\u00fak k\u00f6nyve (Bp., 1905); K\u0151v\u00e1ry L\u00e1szl\u00f3 1899; Moln\u00e1r Vilmos: Vae Victis (Sz\u00e9kelyf\u00f6ld, 3. sz., 1998); Mv. -Bal\u00e1s; P\u00e1lffy; P\u00e1lmay J.; P\u00e1lmay J\u00f3zsef; RNL; Sebess D\u00e9nes : K\u00e9t Mo. (Bp., s. a.); Sz\u00e9kely v\u00e9rtanuk 1854 (szerk. K\u00e1rolyi D\u00e9nes; Buk., 1975.); Transilvania 1848\u201349; Thury, \u00dcrm\u00f6ssy Lajos: Tizenh\u00e9t \u00e9v Erd\u00e9ly t\u00f6rt\u00e9net\u00e9b\u0151l 1849\u20131866 (Temesv\u00e1r, 1894); Valori mure\u015fene de patrimoniu; V\u00e9csey Zolt\u00e1n: A balav\u00e1s\u00e1ri sz\u00fcret (Bp., 1941; 2. kiad. el\u0151sz\u00f3: Sebesty\u00e9n Mih\u00e1ly; Mv., 2001)<\/br><\/p>\n","protected":false},"excerpt":{"rendered":"<p>Firtosmartonos, 1816. febr. 22., \u2020\u00a0Mv., 1854. m\u00e1rc. 10.: \u00fcgyv\u00e9d, szolgab\u00edr\u00f3, tan\u00e1r. \u2013 Lehetnek a sz\u00fclei: G\u00e1lfi Mih\u00e1ly \u00e9s J\u00e1nosi M\u00e1ria (1788.? \u2013 Demeterfalva, 1883. szept. 13.) \u2013 Elemi iskol\u00e1it sz\u00fcl\u0151faluj\u00e1ban, a gimn. -ot Sz\u00e9kelykereszt\u00faron, jogi tanulm\u00e1nyait Kv.-on v\u00e9gezte. Az alma mater\u00e9ben rendezett, nagyszab\u00e1s\u00fa v\u00edv\u00f3versenyen (1843), mindenkit, m\u00e9g k\u00e9t v\u00edv\u00f3mestert is maga m\u00f6g\u00e9 utas\u00edtva gy\u0151zedelmeskedett. El\u0151bb [&hellip;]<\/p>\n","protected":false},"featured_media":0,"comment_status":"open","ping_status":"closed","template":"","meta":[],"product_brand":[],"product_cat":[137],"product_tag":[],"class_list":{"0":"post-8596","1":"product","2":"type-product","3":"status-publish","5":"product_cat-maros-megyei-eletrajzi-lexikon","7":"first","8":"instock","9":"shipping-taxable","10":"product-type-simple"},"_links":{"self":[{"href":"https:\/\/uj.adatbank.ro\/lexikon\/wp-json\/wp\/v2\/product\/8596","targetHints":{"allow":["GET"]}}],"collection":[{"href":"https:\/\/uj.adatbank.ro\/lexikon\/wp-json\/wp\/v2\/product"}],"about":[{"href":"https:\/\/uj.adatbank.ro\/lexikon\/wp-json\/wp\/v2\/types\/product"}],"replies":[{"embeddable":true,"href":"https:\/\/uj.adatbank.ro\/lexikon\/wp-json\/wp\/v2\/comments?post=8596"}],"wp:attachment":[{"href":"https:\/\/uj.adatbank.ro\/lexikon\/wp-json\/wp\/v2\/media?parent=8596"}],"wp:term":[{"taxonomy":"product_brand","embeddable":true,"href":"https:\/\/uj.adatbank.ro\/lexikon\/wp-json\/wp\/v2\/product_brand?post=8596"},{"taxonomy":"product_cat","embeddable":true,"href":"https:\/\/uj.adatbank.ro\/lexikon\/wp-json\/wp\/v2\/product_cat?post=8596"},{"taxonomy":"product_tag","embeddable":true,"href":"https:\/\/uj.adatbank.ro\/lexikon\/wp-json\/wp\/v2\/product_tag?post=8596"}],"curies":[{"name":"wp","href":"https:\/\/api.w.org\/{rel}","templated":true}]}}

GÁLFFY Mihály, martonosi, kocsárdi; Gálfi Mihály

<p>Firtosmartonos, 1816. febr. 22., † Mv., 1854. márc. 10.: ügyvéd, szolgabíró, tanár. – Lehetnek a szülei: Gálfi Mihály és Jánosi Mária (1788.? – Demeterfalva, 1883. szept. 13.) – Elemi iskoláit szülőfalujában, a gimn. -ot Székelykeresztúron, jogi tanulmányait Kv.-on végezte. Az alma materében rendezett, nagyszabású vívóversenyen (1843), mindenkit, még két vívómestert is maga mögé utasítva győzedelmeskedett. Előbb Székelykeresztúr szolgabírója, majd ügyvédi irodát nyitott Mv.-en (1848). A mv.-i Ref. Koll. tanára; részt vett a Makk-féle összeesküvésben, elfogták (1852), a nagyszebeni cs. kir. hadi törvényszék halálra itélte (1853. okt. 11.), mint felségárulót a mv. – i Postaréten végezték ki (1854. márc. 10). Kivégzésük helyén emlékművet, Székely Vértanuk obeliszkjét állították az ő és vértanútársai Török János és Horváth Károly sírja fölé (1874), Aradi Zsigmond szobrászművész alkotását, „A” kategóriába tartozó műemlék. Mv.-en utca viseli a nevét (2010–). <br /><strong>Irod.:</strong> Bakó László: Szent hely ez, ó vándor ! (Erdélyi Napló, 10. sz., 2004. márc. 9.); Bakó Zoltán: Kivégzés a Postaréten, 154 évvel ezelőtt (Vásárhelyi Hírlap, 2008. febr. 29.); Berzeviczy Albert: Az abszolutizmus kora Mo.-on (Bp., 1922–37); Biró Mihály: Önvédelem (Mv., 1870); Bözödi György: Életüket adták a szabadságért (Új Élet, 5. sz., 1979); Csekme; Erdélyi unit. 1848–49; Fodor–Balás; Fodor Sándor: A Székely vártanuk emlékoszlopán lévő márványtábla felirata (Nú., Színes Világ, 2008. okt. 4.); Gaál Kornélia: Emlékmű a hajdani Postaréten (Új Élet, 5. sz., 1979); Gyászjelentő; Höke Lajos: Mo. újabbkori történelme 1815–92 (Nagybecskerek, 1893); Időtár 2; Kacziány Géza: Magyar vértanúk könyve (Bp., 1905); Kőváry László 1899; Molnár Vilmos: Vae Victis (Székelyföld, 3. sz., 1998); Mv. -Balás; Pálffy; Pálmay J.; Pálmay József; RNL; Sebess Dénes : Két Mo. (Bp., s. a.); Székely vértanuk 1854 (szerk. Károlyi Dénes; Buk., 1975.); Transilvania 1848–49; Thury, Ürmössy Lajos: Tizenhét év Erdély történetéből 1849–1866 (Temesvár, 1894); Valori mureşene de patrimoniu; Vécsey Zoltán: A balavásári szüret (Bp., 1941; 2. kiad. előszó: Sebestyén Mihály; Mv., 2001)</br></p>

<p>Firtosmartonos, 1816. febr. 22., † Mv., 1854. márc. 10.: ügyvéd, szolgabíró, tanár. – Lehetnek a szülei: Gálfi Mihály és Jánosi Mária (1788.? – Demeterfalva, 1883. szept. 13.) – Elemi iskoláit szülőfalujában, a gimn. -ot Székelykeresztúron, jogi tanulmányait Kv.-on végezte. Az alma materében rendezett, nagyszabású vívóversenyen (1843), mindenkit, még két vívómestert is maga mögé utasítva győzedelmeskedett. Előbb [&hellip;]</p>
