{"id":8600,"date":"2025-06-29T10:31:24","date_gmt":"2025-06-29T08:31:24","guid":{"rendered":"https:\/\/uj.adatbank.ro\/lexikon\/termek\/galffy-zoltan-%c2%a7-martonosi\/"},"modified":"2025-06-29T10:31:24","modified_gmt":"2025-06-29T08:31:24","slug":"galffy-zoltan-%c2%a7-martonosi","status":"publish","type":"product","link":"https:\/\/uj.adatbank.ro\/lexikon\/termek\/galffy-zoltan-%c2%a7-martonosi\/","title":{"rendered":"G\u00c1LFFY Zolt\u00e1n, \u00a7 martonosi"},"content":{"rendered":"<p>Szentegyh\u00e1zasfalu, 1898, \u2020\u00a0? : \u00fcgyv\u00e9d. \u2013 Tanulm\u00e1nyait Sz\u00e9kelykereszt\u00faron az unit. f\u0151gimn.-ban v\u00e9gezte, majd az I. vh.-ban a 82. sz\u00e9kely hadoszt\u00e1ly k\u00f6tel\u00e9k\u00e9ben a rom\u00e1n \u00e9s az olasz fronton harcolt, k\u00e9tszer sebes\u00fclt. Hadnagyi rangban szerelt le, a II. ez\u00fcst vit. \u00e9., a seb. \u00e9. \u00e9s a K\u00e1roly Csapatkereszt kit\u00fcntet\u00e9ssel. Leszerel\u00e9se ut\u00e1n Kv.-on v\u00e9gezte az egyetemet, majd \u00fcgyv\u00e9di vizsg\u00e1t tett. Sz\u00e9kelykereszt\u00faron (\u20131935), azut\u00e1n Erd\u0151szentgy\u00f6rgy\u00f6n \u00fcgyv\u00e9d. Az unit. ifj\u00fas\u00e1gi egyes\u00fclet eln\u00f6ke, a sz\u00e9kelykereszt\u00fari \u00dari Kaszin\u00f3 jogtan\u00e1csosa, az Atl\u00e9tikai Klubb titk\u00e1ra, a M\u0171kedvel\u0151 K\u00f6r tagja, az Unit. F\u0151tan\u00e1cs \u00f6r\u00f6k\u00f6s tagja, a Sz\u00e9kelykereszt\u0171ri Unit. F\u0151gimn. \u00e9s a T\u00e9li Gazdas\u00e1gi Iskola fel\u00fcgyel\u0151 gondnoka volt. <br \/><strong>Irod.:<\/strong> Erd\u00e9lyi ezredek; Sz\u00e9kelyf\u00f6ld \u00ed. k.<\/br><\/p>\n","protected":false},"excerpt":{"rendered":"<p>Szentegyh\u00e1zasfalu, 1898, \u2020\u00a0? : \u00fcgyv\u00e9d. \u2013 Tanulm\u00e1nyait Sz\u00e9kelykereszt\u00faron az unit. f\u0151gimn.-ban v\u00e9gezte, majd az I. vh.-ban a 82. sz\u00e9kely hadoszt\u00e1ly k\u00f6tel\u00e9k\u00e9ben a rom\u00e1n \u00e9s az olasz fronton harcolt, k\u00e9tszer sebes\u00fclt. Hadnagyi rangban szerelt le, a II. ez\u00fcst vit. \u00e9., a seb. \u00e9. \u00e9s a K\u00e1roly Csapatkereszt kit\u00fcntet\u00e9ssel. Leszerel\u00e9se ut\u00e1n Kv.-on v\u00e9gezte az egyetemet, majd \u00fcgyv\u00e9di [&hellip;]<\/p>\n","protected":false},"featured_media":0,"comment_status":"open","ping_status":"closed","template":"","meta":[],"product_brand":[],"product_cat":[137],"product_tag":[],"class_list":{"0":"post-8600","1":"product","2":"type-product","3":"status-publish","5":"product_cat-maros-megyei-eletrajzi-lexikon","7":"first","8":"instock","9":"shipping-taxable","10":"product-type-simple"},"_links":{"self":[{"href":"https:\/\/uj.adatbank.ro\/lexikon\/wp-json\/wp\/v2\/product\/8600","targetHints":{"allow":["GET"]}}],"collection":[{"href":"https:\/\/uj.adatbank.ro\/lexikon\/wp-json\/wp\/v2\/product"}],"about":[{"href":"https:\/\/uj.adatbank.ro\/lexikon\/wp-json\/wp\/v2\/types\/product"}],"replies":[{"embeddable":true,"href":"https:\/\/uj.adatbank.ro\/lexikon\/wp-json\/wp\/v2\/comments?post=8600"}],"wp:attachment":[{"href":"https:\/\/uj.adatbank.ro\/lexikon\/wp-json\/wp\/v2\/media?parent=8600"}],"wp:term":[{"taxonomy":"product_brand","embeddable":true,"href":"https:\/\/uj.adatbank.ro\/lexikon\/wp-json\/wp\/v2\/product_brand?post=8600"},{"taxonomy":"product_cat","embeddable":true,"href":"https:\/\/uj.adatbank.ro\/lexikon\/wp-json\/wp\/v2\/product_cat?post=8600"},{"taxonomy":"product_tag","embeddable":true,"href":"https:\/\/uj.adatbank.ro\/lexikon\/wp-json\/wp\/v2\/product_tag?post=8600"}],"curies":[{"name":"wp","href":"https:\/\/api.w.org\/{rel}","templated":true}]}}

GÁLFFY Zoltán, § martonosi

<p>Szentegyházasfalu, 1898, † ? : ügyvéd. – Tanulmányait Székelykeresztúron az unit. főgimn.-ban végezte, majd az I. vh.-ban a 82. székely hadosztály kötelékében a román és az olasz fronton harcolt, kétszer sebesült. Hadnagyi rangban szerelt le, a II. ezüst vit. é., a seb. é. és a Károly Csapatkereszt kitüntetéssel. Leszerelése után Kv.-on végezte az egyetemet, majd ügyvédi vizsgát tett. Székelykeresztúron (–1935), azután Erdőszentgyörgyön ügyvéd. Az unit. ifjúsági egyesület elnöke, a székelykeresztúri Úri Kaszinó jogtanácsosa, az Atlétikai Klubb titkára, a Műkedvelő Kör tagja, az Unit. Főtanács örökös tagja, a Székelykeresztűri Unit. Főgimn. és a Téli Gazdasági Iskola felügyelő gondnoka volt. <br /><strong>Irod.:</strong> Erdélyi ezredek; Székelyföld í. k.</br></p>

<p>Szentegyházasfalu, 1898, † ? : ügyvéd. – Tanulmányait Székelykeresztúron az unit. főgimn.-ban végezte, majd az I. vh.-ban a 82. székely hadosztály kötelékében a román és az olasz fronton harcolt, kétszer sebesült. Hadnagyi rangban szerelt le, a II. ezüst vit. é., a seb. é. és a Károly Csapatkereszt kitüntetéssel. Leszerelése után Kv.-on végezte az egyetemet, majd ügyvédi [&hellip;]</p>
