{"id":8601,"date":"2025-06-29T10:31:25","date_gmt":"2025-06-29T08:31:25","guid":{"rendered":"https:\/\/uj.adatbank.ro\/lexikon\/termek\/galfi-balazs\/"},"modified":"2025-06-29T10:31:25","modified_gmt":"2025-06-29T08:31:25","slug":"galfi-balazs","status":"publish","type":"product","link":"https:\/\/uj.adatbank.ro\/lexikon\/termek\/galfi-balazs\/","title":{"rendered":"G\u00c1LFI Bal\u00e1zs"},"content":{"rendered":"<p>Bergenye, 1930. \u00e1pr. 13., \u2020 Mv., 2006. jan. 20., : tan\u00e1r. \u2013 Mv.-en a Ref. Koll.-ban, Kv.-on a BTE mat. -fizika szak\u00e1n v\u00e9gzett (1952). Tek\u00e9ben, \u00c1kosfalv\u00e1n (1954\u20131958), Mv.-en az \u201eUnirea\u201d L\u00edc.-ban \u00e9s a Papiu L\u00edc.-ban tan\u00edtott. Minden tan\u00fcgyi fokozati vizsg\u00e1t letett. I. -es fokozati vizsg\u00e1j\u00e1nak dolgozata egy k\u00eds\u00e9rleti fizikai t\u00e9ma, a Schlieren hat\u00e1snak volt szentelve. A M. Pedag\u00f3gusok Sz\u00f6vets\u00e9ge \u201eEz\u00fcst Gy\u00f3p\u00e1r\u201d kit\u00fcntet\u00e9sben r\u00e9szes\u00edtette. T\u00f6bb tan\u00e1rt\u00e1rs\u00e1val al\u00e1\u00edr\u00e1sgy\u0171jt\u0151 mozgalmat ind\u00edtott \u00f6n\u00e1ll\u00f3 egyetem, tanfel\u00fcgyel\u0151s\u00e9g l\u00e9trehoz\u00e1s\u00e1\u00e9rt, m. igazgat\u00f3k kinevez\u00e9s\u00e9\u00e9rt (1990), de t\u00f6rekv\u00e9sei sikertelenek maradtak. Nyud\u00edjba vonult (1995). <br \/><strong>Irod.:<\/strong> Mez\u0151bergenye<\/br><\/p>\n","protected":false},"excerpt":{"rendered":"<p>Bergenye, 1930. \u00e1pr. 13., \u2020 Mv., 2006. jan. 20., : tan\u00e1r. \u2013 Mv.-en a Ref. Koll.-ban, Kv.-on a BTE mat. -fizika szak\u00e1n v\u00e9gzett (1952). Tek\u00e9ben, \u00c1kosfalv\u00e1n (1954\u20131958), Mv.-en az \u201eUnirea\u201d L\u00edc.-ban \u00e9s a Papiu L\u00edc.-ban tan\u00edtott. Minden tan\u00fcgyi fokozati vizsg\u00e1t letett. I. -es fokozati vizsg\u00e1j\u00e1nak dolgozata egy k\u00eds\u00e9rleti fizikai t\u00e9ma, a Schlieren hat\u00e1snak volt szentelve. [&hellip;]<\/p>\n","protected":false},"featured_media":0,"comment_status":"open","ping_status":"closed","template":"","meta":[],"product_brand":[],"product_cat":[137],"product_tag":[],"class_list":{"0":"post-8601","1":"product","2":"type-product","3":"status-publish","5":"product_cat-maros-megyei-eletrajzi-lexikon","7":"first","8":"instock","9":"shipping-taxable","10":"product-type-simple"},"_links":{"self":[{"href":"https:\/\/uj.adatbank.ro\/lexikon\/wp-json\/wp\/v2\/product\/8601","targetHints":{"allow":["GET"]}}],"collection":[{"href":"https:\/\/uj.adatbank.ro\/lexikon\/wp-json\/wp\/v2\/product"}],"about":[{"href":"https:\/\/uj.adatbank.ro\/lexikon\/wp-json\/wp\/v2\/types\/product"}],"replies":[{"embeddable":true,"href":"https:\/\/uj.adatbank.ro\/lexikon\/wp-json\/wp\/v2\/comments?post=8601"}],"wp:attachment":[{"href":"https:\/\/uj.adatbank.ro\/lexikon\/wp-json\/wp\/v2\/media?parent=8601"}],"wp:term":[{"taxonomy":"product_brand","embeddable":true,"href":"https:\/\/uj.adatbank.ro\/lexikon\/wp-json\/wp\/v2\/product_brand?post=8601"},{"taxonomy":"product_cat","embeddable":true,"href":"https:\/\/uj.adatbank.ro\/lexikon\/wp-json\/wp\/v2\/product_cat?post=8601"},{"taxonomy":"product_tag","embeddable":true,"href":"https:\/\/uj.adatbank.ro\/lexikon\/wp-json\/wp\/v2\/product_tag?post=8601"}],"curies":[{"name":"wp","href":"https:\/\/api.w.org\/{rel}","templated":true}]}}

GÁLFI Balázs

<p>Bergenye, 1930. ápr. 13., † Mv., 2006. jan. 20., : tanár. – Mv.-en a Ref. Koll.-ban, Kv.-on a BTE mat. -fizika szakán végzett (1952). Tekében, Ákosfalván (1954–1958), Mv.-en az „Unirea” Líc.-ban és a Papiu Líc.-ban tanított. Minden tanügyi fokozati vizsgát letett. I. -es fokozati vizsgájának dolgozata egy kísérleti fizikai téma, a Schlieren hatásnak volt szentelve. A M. Pedagógusok Szövetsége „Ezüst Gyópár” kitüntetésben részesítette. Több tanártársával aláírásgyűjtő mozgalmat indított önálló egyetem, tanfelügyelőség létrehozásáért, m. igazgatók kinevezéséért (1990), de törekvései sikertelenek maradtak. Nyudíjba vonult (1995). <br /><strong>Irod.:</strong> Mezőbergenye</br></p>

<p>Bergenye, 1930. ápr. 13., † Mv., 2006. jan. 20., : tanár. – Mv.-en a Ref. Koll.-ban, Kv.-on a BTE mat. -fizika szakán végzett (1952). Tekében, Ákosfalván (1954–1958), Mv.-en az „Unirea” Líc.-ban és a Papiu Líc.-ban tanított. Minden tanügyi fokozati vizsgát letett. I. -es fokozati vizsgájának dolgozata egy kísérleti fizikai téma, a Schlieren hatásnak volt szentelve. [&hellip;]</p>
