{"id":8610,"date":"2025-06-29T10:31:44","date_gmt":"2025-06-29T08:31:44","guid":{"rendered":"https:\/\/uj.adatbank.ro\/lexikon\/termek\/galfy-zoltan\/"},"modified":"2025-06-29T10:31:44","modified_gmt":"2025-06-29T08:31:44","slug":"galfy-zoltan","status":"publish","type":"product","link":"https:\/\/uj.adatbank.ro\/lexikon\/termek\/galfy-zoltan\/","title":{"rendered":"G\u00c1LFY Zolt\u00e1n"},"content":{"rendered":"<p>Mez\u0151b\u00e1nd, 1924. okt. 6., \u2020\u00a0?: ref. lelk\u00e9sz, tan\u00e1r. \u2013 Tanult: a mv.-i Ref. Koll-ban ahol \u00e9retts\u00e9gizett (1943), a kv.-i ref. teol\u00f3gi\u00e1n (1947), majd a BTE magyar nyelv \u00e9s irod. \u2013t\u00f6rt\u00e9nelem szak\u00e1n (1950) szerzett oklevelet, M\u00fcmsterben tanult tov\u00e1bb, doktor\u00e1lt (1974). A Kv.-i Ref. Teol\u00f3gi\u00e1n tev\u00e9kenykedett mint k\u00f6nyvt\u00e1ros, asszisztens, a protest\u00e1ns egyh\u00e1zt\u00f6rt\u00e9net el\u0151ad\u00f3tan\u00e1ra (1974\u2013), az egyetemes egyh\u00e1zt\u00f6rt\u00e9net professzora (1984\u2013). Szerkesztette az Ifj\u00fa Erd\u00e9ly (1944\u201345), Az Ifj\u00fa Erd\u00e9ly Napt\u00e1r (1945), a H\u0171s\u00e9g \u00e9s Szolg\u00e1lat (1987) c. eml\u00e9kk\u00f6nyvet; a Reform\u00e1tus Szemle f\u0151szer. -je (1984\u201390). <strong>Cikkei:<\/strong> Reform\u00e1tus Szeml\u00e9-ben. \u2013 <strong>F. m.:<\/strong> \u00c9let \u00e9s rem\u00e9nys\u00e9g (Nagyv\u00e1rad, 1989); Isten neve az \u00d3testamentumban (1993). <br \/><strong>Irod.:<\/strong> EMKK2010; KKACs; RMKK<\/br><\/p>\n","protected":false},"excerpt":{"rendered":"<p>Mez\u0151b\u00e1nd, 1924. okt. 6., \u2020\u00a0?: ref. lelk\u00e9sz, tan\u00e1r. \u2013 Tanult: a mv.-i Ref. Koll-ban ahol \u00e9retts\u00e9gizett (1943), a kv.-i ref. teol\u00f3gi\u00e1n (1947), majd a BTE magyar nyelv \u00e9s irod. \u2013t\u00f6rt\u00e9nelem szak\u00e1n (1950) szerzett oklevelet, M\u00fcmsterben tanult tov\u00e1bb, doktor\u00e1lt (1974). A Kv.-i Ref. Teol\u00f3gi\u00e1n tev\u00e9kenykedett mint k\u00f6nyvt\u00e1ros, asszisztens, a protest\u00e1ns egyh\u00e1zt\u00f6rt\u00e9net el\u0151ad\u00f3tan\u00e1ra (1974\u2013), az egyetemes egyh\u00e1zt\u00f6rt\u00e9net [&hellip;]<\/p>\n","protected":false},"featured_media":0,"comment_status":"open","ping_status":"closed","template":"","meta":[],"product_brand":[],"product_cat":[137],"product_tag":[],"class_list":{"0":"post-8610","1":"product","2":"type-product","3":"status-publish","5":"product_cat-maros-megyei-eletrajzi-lexikon","7":"first","8":"instock","9":"shipping-taxable","10":"product-type-simple"},"_links":{"self":[{"href":"https:\/\/uj.adatbank.ro\/lexikon\/wp-json\/wp\/v2\/product\/8610","targetHints":{"allow":["GET"]}}],"collection":[{"href":"https:\/\/uj.adatbank.ro\/lexikon\/wp-json\/wp\/v2\/product"}],"about":[{"href":"https:\/\/uj.adatbank.ro\/lexikon\/wp-json\/wp\/v2\/types\/product"}],"replies":[{"embeddable":true,"href":"https:\/\/uj.adatbank.ro\/lexikon\/wp-json\/wp\/v2\/comments?post=8610"}],"wp:attachment":[{"href":"https:\/\/uj.adatbank.ro\/lexikon\/wp-json\/wp\/v2\/media?parent=8610"}],"wp:term":[{"taxonomy":"product_brand","embeddable":true,"href":"https:\/\/uj.adatbank.ro\/lexikon\/wp-json\/wp\/v2\/product_brand?post=8610"},{"taxonomy":"product_cat","embeddable":true,"href":"https:\/\/uj.adatbank.ro\/lexikon\/wp-json\/wp\/v2\/product_cat?post=8610"},{"taxonomy":"product_tag","embeddable":true,"href":"https:\/\/uj.adatbank.ro\/lexikon\/wp-json\/wp\/v2\/product_tag?post=8610"}],"curies":[{"name":"wp","href":"https:\/\/api.w.org\/{rel}","templated":true}]}}

GÁLFY Zoltán

<p>Mezőbánd, 1924. okt. 6., † ?: ref. lelkész, tanár. – Tanult: a mv.-i Ref. Koll-ban ahol érettségizett (1943), a kv.-i ref. teológián (1947), majd a BTE magyar nyelv és irod. –történelem szakán (1950) szerzett oklevelet, Mümsterben tanult tovább, doktorált (1974). A Kv.-i Ref. Teológián tevékenykedett mint könyvtáros, asszisztens, a protestáns egyháztörténet előadótanára (1974–), az egyetemes egyháztörténet professzora (1984–). Szerkesztette az Ifjú Erdély (1944–45), Az Ifjú Erdély Naptár (1945), a Hűség és Szolgálat (1987) c. emlékkönyvet; a Református Szemle főszer. -je (1984–90). <strong>Cikkei:</strong> Református Szemlé-ben. – <strong>F. m.:</strong> Élet és reménység (Nagyvárad, 1989); Isten neve az Ótestamentumban (1993). <br /><strong>Irod.:</strong> EMKK2010; KKACs; RMKK</br></p>

<p>Mezőbánd, 1924. okt. 6., † ?: ref. lelkész, tanár. – Tanult: a mv.-i Ref. Koll-ban ahol érettségizett (1943), a kv.-i ref. teológián (1947), majd a BTE magyar nyelv és irod. –történelem szakán (1950) szerzett oklevelet, Mümsterben tanult tovább, doktorált (1974). A Kv.-i Ref. Teológián tevékenykedett mint könyvtáros, asszisztens, a protestáns egyháztörténet előadótanára (1974–), az egyetemes egyháztörténet [&hellip;]</p>
