{"id":8613,"date":"2025-06-29T10:31:49","date_gmt":"2025-06-29T08:31:49","guid":{"rendered":"https:\/\/uj.adatbank.ro\/lexikon\/termek\/galiga-sandor\/"},"modified":"2025-06-29T10:31:49","modified_gmt":"2025-06-29T08:31:49","slug":"galiga-sandor","status":"publish","type":"product","link":"https:\/\/uj.adatbank.ro\/lexikon\/termek\/galiga-sandor\/","title":{"rendered":"GALIGA S\u00e1ndor"},"content":{"rendered":"<p>? \u2020\u00a0?: gazd\u00e1lkod\u00f3 Mv. \u2013 A haditenger\u00e9szetn\u00e9l szolg\u00e1lt (1909\u201318). A mv.-i Els\u0151 Sz\u00e1nt\u00f3t\u00e1rsulat jegyz\u0151je (1928\u2013). <br \/><strong>Irod.:<\/strong> Visnai<\/br><\/p>\n","protected":false},"excerpt":{"rendered":"<p>? \u2020\u00a0?: gazd\u00e1lkod\u00f3 Mv. \u2013 A haditenger\u00e9szetn\u00e9l szolg\u00e1lt (1909\u201318). A mv.-i Els\u0151 Sz\u00e1nt\u00f3t\u00e1rsulat jegyz\u0151je (1928\u2013). Irod.: Visnai<\/p>\n","protected":false},"featured_media":0,"comment_status":"open","ping_status":"closed","template":"","meta":[],"product_brand":[],"product_cat":[137],"product_tag":[],"class_list":{"0":"post-8613","1":"product","2":"type-product","3":"status-publish","5":"product_cat-maros-megyei-eletrajzi-lexikon","7":"first","8":"instock","9":"shipping-taxable","10":"product-type-simple"},"_links":{"self":[{"href":"https:\/\/uj.adatbank.ro\/lexikon\/wp-json\/wp\/v2\/product\/8613","targetHints":{"allow":["GET"]}}],"collection":[{"href":"https:\/\/uj.adatbank.ro\/lexikon\/wp-json\/wp\/v2\/product"}],"about":[{"href":"https:\/\/uj.adatbank.ro\/lexikon\/wp-json\/wp\/v2\/types\/product"}],"replies":[{"embeddable":true,"href":"https:\/\/uj.adatbank.ro\/lexikon\/wp-json\/wp\/v2\/comments?post=8613"}],"wp:attachment":[{"href":"https:\/\/uj.adatbank.ro\/lexikon\/wp-json\/wp\/v2\/media?parent=8613"}],"wp:term":[{"taxonomy":"product_brand","embeddable":true,"href":"https:\/\/uj.adatbank.ro\/lexikon\/wp-json\/wp\/v2\/product_brand?post=8613"},{"taxonomy":"product_cat","embeddable":true,"href":"https:\/\/uj.adatbank.ro\/lexikon\/wp-json\/wp\/v2\/product_cat?post=8613"},{"taxonomy":"product_tag","embeddable":true,"href":"https:\/\/uj.adatbank.ro\/lexikon\/wp-json\/wp\/v2\/product_tag?post=8613"}],"curies":[{"name":"wp","href":"https:\/\/api.w.org\/{rel}","templated":true}]}}