{"id":8614,"date":"2025-06-29T10:31:52","date_gmt":"2025-06-29T08:31:52","guid":{"rendered":"https:\/\/uj.adatbank.ro\/lexikon\/termek\/galik-andras-%c2%a7-galik-andras-tuti\/"},"modified":"2025-06-29T10:31:52","modified_gmt":"2025-06-29T08:31:52","slug":"galik-andras-%c2%a7-galik-andras-tuti","status":"publish","type":"product","link":"https:\/\/uj.adatbank.ro\/lexikon\/termek\/galik-andras-%c2%a7-galik-andras-tuti\/","title":{"rendered":"G\u00c1LIK Andr\u00e1s, \u00a7 Galik Andr\u00e1s, Tuti"},"content":{"rendered":"<p>Brass\u00f3, 1918. nov. 12., \u2020 Mv., 1991. nov. 11.: \u00e1llatorvos. \u2013 Mv.-en a Ref. Koll.-ban \u00e9s Bp.-en az \u00c1llatorvosi Egyetemen v\u00e9gzett. Szov\u00e1t\u00e1n \u00e9s Mv.-en dolgozott (1945\u2013). A szekurit\u00e1t\u00e9 mint megjegyzett \u201enagy magyart\u201d id\u0151nk\u00e9nt letart\u00f3ztatta \u00e9s \u00edt\u00e9let n\u00e9lk\u00fcl hetekig fogva tartotta. Letart\u00f3ztatt\u00e1k, el\u00edt\u00e9lt\u00e9k Jilava foglya, elvitt\u00e9k a Duna-csatorn\u00e1hoz, ahol h\u00e9t \u00e9vig dolgoztatt\u00e1k \u00e9s k\u00ednozt\u00e1k (1951\u201357). <br \/><strong>Irod.:<\/strong> Akik im\u00e1dkoztak 2.; Ioni\u0163oiu 2; [Nekrol\u00f3g] (N\u00fa., 1991. nov. 12.)<\/br><\/p>\n","protected":false},"excerpt":{"rendered":"<p>Brass\u00f3, 1918. nov. 12., \u2020 Mv., 1991. nov. 11.: \u00e1llatorvos. \u2013 Mv.-en a Ref. Koll.-ban \u00e9s Bp.-en az \u00c1llatorvosi Egyetemen v\u00e9gzett. Szov\u00e1t\u00e1n \u00e9s Mv.-en dolgozott (1945\u2013). A szekurit\u00e1t\u00e9 mint megjegyzett \u201enagy magyart\u201d id\u0151nk\u00e9nt letart\u00f3ztatta \u00e9s \u00edt\u00e9let n\u00e9lk\u00fcl hetekig fogva tartotta. Letart\u00f3ztatt\u00e1k, el\u00edt\u00e9lt\u00e9k Jilava foglya, elvitt\u00e9k a Duna-csatorn\u00e1hoz, ahol h\u00e9t \u00e9vig dolgoztatt\u00e1k \u00e9s k\u00ednozt\u00e1k (1951\u201357). Irod.: [&hellip;]<\/p>\n","protected":false},"featured_media":0,"comment_status":"open","ping_status":"closed","template":"","meta":[],"product_brand":[],"product_cat":[137],"product_tag":[],"class_list":{"0":"post-8614","1":"product","2":"type-product","3":"status-publish","5":"product_cat-maros-megyei-eletrajzi-lexikon","7":"first","8":"instock","9":"shipping-taxable","10":"product-type-simple"},"_links":{"self":[{"href":"https:\/\/uj.adatbank.ro\/lexikon\/wp-json\/wp\/v2\/product\/8614","targetHints":{"allow":["GET"]}}],"collection":[{"href":"https:\/\/uj.adatbank.ro\/lexikon\/wp-json\/wp\/v2\/product"}],"about":[{"href":"https:\/\/uj.adatbank.ro\/lexikon\/wp-json\/wp\/v2\/types\/product"}],"replies":[{"embeddable":true,"href":"https:\/\/uj.adatbank.ro\/lexikon\/wp-json\/wp\/v2\/comments?post=8614"}],"wp:attachment":[{"href":"https:\/\/uj.adatbank.ro\/lexikon\/wp-json\/wp\/v2\/media?parent=8614"}],"wp:term":[{"taxonomy":"product_brand","embeddable":true,"href":"https:\/\/uj.adatbank.ro\/lexikon\/wp-json\/wp\/v2\/product_brand?post=8614"},{"taxonomy":"product_cat","embeddable":true,"href":"https:\/\/uj.adatbank.ro\/lexikon\/wp-json\/wp\/v2\/product_cat?post=8614"},{"taxonomy":"product_tag","embeddable":true,"href":"https:\/\/uj.adatbank.ro\/lexikon\/wp-json\/wp\/v2\/product_tag?post=8614"}],"curies":[{"name":"wp","href":"https:\/\/api.w.org\/{rel}","templated":true}]}}

GÁLIK András, § Galik András, Tuti

<p>Brassó, 1918. nov. 12., † Mv., 1991. nov. 11.: állatorvos. – Mv.-en a Ref. Koll.-ban és Bp.-en az Állatorvosi Egyetemen végzett. Szovátán és Mv.-en dolgozott (1945–). A szekuritáté mint megjegyzett „nagy magyart” időnként letartóztatta és ítélet nélkül hetekig fogva tartotta. Letartóztatták, elítélték Jilava foglya, elvitték a Duna-csatornához, ahol hét évig dolgoztatták és kínozták (1951–57). <br /><strong>Irod.:</strong> Akik imádkoztak 2.; Ioniţoiu 2; [Nekrológ] (Nú., 1991. nov. 12.)</br></p>

<p>Brassó, 1918. nov. 12., † Mv., 1991. nov. 11.: állatorvos. – Mv.-en a Ref. Koll.-ban és Bp.-en az Állatorvosi Egyetemen végzett. Szovátán és Mv.-en dolgozott (1945–). A szekuritáté mint megjegyzett „nagy magyart” időnként letartóztatta és ítélet nélkül hetekig fogva tartotta. Letartóztatták, elítélték Jilava foglya, elvitték a Duna-csatornához, ahol hét évig dolgoztatták és kínozták (1951–57). Irod.: [&hellip;]</p>
