{"id":8620,"date":"2025-06-29T10:32:04","date_gmt":"2025-06-29T08:32:04","guid":{"rendered":"https:\/\/uj.adatbank.ro\/lexikon\/termek\/gall-istvan\/"},"modified":"2025-06-29T10:32:04","modified_gmt":"2025-06-29T08:32:04","slug":"gall-istvan","status":"publish","type":"product","link":"https:\/\/uj.adatbank.ro\/lexikon\/termek\/gall-istvan\/","title":{"rendered":"G\u00c1LL Istv\u00e1n"},"content":{"rendered":"<p>? \u2020\u00a0?: tan\u00edt\u00f3, igazgat\u00f3. \u2013 Tan\u00edtott (1883\u2013). A Szent Gy\u00f6rgy t\u00e9ri \/ Constantin Romanu t\u00e9ri 4-es sz. \u00e1llami m. tannyelv\u0171 elemi iskola igazgat\u00f3ja (1925\u201326, 1931\u201332). Nyugd\u00edjazt\u00e1k (1926. dec.), nem tudott rom\u00e1nul, de m\u00e9g \u00edgy is visszah\u00edvt\u00e1k. <br \/><strong>Irod.:<\/strong> Standavid-Tam\u00e1si<\/br><\/p>\n","protected":false},"excerpt":{"rendered":"<p>? \u2020\u00a0?: tan\u00edt\u00f3, igazgat\u00f3. \u2013 Tan\u00edtott (1883\u2013). A Szent Gy\u00f6rgy t\u00e9ri \/ Constantin Romanu t\u00e9ri 4-es sz. \u00e1llami m. tannyelv\u0171 elemi iskola igazgat\u00f3ja (1925\u201326, 1931\u201332). Nyugd\u00edjazt\u00e1k (1926. dec.), nem tudott rom\u00e1nul, de m\u00e9g \u00edgy is visszah\u00edvt\u00e1k. Irod.: Standavid-Tam\u00e1si<\/p>\n","protected":false},"featured_media":0,"comment_status":"open","ping_status":"closed","template":"","meta":[],"product_brand":[],"product_cat":[137],"product_tag":[],"class_list":{"0":"post-8620","1":"product","2":"type-product","3":"status-publish","5":"product_cat-maros-megyei-eletrajzi-lexikon","7":"first","8":"instock","9":"shipping-taxable","10":"product-type-simple"},"_links":{"self":[{"href":"https:\/\/uj.adatbank.ro\/lexikon\/wp-json\/wp\/v2\/product\/8620","targetHints":{"allow":["GET"]}}],"collection":[{"href":"https:\/\/uj.adatbank.ro\/lexikon\/wp-json\/wp\/v2\/product"}],"about":[{"href":"https:\/\/uj.adatbank.ro\/lexikon\/wp-json\/wp\/v2\/types\/product"}],"replies":[{"embeddable":true,"href":"https:\/\/uj.adatbank.ro\/lexikon\/wp-json\/wp\/v2\/comments?post=8620"}],"wp:attachment":[{"href":"https:\/\/uj.adatbank.ro\/lexikon\/wp-json\/wp\/v2\/media?parent=8620"}],"wp:term":[{"taxonomy":"product_brand","embeddable":true,"href":"https:\/\/uj.adatbank.ro\/lexikon\/wp-json\/wp\/v2\/product_brand?post=8620"},{"taxonomy":"product_cat","embeddable":true,"href":"https:\/\/uj.adatbank.ro\/lexikon\/wp-json\/wp\/v2\/product_cat?post=8620"},{"taxonomy":"product_tag","embeddable":true,"href":"https:\/\/uj.adatbank.ro\/lexikon\/wp-json\/wp\/v2\/product_tag?post=8620"}],"curies":[{"name":"wp","href":"https:\/\/api.w.org\/{rel}","templated":true}]}}