{"id":8622,"date":"2025-06-29T10:32:07","date_gmt":"2025-06-29T08:32:07","guid":{"rendered":"https:\/\/uj.adatbank.ro\/lexikon\/termek\/gall-istvan-3\/"},"modified":"2025-06-29T10:32:07","modified_gmt":"2025-06-29T08:32:07","slug":"gall-istvan-3","status":"publish","type":"product","link":"https:\/\/uj.adatbank.ro\/lexikon\/termek\/gall-istvan-3\/","title":{"rendered":"G\u00c1LL Istv\u00e1n"},"content":{"rendered":"<p>Gyergy\u00f3, 1931., \u2020\u00a0Maross\u00e1rpatak, 2017.: orvos. \u2013 A MOGYI gyermekgy\u00f3gy\u00e1szati kar\u00e1n v\u00e9gzett (1956.) Maross\u00e1rpatakon k\u00f6rzeti orvos \u00e9s a k\u00f3rh\u00e1z-otthon igazgat\u00f3ja t\u00f6bb \u00e9vtizedig. A k\u00f6zs\u00e9g d\u00edszpolg\u00e1r\u00e1nak v\u00e1lasztott\u00e1k. <br \/><strong>Irod.:<\/strong> Kiss Cs. M 4.<\/br><\/p>\n","protected":false},"excerpt":{"rendered":"<p>Gyergy\u00f3, 1931., \u2020\u00a0Maross\u00e1rpatak, 2017.: orvos. \u2013 A MOGYI gyermekgy\u00f3gy\u00e1szati kar\u00e1n v\u00e9gzett (1956.) Maross\u00e1rpatakon k\u00f6rzeti orvos \u00e9s a k\u00f3rh\u00e1z-otthon igazgat\u00f3ja t\u00f6bb \u00e9vtizedig. A k\u00f6zs\u00e9g d\u00edszpolg\u00e1r\u00e1nak v\u00e1lasztott\u00e1k. Irod.: Kiss Cs. M 4.<\/p>\n","protected":false},"featured_media":0,"comment_status":"open","ping_status":"closed","template":"","meta":[],"product_brand":[],"product_cat":[137],"product_tag":[],"class_list":{"0":"post-8622","1":"product","2":"type-product","3":"status-publish","5":"product_cat-maros-megyei-eletrajzi-lexikon","7":"first","8":"instock","9":"shipping-taxable","10":"product-type-simple"},"_links":{"self":[{"href":"https:\/\/uj.adatbank.ro\/lexikon\/wp-json\/wp\/v2\/product\/8622","targetHints":{"allow":["GET"]}}],"collection":[{"href":"https:\/\/uj.adatbank.ro\/lexikon\/wp-json\/wp\/v2\/product"}],"about":[{"href":"https:\/\/uj.adatbank.ro\/lexikon\/wp-json\/wp\/v2\/types\/product"}],"replies":[{"embeddable":true,"href":"https:\/\/uj.adatbank.ro\/lexikon\/wp-json\/wp\/v2\/comments?post=8622"}],"wp:attachment":[{"href":"https:\/\/uj.adatbank.ro\/lexikon\/wp-json\/wp\/v2\/media?parent=8622"}],"wp:term":[{"taxonomy":"product_brand","embeddable":true,"href":"https:\/\/uj.adatbank.ro\/lexikon\/wp-json\/wp\/v2\/product_brand?post=8622"},{"taxonomy":"product_cat","embeddable":true,"href":"https:\/\/uj.adatbank.ro\/lexikon\/wp-json\/wp\/v2\/product_cat?post=8622"},{"taxonomy":"product_tag","embeddable":true,"href":"https:\/\/uj.adatbank.ro\/lexikon\/wp-json\/wp\/v2\/product_tag?post=8622"}],"curies":[{"name":"wp","href":"https:\/\/api.w.org\/{rel}","templated":true}]}}