{"id":8623,"date":"2025-06-29T10:32:08","date_gmt":"2025-06-29T08:32:08","guid":{"rendered":"https:\/\/uj.adatbank.ro\/lexikon\/termek\/gall-istvan-%c2%a7-gal-istvan\/"},"modified":"2025-06-29T10:32:08","modified_gmt":"2025-06-29T08:32:08","slug":"gall-istvan-%c2%a7-gal-istvan","status":"publish","type":"product","link":"https:\/\/uj.adatbank.ro\/lexikon\/termek\/gall-istvan-%c2%a7-gal-istvan\/","title":{"rendered":"G\u00c1LL Istv\u00e1n, \u00a7\u00a0G\u00e1l Istv\u00e1n"},"content":{"rendered":"<p>Magyarzsombor, 1894, \u2020 Mv., 1991. aug. 18.: fog\u00e1sz, orvos. \u2013 R\u00e9szt vett az I. vh.-ban (1914. okt. \u2013 18) az 51. gy. ezredhez (1914. okt. \u2013 18. dec.). Az orosz \u00e9s olasz harct\u00e9ren, mint eg\u00e9szs\u00e9g\u00fcgyi \u0151rmester, teljes\u00edtett szolg\u00e1latot. Az Ob, O 2 kis ez\u00fcst \u00e9s bronz vit\u00e9zs\u00e9gi \u00e9rem, a K\u00e1roly csapatkereszt \u00e9s a H\u00e1bor\u00fas \u00e9rem kit\u00fcntetettje. Tanulm\u00e1nyait a kv.-i egyetemen folytatta \u00e9s orvosi k\u00e9pes\u00edt\u00e9st is ott kapott. Mv.-en volt fog\u00e1sz, mag\u00e1nrendel\u0151je a Lajos kir\u00e1ly \/ Cuza Vod\u0103. utc\u021bban. \u00c1llami Filharm\u00f3nia alap\u00edt\u00f3 tagjai k\u00f6z\u00f6tt szerepelt mint \u00f6nk\u00e9ntes tag, puzonista (1950). Fiatal kor\u00e1ban neves sportember \u00e9s sportszervez\u0151. <br \/><strong>Irod.:<\/strong> Erd\u00e9lyi ezredek; Filarmonica 50; Id\u0151t\u00e1r 4.; Kiss Cs. M. 3.; M. hadviselt zsid\u00f3k; Mv.-i zsid\u00f3 temet\u0151 dok.; Visnai<\/br><\/p>\n","protected":false},"excerpt":{"rendered":"<p>Magyarzsombor, 1894, \u2020 Mv., 1991. aug. 18.: fog\u00e1sz, orvos. \u2013 R\u00e9szt vett az I. vh.-ban (1914. okt. \u2013 18) az 51. gy. ezredhez (1914. okt. \u2013 18. dec.). Az orosz \u00e9s olasz harct\u00e9ren, mint eg\u00e9szs\u00e9g\u00fcgyi \u0151rmester, teljes\u00edtett szolg\u00e1latot. Az Ob, O 2 kis ez\u00fcst \u00e9s bronz vit\u00e9zs\u00e9gi \u00e9rem, a K\u00e1roly csapatkereszt \u00e9s a H\u00e1bor\u00fas \u00e9rem [&hellip;]<\/p>\n","protected":false},"featured_media":0,"comment_status":"open","ping_status":"closed","template":"","meta":[],"product_brand":[],"product_cat":[137],"product_tag":[],"class_list":{"0":"post-8623","1":"product","2":"type-product","3":"status-publish","5":"product_cat-maros-megyei-eletrajzi-lexikon","7":"first","8":"instock","9":"shipping-taxable","10":"product-type-simple"},"_links":{"self":[{"href":"https:\/\/uj.adatbank.ro\/lexikon\/wp-json\/wp\/v2\/product\/8623","targetHints":{"allow":["GET"]}}],"collection":[{"href":"https:\/\/uj.adatbank.ro\/lexikon\/wp-json\/wp\/v2\/product"}],"about":[{"href":"https:\/\/uj.adatbank.ro\/lexikon\/wp-json\/wp\/v2\/types\/product"}],"replies":[{"embeddable":true,"href":"https:\/\/uj.adatbank.ro\/lexikon\/wp-json\/wp\/v2\/comments?post=8623"}],"wp:attachment":[{"href":"https:\/\/uj.adatbank.ro\/lexikon\/wp-json\/wp\/v2\/media?parent=8623"}],"wp:term":[{"taxonomy":"product_brand","embeddable":true,"href":"https:\/\/uj.adatbank.ro\/lexikon\/wp-json\/wp\/v2\/product_brand?post=8623"},{"taxonomy":"product_cat","embeddable":true,"href":"https:\/\/uj.adatbank.ro\/lexikon\/wp-json\/wp\/v2\/product_cat?post=8623"},{"taxonomy":"product_tag","embeddable":true,"href":"https:\/\/uj.adatbank.ro\/lexikon\/wp-json\/wp\/v2\/product_tag?post=8623"}],"curies":[{"name":"wp","href":"https:\/\/api.w.org\/{rel}","templated":true}]}}

GÁLL István, § Gál István

<p>Magyarzsombor, 1894, † Mv., 1991. aug. 18.: fogász, orvos. – Részt vett az I. vh.-ban (1914. okt. – 18) az 51. gy. ezredhez (1914. okt. – 18. dec.). Az orosz és olasz harctéren, mint egészségügyi őrmester, teljesített szolgálatot. Az Ob, O 2 kis ezüst és bronz vitézségi érem, a Károly csapatkereszt és a Háborús érem kitüntetettje. Tanulmányait a kv.-i egyetemen folytatta és orvosi képesítést is ott kapott. Mv.-en volt fogász, magánrendelője a Lajos király / Cuza Vodă. utcțban. Állami Filharmónia alapító tagjai között szerepelt mint önkéntes tag, puzonista (1950). Fiatal korában neves sportember és sportszervező. <br /><strong>Irod.:</strong> Erdélyi ezredek; Filarmonica 50; Időtár 4.; Kiss Cs. M. 3.; M. hadviselt zsidók; Mv.-i zsidó temető dok.; Visnai</br></p>

<p>Magyarzsombor, 1894, † Mv., 1991. aug. 18.: fogász, orvos. – Részt vett az I. vh.-ban (1914. okt. – 18) az 51. gy. ezredhez (1914. okt. – 18. dec.). Az orosz és olasz harctéren, mint egészségügyi őrmester, teljesített szolgálatot. Az Ob, O 2 kis ezüst és bronz vitézségi érem, a Károly csapatkereszt és a Háborús érem [&hellip;]</p>
