{"id":8932,"date":"2025-06-29T10:43:06","date_gmt":"2025-06-29T08:43:06","guid":{"rendered":"https:\/\/uj.adatbank.ro\/lexikon\/termek\/gobel-janos-goebel-janos\/"},"modified":"2025-06-29T10:43:06","modified_gmt":"2025-06-29T08:43:06","slug":"gobel-janos-goebel-janos","status":"publish","type":"product","link":"https:\/\/uj.adatbank.ro\/lexikon\/termek\/gobel-janos-goebel-janos\/","title":{"rendered":"G\u00d6BEL J\u00e1nos; Goebel J\u00e1nos"},"content":{"rendered":"<p>Segesv\u00e1r ? \u2020 ? : kr\u00f3nika\u00edr\u00f3. \u2013 Segesv\u00e1ri sz\u00e1rmaz\u00e1s\u00fa. K\u00e9ziratban Kr\u00f3nik\u00e1t hagyott h\u00e1tra, mely Segesv\u00e1r v\u00e1ros t\u00f6rt\u00e9net\u00e9t foglalja mag\u00e1ban (1514\u2013), ezt honfit\u00e1rsa Wachsmann Gy\u00f6rgy folytatta (1663 aug.-ig), kiadta Kem\u00e9ny J\u00f3zsef Deutsche Fundgruben der Geschichte Siebenb\u00fcrgens (Klausenburg, 1839). <br \/><strong>Irod.:<\/strong> Guly\u00e1s; Szinnyei<\/br><\/p>\n","protected":false},"excerpt":{"rendered":"<p>Segesv\u00e1r ? \u2020 ? : kr\u00f3nika\u00edr\u00f3. \u2013 Segesv\u00e1ri sz\u00e1rmaz\u00e1s\u00fa. K\u00e9ziratban Kr\u00f3nik\u00e1t hagyott h\u00e1tra, mely Segesv\u00e1r v\u00e1ros t\u00f6rt\u00e9net\u00e9t foglalja mag\u00e1ban (1514\u2013), ezt honfit\u00e1rsa Wachsmann Gy\u00f6rgy folytatta (1663 aug.-ig), kiadta Kem\u00e9ny J\u00f3zsef Deutsche Fundgruben der Geschichte Siebenb\u00fcrgens (Klausenburg, 1839). Irod.: Guly\u00e1s; Szinnyei<\/p>\n","protected":false},"featured_media":0,"comment_status":"open","ping_status":"closed","template":"","meta":[],"product_brand":[],"product_cat":[137],"product_tag":[],"class_list":{"0":"post-8932","1":"product","2":"type-product","3":"status-publish","5":"product_cat-maros-megyei-eletrajzi-lexikon","7":"first","8":"instock","9":"shipping-taxable","10":"product-type-simple"},"_links":{"self":[{"href":"https:\/\/uj.adatbank.ro\/lexikon\/wp-json\/wp\/v2\/product\/8932","targetHints":{"allow":["GET"]}}],"collection":[{"href":"https:\/\/uj.adatbank.ro\/lexikon\/wp-json\/wp\/v2\/product"}],"about":[{"href":"https:\/\/uj.adatbank.ro\/lexikon\/wp-json\/wp\/v2\/types\/product"}],"replies":[{"embeddable":true,"href":"https:\/\/uj.adatbank.ro\/lexikon\/wp-json\/wp\/v2\/comments?post=8932"}],"wp:attachment":[{"href":"https:\/\/uj.adatbank.ro\/lexikon\/wp-json\/wp\/v2\/media?parent=8932"}],"wp:term":[{"taxonomy":"product_brand","embeddable":true,"href":"https:\/\/uj.adatbank.ro\/lexikon\/wp-json\/wp\/v2\/product_brand?post=8932"},{"taxonomy":"product_cat","embeddable":true,"href":"https:\/\/uj.adatbank.ro\/lexikon\/wp-json\/wp\/v2\/product_cat?post=8932"},{"taxonomy":"product_tag","embeddable":true,"href":"https:\/\/uj.adatbank.ro\/lexikon\/wp-json\/wp\/v2\/product_tag?post=8932"}],"curies":[{"name":"wp","href":"https:\/\/api.w.org\/{rel}","templated":true}]}}