{"id":8933,"date":"2025-06-29T10:43:09","date_gmt":"2025-06-29T08:43:09","guid":{"rendered":"https:\/\/uj.adatbank.ro\/lexikon\/termek\/gocan-simion-%c2%a7\/"},"modified":"2025-06-29T10:43:09","modified_gmt":"2025-06-29T08:43:09","slug":"gocan-simion-%c2%a7","status":"publish","type":"product","link":"https:\/\/uj.adatbank.ro\/lexikon\/termek\/gocan-simion-%c2%a7\/","title":{"rendered":"GOCAN Simion, \u00a7"},"content":{"rendered":"<p>Fej\u00e9rd, 1883. \u00e1pr. 23. \u2020\u00a0? : tan\u00e1r, igazgat\u00f3 \u2013 Az Al. Papiu-Ilarian L\u00edc.-ban igazgat\u00f3 (1920. aug. 1. \u2013 1921. szept. 1.). R\u00f6vid ideig a mv.-i Astra eln\u00f6ke (1920. m\u00e1j. \u201321). Miniszteri biztos, el\u0151tte tette le a Ref. Koll. tan\u00e1ri kara az \u00e1llampolg\u00e1ri esk\u00fct (1921). A Ref. Koll.-ban az \u00e9retts\u00e9gi vizsg\u00e1n a korm\u00e1nyt k\u00e9pviselte. Elhelyezt\u00e9k Mv. -r\u0151l Nagyv\u00e1radra, ahol tanker\u00fcleti igazgat\u00f3 lett (1921. szept. 1\u2013). <br \/><strong>Irod.:<\/strong> Bui-Borda-Opri\u015f; Id\u0151t\u00e1r 3; Papiu; Suciu, Felician: Desp\u0103r\u0163\u0103m\u00e2ntul \u201eT\u00e2rgu-Mure\u015f\u201d al \u201eAstrei\u201d \u00eentre anii 1913\u20131922 (Marisia, 32\u201333, 2013)<\/br><\/p>\n","protected":false},"excerpt":{"rendered":"<p>Fej\u00e9rd, 1883. \u00e1pr. 23. \u2020\u00a0? : tan\u00e1r, igazgat\u00f3 \u2013 Az Al. Papiu-Ilarian L\u00edc.-ban igazgat\u00f3 (1920. aug. 1. \u2013 1921. szept. 1.). R\u00f6vid ideig a mv.-i Astra eln\u00f6ke (1920. m\u00e1j. \u201321). Miniszteri biztos, el\u0151tte tette le a Ref. Koll. tan\u00e1ri kara az \u00e1llampolg\u00e1ri esk\u00fct (1921). A Ref. Koll.-ban az \u00e9retts\u00e9gi vizsg\u00e1n a korm\u00e1nyt k\u00e9pviselte. Elhelyezt\u00e9k Mv. [&hellip;]<\/p>\n","protected":false},"featured_media":0,"comment_status":"open","ping_status":"closed","template":"","meta":[],"product_brand":[],"product_cat":[137],"product_tag":[],"class_list":{"0":"post-8933","1":"product","2":"type-product","3":"status-publish","5":"product_cat-maros-megyei-eletrajzi-lexikon","7":"first","8":"instock","9":"shipping-taxable","10":"product-type-simple"},"_links":{"self":[{"href":"https:\/\/uj.adatbank.ro\/lexikon\/wp-json\/wp\/v2\/product\/8933","targetHints":{"allow":["GET"]}}],"collection":[{"href":"https:\/\/uj.adatbank.ro\/lexikon\/wp-json\/wp\/v2\/product"}],"about":[{"href":"https:\/\/uj.adatbank.ro\/lexikon\/wp-json\/wp\/v2\/types\/product"}],"replies":[{"embeddable":true,"href":"https:\/\/uj.adatbank.ro\/lexikon\/wp-json\/wp\/v2\/comments?post=8933"}],"wp:attachment":[{"href":"https:\/\/uj.adatbank.ro\/lexikon\/wp-json\/wp\/v2\/media?parent=8933"}],"wp:term":[{"taxonomy":"product_brand","embeddable":true,"href":"https:\/\/uj.adatbank.ro\/lexikon\/wp-json\/wp\/v2\/product_brand?post=8933"},{"taxonomy":"product_cat","embeddable":true,"href":"https:\/\/uj.adatbank.ro\/lexikon\/wp-json\/wp\/v2\/product_cat?post=8933"},{"taxonomy":"product_tag","embeddable":true,"href":"https:\/\/uj.adatbank.ro\/lexikon\/wp-json\/wp\/v2\/product_tag?post=8933"}],"curies":[{"name":"wp","href":"https:\/\/api.w.org\/{rel}","templated":true}]}}

<p>Fejérd, 1883. ápr. 23. † ? : tanár, igazgató – Az Al. Papiu-Ilarian Líc.-ban igazgató (1920. aug. 1. – 1921. szept. 1.). Rövid ideig a mv.-i Astra elnöke (1920. máj. –21). Miniszteri biztos, előtte tette le a Ref. Koll. tanári kara az állampolgári esküt (1921). A Ref. Koll.-ban az érettségi vizsgán a kormányt képviselte. Elhelyezték Mv. -ről Nagyváradra, ahol tankerületi igazgató lett (1921. szept. 1–). <br /><strong>Irod.:</strong> Bui-Borda-Opriş; Időtár 3; Papiu; Suciu, Felician: Despărţământul „Târgu-Mureş” al „Astrei” între anii 1913–1922 (Marisia, 32–33, 2013)</br></p>

<p>Fejérd, 1883. ápr. 23. † ? : tanár, igazgató – Az Al. Papiu-Ilarian Líc.-ban igazgató (1920. aug. 1. – 1921. szept. 1.). Rövid ideig a mv.-i Astra elnöke (1920. máj. –21). Miniszteri biztos, előtte tette le a Ref. Koll. tanári kara az állampolgári esküt (1921). A Ref. Koll.-ban az érettségi vizsgán a kormányt képviselte. Elhelyezték Mv. [&hellip;]</p>
