{"id":8937,"date":"2025-06-29T10:43:14","date_gmt":"2025-06-29T08:43:14","guid":{"rendered":"https:\/\/uj.adatbank.ro\/lexikon\/termek\/gocsi-mate-mezokolpenyi-geocsy-mate-gotsi-mate\/"},"modified":"2025-06-29T10:43:14","modified_gmt":"2025-06-29T08:43:14","slug":"gocsi-mate-mezokolpenyi-geocsy-mate-gotsi-mate","status":"publish","type":"product","link":"https:\/\/uj.adatbank.ro\/lexikon\/termek\/gocsi-mate-mezokolpenyi-geocsy-mate-gotsi-mate\/","title":{"rendered":"G\u00d6CSI M\u00e1t\u00e9, mez\u0151k\u00f6lp\u00e9nyi, Ge\u00f6csy M\u00e1t\u00e9, G\u00f6tsi M\u00e1t\u00e9"},"content":{"rendered":"<p>G\u00f6cs, 1530 k. \u2020 Mv., 1585.: r. k. pap, ref. hitt\u00e9r\u00edt\u0151, ref. p\u00fcsp\u00f6k. \u2013 Debrecenb\u0151l hozt\u00e1k Erd\u00e9lybe. A mv.-i ferencesek iskol\u00e1j\u00e1ban, majd Wittenbergben az egyetemen tanult (1550. j\u00fan. 19. beiratkoz\u00e1s \u2013 1552). Gyermekei: Izs\u00e1k (1554. j\u00fal. 19.), 2. feles\u00e9ge Hel\u00e9na (esk\u00fcv\u0151: 1555. j\u00fan. 20. \u2013) \u00e9s gyermekeik: \u00c1d\u00e1m (1557. m\u00e1j. 5. \u2013), D\u00e1niel (1558. szept. 4. \u2013), M\u00e1rk (1568. aug. 2. \u2013), Magdal\u00e9na (1574. febr. 14. \u2013). \u2013 Mv. els\u0151 n\u00e9vszerint ismert ref. lelk\u00e9sze, bizonytalan a kezdete (1552. v. 1556. v. 1569. \u2013); a Marosi egyh\u00e1zmegye esperese (1568\u20131585); lelki tan\u00edt\u00f3 (1576); az erd\u00e9lyi ref. egyh\u00e1z 3. p\u00fcsp\u00f6ke (1579\u20131585). A mv.-i ref. egyh\u00e1zmegye matricul\u00e1j\u00e1ban a legr\u00e9gibb bejegyz\u00e9s az \u0151 p\u00fcsp\u00f6ki vizit\u00e1ci\u00f3ja alkalm\u00e1val t\u00f6rt\u00e9nt (1579). A p\u00fcsp\u00f6k V\u00e1rfalvi Antallal, a berekereszt\u00fari pappal, j\u00e1rt a Bekecs alatt, Berekereszt\u00faron \u00e9s n\u00e9gy fili\u00e1j\u00e1ban: Ber\u00e9n, Magyar\u00f3son, M\u00e1j\u00e1ban, M\u00e1rkodon, valamint Sely\u00e9ben. T\u00f6bb hitvit\u00e1ban vett r\u00e9szt, \u00edgy Gyulafeh\u00e9rv\u00e1ron az antitrinit\u00e1rius ir\u00e1nyzattal (1568), Nagyv\u00e1radon (1569) \u00e9s m\u00e1shol is; a mv.-i v\u00e1rtemplomban J\u00e1nos kir. el\u0151tt D\u00e1vid Ferenccel vit\u00e1zott (1571), \u0151t t\u00e1mogatta Lask\u00f3i Cs\u00f3k\u00e1s P\u00e9ter \u00e9s Tordai \u00c1d\u00e1m. A szenth\u00e1roms\u00e1g tagad\u00f3k itt nevezt\u00e9k magukat el\u0151sz\u00f6r unit\u00e1riusoknak. Nyujt\u00f3di Borb\u00e1la \u00e9s J\u00e1rai Margit ap\u00e1c\u00e1k k\u0151h\u00e1zukat az ap\u00e1c\u00e1k cell\u00e1ival egy\u00fctt eladt\u00e1k G. M. -nak, az ottani kolostorban lev\u0151 v\u00e1rosi lelk\u00e9sznek haszon\u00e9lvezettel 75 forint\u00e9rt (1676. jan. 18). B\u00e1tori \/B\u00e1thory Krist\u00f3f erd\u00e9lyi vajda iktatta be a k\u0151h\u00e1z birtok\u00e1ba (1577), majd h\u00e1z\u00e1t minden ad\u00f3 \u00e9s szolg\u00e1lat terhe al\u00f3l felmentette (1583). <br \/><strong>Irod.:<\/strong> Benk\u0151 K.: Mv.; Bod P\u00e9ter: Smirnai Szent Polik\u00e1rpus (Nagyenyed, 1766); Erd\u00e9lyi jezsuit\u00e1k levelez\u00e9se \u00e9s iratai a B\u00e1thoriak kor\u00e1b\u00f3l (Bp., 1913); Erd\u00e9lyi panteon; Farcz\u00e1dy; Id\u0151t\u00e1r 1; K. L. M\u0171v. t\u00f6rt. tan. 1, L\u00e9sty\u00e1n \u2013 templomok 1.; L\u00e9sty\u00e1n Ferenc: Mv. katolikus m\u00faltja  =  Mv. t\u00f6rt\u00e9net\u00e9b\u0151l (Mv., 1999); Marossz\u00e9ki kr\u00f3nik\u00e1k 1.; Mv. \u00e9s V\u00e1rtemploma (Bp., 1990); A mv.-i ref. egyh\u00e1z (1727\u2013) anyak\u00f6nyve [k\u00e9zirat]; P\u00e1l-Antal; P\u00e1l-Antal 2009; P\u00e1l Antal S\u00e1ndor: Mv. \u2013 a szabad kir\u00e1lyi v\u00e1ros. (N\u00fa., 2016. m\u00e1j. 13.); P\u00e1lmay; Rugonfalvi Kiss; Simon Zsolt: G\u00f6csi M\u00e1t\u00e9, az els\u0151 mv.-i ref. p\u00fcsp\u00f6k  =  Protest\u00e1ns Mv.; SzOkl, 4; V\u00e1rtemplomi lelk\u00e9szek n\u00e9vsora, 1571\u20132000 (\u00daj Kezdet, 2. sz., 2000); Zov\u00e1nyi<\/br><\/p>\n","protected":false},"excerpt":{"rendered":"<p>G\u00f6cs, 1530 k. \u2020 Mv., 1585.: r. k. pap, ref. hitt\u00e9r\u00edt\u0151, ref. p\u00fcsp\u00f6k. \u2013 Debrecenb\u0151l hozt\u00e1k Erd\u00e9lybe. A mv.-i ferencesek iskol\u00e1j\u00e1ban, majd Wittenbergben az egyetemen tanult (1550. j\u00fan. 19. beiratkoz\u00e1s \u2013 1552). Gyermekei: Izs\u00e1k (1554. j\u00fal. 19.), 2. feles\u00e9ge Hel\u00e9na (esk\u00fcv\u0151: 1555. j\u00fan. 20. \u2013) \u00e9s gyermekeik: \u00c1d\u00e1m (1557. m\u00e1j. 5. \u2013), D\u00e1niel (1558. szept. [&hellip;]<\/p>\n","protected":false},"featured_media":0,"comment_status":"open","ping_status":"closed","template":"","meta":[],"product_brand":[],"product_cat":[137],"product_tag":[],"class_list":{"0":"post-8937","1":"product","2":"type-product","3":"status-publish","5":"product_cat-maros-megyei-eletrajzi-lexikon","7":"first","8":"instock","9":"shipping-taxable","10":"product-type-simple"},"_links":{"self":[{"href":"https:\/\/uj.adatbank.ro\/lexikon\/wp-json\/wp\/v2\/product\/8937","targetHints":{"allow":["GET"]}}],"collection":[{"href":"https:\/\/uj.adatbank.ro\/lexikon\/wp-json\/wp\/v2\/product"}],"about":[{"href":"https:\/\/uj.adatbank.ro\/lexikon\/wp-json\/wp\/v2\/types\/product"}],"replies":[{"embeddable":true,"href":"https:\/\/uj.adatbank.ro\/lexikon\/wp-json\/wp\/v2\/comments?post=8937"}],"wp:attachment":[{"href":"https:\/\/uj.adatbank.ro\/lexikon\/wp-json\/wp\/v2\/media?parent=8937"}],"wp:term":[{"taxonomy":"product_brand","embeddable":true,"href":"https:\/\/uj.adatbank.ro\/lexikon\/wp-json\/wp\/v2\/product_brand?post=8937"},{"taxonomy":"product_cat","embeddable":true,"href":"https:\/\/uj.adatbank.ro\/lexikon\/wp-json\/wp\/v2\/product_cat?post=8937"},{"taxonomy":"product_tag","embeddable":true,"href":"https:\/\/uj.adatbank.ro\/lexikon\/wp-json\/wp\/v2\/product_tag?post=8937"}],"curies":[{"name":"wp","href":"https:\/\/api.w.org\/{rel}","templated":true}]}}

GÖCSI Máté, mezőkölpényi, Geöcsy Máté, Götsi Máté

<p>Göcs, 1530 k. † Mv., 1585.: r. k. pap, ref. hittérítő, ref. püspök. – Debrecenből hozták Erdélybe. A mv.-i ferencesek iskolájában, majd Wittenbergben az egyetemen tanult (1550. jún. 19. beiratkozás – 1552). Gyermekei: Izsák (1554. júl. 19.), 2. felesége Heléna (esküvő: 1555. jún. 20. –) és gyermekeik: Ádám (1557. máj. 5. –), Dániel (1558. szept. 4. –), Márk (1568. aug. 2. –), Magdaléna (1574. febr. 14. –). – Mv. első névszerint ismert ref. lelkésze, bizonytalan a kezdete (1552. v. 1556. v. 1569. –); a Marosi egyházmegye esperese (1568–1585); lelki tanító (1576); az erdélyi ref. egyház 3. püspöke (1579–1585). A mv.-i ref. egyházmegye matriculájában a legrégibb bejegyzés az ő püspöki vizitációja alkalmával történt (1579). A püspök Várfalvi Antallal, a berekeresztúri pappal, járt a Bekecs alatt, Berekeresztúron és négy filiájában: Berén, Magyaróson, Májában, Márkodon, valamint Selyében. Több hitvitában vett részt, így Gyulafehérváron az antitrinitárius irányzattal (1568), Nagyváradon (1569) és máshol is; a mv.-i vártemplomban János kir. előtt Dávid Ferenccel vitázott (1571), őt támogatta Laskói Csókás Péter és Tordai Ádám. A szentháromság tagadók itt nevezték magukat először unitáriusoknak. Nyujtódi Borbála és Járai Margit apácák kőházukat az apácák celláival együtt eladták G. M. -nak, az ottani kolostorban levő városi lelkésznek haszonélvezettel 75 forintért (1676. jan. 18). Bátori /Báthory Kristóf erdélyi vajda iktatta be a kőház birtokába (1577), majd házát minden adó és szolgálat terhe alól felmentette (1583). <br /><strong>Irod.:</strong> Benkő K.: Mv.; Bod Péter: Smirnai Szent Polikárpus (Nagyenyed, 1766); Erdélyi jezsuiták levelezése és iratai a Báthoriak korából (Bp., 1913); Erdélyi panteon; Farczády; Időtár 1; K. L. Műv. tört. tan. 1, Léstyán – templomok 1.; Léstyán Ferenc: Mv. katolikus múltja  =  Mv. történetéből (Mv., 1999); Marosszéki krónikák 1.; Mv. és Vártemploma (Bp., 1990); A mv.-i ref. egyház (1727–) anyakönyve [kézirat]; Pál-Antal; Pál-Antal 2009; Pál Antal Sándor: Mv. – a szabad királyi város. (Nú., 2016. máj. 13.); Pálmay; Rugonfalvi Kiss; Simon Zsolt: Göcsi Máté, az első mv.-i ref. püspök  =  Protestáns Mv.; SzOkl, 4; Vártemplomi lelkészek névsora, 1571–2000 (Új Kezdet, 2. sz., 2000); Zoványi</br></p>

<p>Göcs, 1530 k. † Mv., 1585.: r. k. pap, ref. hittérítő, ref. püspök. – Debrecenből hozták Erdélybe. A mv.-i ferencesek iskolájában, majd Wittenbergben az egyetemen tanult (1550. jún. 19. beiratkozás – 1552). Gyermekei: Izsák (1554. júl. 19.), 2. felesége Heléna (esküvő: 1555. jún. 20. –) és gyermekeik: Ádám (1557. máj. 5. –), Dániel (1558. szept. [&hellip;]</p>
