{"id":8942,"date":"2025-06-29T10:43:29","date_gmt":"2025-06-29T08:43:29","guid":{"rendered":"https:\/\/uj.adatbank.ro\/lexikon\/termek\/gocz-mihaly\/"},"modified":"2025-06-29T10:43:29","modified_gmt":"2025-06-29T08:43:29","slug":"gocz-mihaly","status":"publish","type":"product","link":"https:\/\/uj.adatbank.ro\/lexikon\/termek\/gocz-mihaly\/","title":{"rendered":"G\u00d3CZ Mih\u00e1ly"},"content":{"rendered":"<p>Kv., 1945. dec. 10., \u2020 Mv., 1973. nov. 11. A kv.-i H\u00e1zsong\u00e1rdi temet\u0151ben nyugszik: sz\u00ednm\u0171v\u00e9sz. \u2013 A Szentgy\u00f6rgyi Istv\u00e1n Sz\u00ednm\u0171v\u00e9szeti Int\u00e9zetben v\u00e9gzett (1971). El\u0151bb a Temesv\u00e1ri \u00c1llami M. Sz\u00ednh\u00e1z, majd a mv.-i \u00c1llami Sz\u00ednh\u00e1z tagja volt. \u2013 <strong>F. sz.:<\/strong> N\u00e9r\u00f3 (Racine: Britannicus), Phil Hogan (O\u2019Neill: Boldogtalan hold), Beteg (Wittlinger: Ismeri a Tej\u00fatat?), Mowbray, Exton (Shakespeare: II. Richard), Moirron (Bulgakov: K\u00e9pmutat\u00f3k cselsz\u00f6v\u00e9se). <br \/><strong>Irod.:<\/strong> H\u00e1zsong\u00e1rd; A H\u00e9t \u00e9vk.; Id\u0151t\u00e1r; R\u00daL<\/br><\/p>\n","protected":false},"excerpt":{"rendered":"<p>Kv., 1945. dec. 10., \u2020 Mv., 1973. nov. 11. A kv.-i H\u00e1zsong\u00e1rdi temet\u0151ben nyugszik: sz\u00ednm\u0171v\u00e9sz. \u2013 A Szentgy\u00f6rgyi Istv\u00e1n Sz\u00ednm\u0171v\u00e9szeti Int\u00e9zetben v\u00e9gzett (1971). El\u0151bb a Temesv\u00e1ri \u00c1llami M. Sz\u00ednh\u00e1z, majd a mv.-i \u00c1llami Sz\u00ednh\u00e1z tagja volt. \u2013 F. sz.: N\u00e9r\u00f3 (Racine: Britannicus), Phil Hogan (O\u2019Neill: Boldogtalan hold), Beteg (Wittlinger: Ismeri a Tej\u00fatat?), Mowbray, Exton (Shakespeare: [&hellip;]<\/p>\n","protected":false},"featured_media":0,"comment_status":"open","ping_status":"closed","template":"","meta":[],"product_brand":[],"product_cat":[137],"product_tag":[],"class_list":{"0":"post-8942","1":"product","2":"type-product","3":"status-publish","5":"product_cat-maros-megyei-eletrajzi-lexikon","7":"first","8":"instock","9":"shipping-taxable","10":"product-type-simple"},"_links":{"self":[{"href":"https:\/\/uj.adatbank.ro\/lexikon\/wp-json\/wp\/v2\/product\/8942","targetHints":{"allow":["GET"]}}],"collection":[{"href":"https:\/\/uj.adatbank.ro\/lexikon\/wp-json\/wp\/v2\/product"}],"about":[{"href":"https:\/\/uj.adatbank.ro\/lexikon\/wp-json\/wp\/v2\/types\/product"}],"replies":[{"embeddable":true,"href":"https:\/\/uj.adatbank.ro\/lexikon\/wp-json\/wp\/v2\/comments?post=8942"}],"wp:attachment":[{"href":"https:\/\/uj.adatbank.ro\/lexikon\/wp-json\/wp\/v2\/media?parent=8942"}],"wp:term":[{"taxonomy":"product_brand","embeddable":true,"href":"https:\/\/uj.adatbank.ro\/lexikon\/wp-json\/wp\/v2\/product_brand?post=8942"},{"taxonomy":"product_cat","embeddable":true,"href":"https:\/\/uj.adatbank.ro\/lexikon\/wp-json\/wp\/v2\/product_cat?post=8942"},{"taxonomy":"product_tag","embeddable":true,"href":"https:\/\/uj.adatbank.ro\/lexikon\/wp-json\/wp\/v2\/product_tag?post=8942"}],"curies":[{"name":"wp","href":"https:\/\/api.w.org\/{rel}","templated":true}]}}