{"id":8943,"date":"2025-06-29T10:43:32","date_gmt":"2025-06-29T08:43:32","guid":{"rendered":"https:\/\/uj.adatbank.ro\/lexikon\/termek\/gode-antal\/"},"modified":"2025-06-29T10:43:32","modified_gmt":"2025-06-29T08:43:32","slug":"gode-antal","status":"publish","type":"product","link":"https:\/\/uj.adatbank.ro\/lexikon\/termek\/gode-antal\/","title":{"rendered":"G\u00d6DE Antal"},"content":{"rendered":"<p>Cs\u00edkszentsimon, 1802. szept. 30., \u2020\u00a01857. j\u00fan. 22.: r. k. pap. \u2013 Papp\u00e1 szentelt\u00e9k (1829. szept. 20.). K\u00e1pl\u00e1n Lemh\u00e9nyben, Cs\u00edkr\u00e1koson (1832). Pl\u00e9b\u00e1nos B\u00f6z\u00f6d\u0151jfaluban (1833), Sz\u00e9kelyp\u00e1lfalv\u00e1n (1851). <br \/><strong>Irod.:<\/strong> Ferenczi S\u00e1ndor 2009<\/br><\/p>\n","protected":false},"excerpt":{"rendered":"<p>Cs\u00edkszentsimon, 1802. szept. 30., \u2020\u00a01857. j\u00fan. 22.: r. k. pap. \u2013 Papp\u00e1 szentelt\u00e9k (1829. szept. 20.). K\u00e1pl\u00e1n Lemh\u00e9nyben, Cs\u00edkr\u00e1koson (1832). Pl\u00e9b\u00e1nos B\u00f6z\u00f6d\u0151jfaluban (1833), Sz\u00e9kelyp\u00e1lfalv\u00e1n (1851). Irod.: Ferenczi S\u00e1ndor 2009<\/p>\n","protected":false},"featured_media":0,"comment_status":"open","ping_status":"closed","template":"","meta":[],"product_brand":[],"product_cat":[137],"product_tag":[],"class_list":{"0":"post-8943","1":"product","2":"type-product","3":"status-publish","5":"product_cat-maros-megyei-eletrajzi-lexikon","7":"first","8":"instock","9":"shipping-taxable","10":"product-type-simple"},"_links":{"self":[{"href":"https:\/\/uj.adatbank.ro\/lexikon\/wp-json\/wp\/v2\/product\/8943","targetHints":{"allow":["GET"]}}],"collection":[{"href":"https:\/\/uj.adatbank.ro\/lexikon\/wp-json\/wp\/v2\/product"}],"about":[{"href":"https:\/\/uj.adatbank.ro\/lexikon\/wp-json\/wp\/v2\/types\/product"}],"replies":[{"embeddable":true,"href":"https:\/\/uj.adatbank.ro\/lexikon\/wp-json\/wp\/v2\/comments?post=8943"}],"wp:attachment":[{"href":"https:\/\/uj.adatbank.ro\/lexikon\/wp-json\/wp\/v2\/media?parent=8943"}],"wp:term":[{"taxonomy":"product_brand","embeddable":true,"href":"https:\/\/uj.adatbank.ro\/lexikon\/wp-json\/wp\/v2\/product_brand?post=8943"},{"taxonomy":"product_cat","embeddable":true,"href":"https:\/\/uj.adatbank.ro\/lexikon\/wp-json\/wp\/v2\/product_cat?post=8943"},{"taxonomy":"product_tag","embeddable":true,"href":"https:\/\/uj.adatbank.ro\/lexikon\/wp-json\/wp\/v2\/product_tag?post=8943"}],"curies":[{"name":"wp","href":"https:\/\/api.w.org\/{rel}","templated":true}]}}