{"id":8944,"date":"2025-06-29T10:43:35","date_gmt":"2025-06-29T08:43:35","guid":{"rendered":"https:\/\/uj.adatbank.ro\/lexikon\/termek\/gode-istvan-csikszentsimoni\/"},"modified":"2025-06-29T10:43:35","modified_gmt":"2025-06-29T08:43:35","slug":"gode-istvan-csikszentsimoni","status":"publish","type":"product","link":"https:\/\/uj.adatbank.ro\/lexikon\/termek\/gode-istvan-csikszentsimoni\/","title":{"rendered":"G\u00d6DE Istv\u00e1n, cs\u00edkszentsimoni"},"content":{"rendered":"<p>Kv., 1801. \u2020 Ny\u00e1r\u00e1dszentl\u00e1szl\u00f3 1872. nov. 3.: sz\u00edn\u00e9sz, sz\u00ednh\u00e1zigazgat\u00f3, k\u00f6lt\u0151. \u2013 Feles\u00e9ge: Bikszegi J\u00falia. \u2013 Kv.-on tanult, jogot v\u00e9gzett de sz\u00edn\u00e9sz lett (1820). Az \u00faj sz\u00ednh\u00e1z megnyit\u00f3j\u00e1n az \u00f6v\u00e9 volt az els\u0151 sz\u00f3 (1821. m\u00e1rc. 11), f\u0151szerepet j\u00e1tszott Szentj\u00f3bi Szab\u00f3 L\u00e1szl\u00f3: Corvin M\u00e1ty\u00e1s c. darabj\u00e1ban, k\u00e9t \u00e9vig volt a kv.-i t\u00e1rsulat tagja (\u20131823), innen Kass\u00e1ra, Sz\u00e9kesfeh\u00e9rv\u00e1rra szerz\u0151d\u00f6tt, a pozsonyi ogy.-en j\u00e1tsz\u00f3 t\u00e1rsulat tagja\u00a0(1825\u2013), Mv.-en j\u00e1tszott G. I. -Hubai Enanuel t\u00e1rsulata (1834\u201335; 1839); Kv.-on egy kis ideig igazgat\u00f3 volt (1837), azut\u00e1n ism\u00e9t szerz\u0151d\u00e9ses sz\u00edn\u00e9sz, mint vend\u00e9g fell\u00e9pett a Nemzeti Sz\u00ednh\u00e1zban (1841.). Saj\u00e1t t\u00e1rsulatot szervezett \u00e9s azzal visszat\u00e9rt Erd\u00e9lybe; az igazgat\u00f3i p\u00e1ly\u00e1val felhagyott, de m\u00e9g sz\u00edn\u00e9szkedett (1848-ig); A szabads\u00e1gharc alatt a M\u00e1ty\u00e1s husz\u00e1rokn\u00e1l sz\u00e1mvev\u0151 tiszt volt \u00e9s Bem mellett harcolt (1849), Vizakn\u00e1n\u00e1l elfogt\u00e1k (1849. febr. 4.) \u00e9s Josephstadtba deport\u00e1lt\u00e1k, ahonnan f\u00e9l \u00e9v m\u00falva hazaengedt\u00e9k Mv. -re; ezut\u00e1n jegyz\u0151 \u00e9s le\u00e1nynevel\u0151int\u00e9zeti tan\u00edt\u00f3, az \u00farb\u00e9ri t\u0151rv\u00e9nysz\u00e9kn\u00e9l irnok. A kv.-i sz\u00ednh\u00e1z fenn\u00e1ll\u00e1s\u00e1nak \u00f6tven\u00e9ves \u00e9vfordul\u00f3j\u00e1n az egyetlen \u00e9l\u0151 f\u00e9rfitagk\u00e9nt utolj\u00e1ra l\u00e9pett sz\u00ednpadra (1871). A vid\u00e9ki sz\u00edn\u00e9szek k\u00f6ny\u00f6radom\u00e1nyt gy\u0171jt\u00f6ttek r\u00e9sz\u00e9re (1870). H\u0151s \u2013 \u00e9s intrikusszerepeket j\u00e1tszott, k\u00e9pzett \u00e9nekhangj\u00e1val kisebb basszusszerepeket \u00e9nekelt. Eml\u00e9keit lev\u00e9lform\u00e1ban, n\u00e9gy folytat\u00e1sban \u00edrta meg (T\u00f6rt. Lapok, 1875. \u00e1pr. -m\u00e1j.). \u2013 <strong>F. sz.:<\/strong> Gennaro (Hugo: Borgia Lucretia); Orbassano (Rossini: Tancred); K\u00e1lm\u00e1n (Ruzitska J.: B\u00e9la fut\u00e1sa); Dadag\u00f3 (Hafner\u2013Chudy J.: Pikk\u00f3 herceg \u00e9s Jutka Perzsi). \u2013 <strong>F. m.:<\/strong> Fl\u00f3ra: \u00daj \u00e9vi zsebk\u00f6nyvecske 1835. \u00e9vre. K\u00e9t elbesz\u00e9l\u00e9se (Mv., 1834); Sz\u00ednf\u00fcz\u00e9r mint nyugd\u00edj. Kocsi jegyzetei, s a bennid\u00e9zett \u00edr\u00f3k ut\u00e1n szabadon szerkeszt\u00e9 s kiadta G. I. (Kv., 1846). <br \/><strong>Irod.:<\/strong> Id\u0151t\u00e1r 1., 5 \/1; M\u00c9L; MSZL; MSz\u00ednL; Sch\u00f6pflin; Szinnyei; Szinnyei J.; \u00daM\u00c9L<\/br><\/p>\n","protected":false},"excerpt":{"rendered":"<p>Kv., 1801. \u2020 Ny\u00e1r\u00e1dszentl\u00e1szl\u00f3 1872. nov. 3.: sz\u00edn\u00e9sz, sz\u00ednh\u00e1zigazgat\u00f3, k\u00f6lt\u0151. \u2013 Feles\u00e9ge: Bikszegi J\u00falia. \u2013 Kv.-on tanult, jogot v\u00e9gzett de sz\u00edn\u00e9sz lett (1820). Az \u00faj sz\u00ednh\u00e1z megnyit\u00f3j\u00e1n az \u00f6v\u00e9 volt az els\u0151 sz\u00f3 (1821. m\u00e1rc. 11), f\u0151szerepet j\u00e1tszott Szentj\u00f3bi Szab\u00f3 L\u00e1szl\u00f3: Corvin M\u00e1ty\u00e1s c. darabj\u00e1ban, k\u00e9t \u00e9vig volt a kv.-i t\u00e1rsulat tagja (\u20131823), innen Kass\u00e1ra, [&hellip;]<\/p>\n","protected":false},"featured_media":0,"comment_status":"open","ping_status":"closed","template":"","meta":[],"product_brand":[],"product_cat":[137],"product_tag":[],"class_list":{"0":"post-8944","1":"product","2":"type-product","3":"status-publish","5":"product_cat-maros-megyei-eletrajzi-lexikon","7":"first","8":"instock","9":"shipping-taxable","10":"product-type-simple"},"_links":{"self":[{"href":"https:\/\/uj.adatbank.ro\/lexikon\/wp-json\/wp\/v2\/product\/8944","targetHints":{"allow":["GET"]}}],"collection":[{"href":"https:\/\/uj.adatbank.ro\/lexikon\/wp-json\/wp\/v2\/product"}],"about":[{"href":"https:\/\/uj.adatbank.ro\/lexikon\/wp-json\/wp\/v2\/types\/product"}],"replies":[{"embeddable":true,"href":"https:\/\/uj.adatbank.ro\/lexikon\/wp-json\/wp\/v2\/comments?post=8944"}],"wp:attachment":[{"href":"https:\/\/uj.adatbank.ro\/lexikon\/wp-json\/wp\/v2\/media?parent=8944"}],"wp:term":[{"taxonomy":"product_brand","embeddable":true,"href":"https:\/\/uj.adatbank.ro\/lexikon\/wp-json\/wp\/v2\/product_brand?post=8944"},{"taxonomy":"product_cat","embeddable":true,"href":"https:\/\/uj.adatbank.ro\/lexikon\/wp-json\/wp\/v2\/product_cat?post=8944"},{"taxonomy":"product_tag","embeddable":true,"href":"https:\/\/uj.adatbank.ro\/lexikon\/wp-json\/wp\/v2\/product_tag?post=8944"}],"curies":[{"name":"wp","href":"https:\/\/api.w.org\/{rel}","templated":true}]}}

GÖDE István, csíkszentsimoni

<p>Kv., 1801. † Nyárádszentlászló 1872. nov. 3.: színész, színházigazgató, költő. – Felesége: Bikszegi Júlia. – Kv.-on tanult, jogot végzett de színész lett (1820). Az új színház megnyitóján az övé volt az első szó (1821. márc. 11), főszerepet játszott Szentjóbi Szabó László: Corvin Mátyás c. darabjában, két évig volt a kv.-i társulat tagja (–1823), innen Kassára, Székesfehérvárra szerződött, a pozsonyi ogy.-en játszó társulat tagja (1825–), Mv.-en játszott G. I. -Hubai Enanuel társulata (1834–35; 1839); Kv.-on egy kis ideig igazgató volt (1837), azután ismét szerződéses színész, mint vendég fellépett a Nemzeti Színházban (1841.). Saját társulatot szervezett és azzal visszatért Erdélybe; az igazgatói pályával felhagyott, de még színészkedett (1848-ig); A szabadságharc alatt a Mátyás huszároknál számvevő tiszt volt és Bem mellett harcolt (1849), Vizaknánál elfogták (1849. febr. 4.) és Josephstadtba deportálták, ahonnan fél év múlva hazaengedték Mv. -re; ezután jegyző és leánynevelőintézeti tanító, az úrbéri tőrvényszéknél irnok. A kv.-i színház fennállásának ötvenéves évfordulóján az egyetlen élő férfitagként utoljára lépett színpadra (1871). A vidéki színészek könyöradományt gyűjtöttek részére (1870). Hős – és intrikusszerepeket játszott, képzett énekhangjával kisebb basszusszerepeket énekelt. Emlékeit levélformában, négy folytatásban írta meg (Tört. Lapok, 1875. ápr. -máj.). – <strong>F. sz.:</strong> Gennaro (Hugo: Borgia Lucretia); Orbassano (Rossini: Tancred); Kálmán (Ruzitska J.: Béla futása); Dadagó (Hafner–Chudy J.: Pikkó herceg és Jutka Perzsi). – <strong>F. m.:</strong> Flóra: Új évi zsebkönyvecske 1835. évre. Két elbeszélése (Mv., 1834); Színfüzér mint nyugdíj. Kocsi jegyzetei, s a bennidézett írók után szabadon szerkeszté s kiadta G. I. (Kv., 1846). <br /><strong>Irod.:</strong> Időtár 1., 5 /1; MÉL; MSZL; MSzínL; Schöpflin; Szinnyei; Szinnyei J.; ÚMÉL</br></p>

<p>Kv., 1801. † Nyárádszentlászló 1872. nov. 3.: színész, színházigazgató, költő. – Felesége: Bikszegi Júlia. – Kv.-on tanult, jogot végzett de színész lett (1820). Az új színház megnyitóján az övé volt az első szó (1821. márc. 11), főszerepet játszott Szentjóbi Szabó László: Corvin Mátyás c. darabjában, két évig volt a kv.-i társulat tagja (–1823), innen Kassára, [&hellip;]</p>
