{"id":8945,"date":"2025-06-29T10:43:38","date_gmt":"2025-06-29T08:43:38","guid":{"rendered":"https:\/\/uj.adatbank.ro\/lexikon\/termek\/godri-endre-godri-ede\/"},"modified":"2025-06-29T10:43:38","modified_gmt":"2025-06-29T08:43:38","slug":"godri-endre-godri-ede","status":"publish","type":"product","link":"https:\/\/uj.adatbank.ro\/lexikon\/termek\/godri-endre-godri-ede\/","title":{"rendered":"G\u00d6DRI Endre, G\u00f6dri Ede"},"content":{"rendered":"<p>Gyimesb\u00fckk, 1912. okt. 7., \u2020\u00a0Mv., 1977. jan. 17.: ref. lelk\u00e9sz. \u2013 G. Istv\u00e1n M\u00c1V hat\u00e1r\u00e1llom\u00e1s f\u0151n\u00f6k \u00e9s Kiss Margit fia. Feles\u00e9ge: Csom\u00f3ss S\u00e1ra. \u2013 K\u00f6z\u00e9piskol\u00e1it Mv.-en a Ref. koll.-ban, a teol\u00f3gi\u00e1t Kv.-on \u00e9s Debrecenben v\u00e9gezte (1931\u201335). Seg\u00e9dlelk\u00e9sz volt Cs\u00edkszered\u00e1ban (1933\u2013), lelk\u00e9sz Dedr\u00e1dsz\u00e9plakon (1934\u201349), K\u00e9zdim\u00e1rkosfalv\u00e1n (1949\u201350), Bar\u00e1toson (1950\u201376). <br \/><strong>Irod.:<\/strong> Cs\u00e1ky; Csekme; Kusz\u00e1lik; Sz\u00e9kelyf\u00f6ld \u00ed. k<\/br><\/p>\n","protected":false},"excerpt":{"rendered":"<p>Gyimesb\u00fckk, 1912. okt. 7., \u2020\u00a0Mv., 1977. jan. 17.: ref. lelk\u00e9sz. \u2013 G. Istv\u00e1n M\u00c1V hat\u00e1r\u00e1llom\u00e1s f\u0151n\u00f6k \u00e9s Kiss Margit fia. Feles\u00e9ge: Csom\u00f3ss S\u00e1ra. \u2013 K\u00f6z\u00e9piskol\u00e1it Mv.-en a Ref. koll.-ban, a teol\u00f3gi\u00e1t Kv.-on \u00e9s Debrecenben v\u00e9gezte (1931\u201335). Seg\u00e9dlelk\u00e9sz volt Cs\u00edkszered\u00e1ban (1933\u2013), lelk\u00e9sz Dedr\u00e1dsz\u00e9plakon (1934\u201349), K\u00e9zdim\u00e1rkosfalv\u00e1n (1949\u201350), Bar\u00e1toson (1950\u201376). Irod.: Cs\u00e1ky; Csekme; Kusz\u00e1lik; Sz\u00e9kelyf\u00f6ld \u00ed. k<\/p>\n","protected":false},"featured_media":0,"comment_status":"open","ping_status":"closed","template":"","meta":[],"product_brand":[],"product_cat":[137],"product_tag":[],"class_list":{"0":"post-8945","1":"product","2":"type-product","3":"status-publish","5":"product_cat-maros-megyei-eletrajzi-lexikon","7":"first","8":"instock","9":"shipping-taxable","10":"product-type-simple"},"_links":{"self":[{"href":"https:\/\/uj.adatbank.ro\/lexikon\/wp-json\/wp\/v2\/product\/8945","targetHints":{"allow":["GET"]}}],"collection":[{"href":"https:\/\/uj.adatbank.ro\/lexikon\/wp-json\/wp\/v2\/product"}],"about":[{"href":"https:\/\/uj.adatbank.ro\/lexikon\/wp-json\/wp\/v2\/types\/product"}],"replies":[{"embeddable":true,"href":"https:\/\/uj.adatbank.ro\/lexikon\/wp-json\/wp\/v2\/comments?post=8945"}],"wp:attachment":[{"href":"https:\/\/uj.adatbank.ro\/lexikon\/wp-json\/wp\/v2\/media?parent=8945"}],"wp:term":[{"taxonomy":"product_brand","embeddable":true,"href":"https:\/\/uj.adatbank.ro\/lexikon\/wp-json\/wp\/v2\/product_brand?post=8945"},{"taxonomy":"product_cat","embeddable":true,"href":"https:\/\/uj.adatbank.ro\/lexikon\/wp-json\/wp\/v2\/product_cat?post=8945"},{"taxonomy":"product_tag","embeddable":true,"href":"https:\/\/uj.adatbank.ro\/lexikon\/wp-json\/wp\/v2\/product_tag?post=8945"}],"curies":[{"name":"wp","href":"https:\/\/api.w.org\/{rel}","templated":true}]}}

GÖDRI Endre, Gödri Ede

<p>Gyimesbükk, 1912. okt. 7., † Mv., 1977. jan. 17.: ref. lelkész. – G. István MÁV határállomás főnök és Kiss Margit fia. Felesége: Csomóss Sára. – Középiskoláit Mv.-en a Ref. koll.-ban, a teológiát Kv.-on és Debrecenben végezte (1931–35). Segédlelkész volt Csíkszeredában (1933–), lelkész Dedrádszéplakon (1934–49), Kézdimárkosfalván (1949–50), Barátoson (1950–76). <br /><strong>Irod.:</strong> Csáky; Csekme; Kuszálik; Székelyföld í. k</br></p>

<p>Gyimesbükk, 1912. okt. 7., † Mv., 1977. jan. 17.: ref. lelkész. – G. István MÁV határállomás főnök és Kiss Margit fia. Felesége: Csomóss Sára. – Középiskoláit Mv.-en a Ref. koll.-ban, a teológiát Kv.-on és Debrecenben végezte (1931–35). Segédlelkész volt Csíkszeredában (1933–), lelkész Dedrádszéplakon (1934–49), Kézdimárkosfalván (1949–50), Barátoson (1950–76). Irod.: Csáky; Csekme; Kuszálik; Székelyföld í. k</p>
