{"id":8956,"date":"2025-06-29T10:43:59","date_gmt":"2025-06-29T08:43:59","guid":{"rendered":"https:\/\/uj.adatbank.ro\/lexikon\/termek\/goldenberg-miklos-%c2%a7\/"},"modified":"2025-06-29T10:43:59","modified_gmt":"2025-06-29T08:43:59","slug":"goldenberg-miklos-%c2%a7","status":"publish","type":"product","link":"https:\/\/uj.adatbank.ro\/lexikon\/termek\/goldenberg-miklos-%c2%a7\/","title":{"rendered":"GOLDENBERG Mikl\u00f3s, \u00a7"},"content":{"rendered":"<p>? \u2020\u00a0? : p\u00e1rtaktivista, k\u00e9pvisel\u0151. \u2013 M\u00e1r ifj\u00fa kor\u00e1ban megismerkedett a munk\u00e1smozgalommal, a R. K. P. tagja (1923\u2013), az illeg\u00e1l\u00edt\u00e1sban is teljes\u00edtette a p\u00e1rtt\u00f3l kapott feladatokat. Sztr\u00e1jkokat szervezett, a Maros v\u00f6lgylben megszervezte a p\u00e1rtsejteket. A sziguranca a legnehezebb b\u00f6rt\u00f6n\u00f6kbe z\u00e1rta, k\u00ednozta. Az RMP K\u00f6zponti Vezet\u0151s\u00e9g\u00e9nek aktivist\u00e1ja, a sz\u00e1szr\u00e9geni v\u00e1laszt\u00f3ker\u00fclet k\u00e9pvisel\u0151je a NNGY-ben (1952\u2013). <br \/><strong>Irod.:<\/strong> Mv. \u00e9s a h\u00e1bor\u00fa; [V\u00e1laszt\u00e1sok, 1952](V. Z., 1952. nov. 26., 1952. nov. 29., 1952. dec. 6.); Id\u0151t\u00e1r 4.<\/br><\/p>\n","protected":false},"excerpt":{"rendered":"<p>? \u2020\u00a0? : p\u00e1rtaktivista, k\u00e9pvisel\u0151. \u2013 M\u00e1r ifj\u00fa kor\u00e1ban megismerkedett a munk\u00e1smozgalommal, a R. K. P. tagja (1923\u2013), az illeg\u00e1l\u00edt\u00e1sban is teljes\u00edtette a p\u00e1rtt\u00f3l kapott feladatokat. Sztr\u00e1jkokat szervezett, a Maros v\u00f6lgylben megszervezte a p\u00e1rtsejteket. A sziguranca a legnehezebb b\u00f6rt\u00f6n\u00f6kbe z\u00e1rta, k\u00ednozta. Az RMP K\u00f6zponti Vezet\u0151s\u00e9g\u00e9nek aktivist\u00e1ja, a sz\u00e1szr\u00e9geni v\u00e1laszt\u00f3ker\u00fclet k\u00e9pvisel\u0151je a NNGY-ben (1952\u2013). Irod.: Mv. [&hellip;]<\/p>\n","protected":false},"featured_media":0,"comment_status":"open","ping_status":"closed","template":"","meta":[],"product_brand":[],"product_cat":[137],"product_tag":[],"class_list":{"0":"post-8956","1":"product","2":"type-product","3":"status-publish","5":"product_cat-maros-megyei-eletrajzi-lexikon","7":"first","8":"instock","9":"shipping-taxable","10":"product-type-simple"},"_links":{"self":[{"href":"https:\/\/uj.adatbank.ro\/lexikon\/wp-json\/wp\/v2\/product\/8956","targetHints":{"allow":["GET"]}}],"collection":[{"href":"https:\/\/uj.adatbank.ro\/lexikon\/wp-json\/wp\/v2\/product"}],"about":[{"href":"https:\/\/uj.adatbank.ro\/lexikon\/wp-json\/wp\/v2\/types\/product"}],"replies":[{"embeddable":true,"href":"https:\/\/uj.adatbank.ro\/lexikon\/wp-json\/wp\/v2\/comments?post=8956"}],"wp:attachment":[{"href":"https:\/\/uj.adatbank.ro\/lexikon\/wp-json\/wp\/v2\/media?parent=8956"}],"wp:term":[{"taxonomy":"product_brand","embeddable":true,"href":"https:\/\/uj.adatbank.ro\/lexikon\/wp-json\/wp\/v2\/product_brand?post=8956"},{"taxonomy":"product_cat","embeddable":true,"href":"https:\/\/uj.adatbank.ro\/lexikon\/wp-json\/wp\/v2\/product_cat?post=8956"},{"taxonomy":"product_tag","embeddable":true,"href":"https:\/\/uj.adatbank.ro\/lexikon\/wp-json\/wp\/v2\/product_tag?post=8956"}],"curies":[{"name":"wp","href":"https:\/\/api.w.org\/{rel}","templated":true}]}}

GOLDENBERG Miklós, §

<p>? † ? : pártaktivista, képviselő. – Már ifjú korában megismerkedett a munkásmozgalommal, a R. K. P. tagja (1923–), az illegálításban is teljesítette a párttól kapott feladatokat. Sztrájkokat szervezett, a Maros völgylben megszervezte a pártsejteket. A sziguranca a legnehezebb börtönökbe zárta, kínozta. Az RMP Központi Vezetőségének aktivistája, a szászrégeni választókerület képviselője a NNGY-ben (1952–). <br /><strong>Irod.:</strong> Mv. és a háború; [Választások, 1952](V. Z., 1952. nov. 26., 1952. nov. 29., 1952. dec. 6.); Időtár 4.</br></p>

<p>? † ? : pártaktivista, képviselő. – Már ifjú korában megismerkedett a munkásmozgalommal, a R. K. P. tagja (1923–), az illegálításban is teljesítette a párttól kapott feladatokat. Sztrájkokat szervezett, a Maros völgylben megszervezte a pártsejteket. A sziguranca a legnehezebb börtönökbe zárta, kínozta. Az RMP Központi Vezetőségének aktivistája, a szászrégeni választókerület képviselője a NNGY-ben (1952–). Irod.: Mv. [&hellip;]</p>
