{"id":8962,"date":"2025-06-29T10:44:11","date_gmt":"2025-06-29T08:44:11","guid":{"rendered":"https:\/\/uj.adatbank.ro\/lexikon\/termek\/goldner-daniel\/"},"modified":"2025-06-29T10:44:11","modified_gmt":"2025-06-29T08:44:11","slug":"goldner-daniel","status":"publish","type":"product","link":"https:\/\/uj.adatbank.ro\/lexikon\/termek\/goldner-daniel\/","title":{"rendered":"G\u00d6LDNER D\u00e1niel"},"content":{"rendered":"<p>L\u00fadv\u00e9g, 1775.? \u2020\u00a0Mv., 1837. j\u00fan. 21.: ev. lelkip\u00e1sztor, n\u00e9metnyelvtan\u00edt\u00f3 \u00e9s nevel\u0151. \u2013 Ev. lelk\u00e9sz fia. Az \u0151 fia: K\u00e1roly, gy\u00f3gyszer\u00e9sz. \u2013 Ifj\u00fakor\u00e1ban ker\u00fclt Mv. -re, ahol Kendeffi \u00c1d\u00e1m mellett nevel\u0151sk\u00f6d\u00f6tt. Azon a sz\u00e1ll\u00e1son lakott, melyet a gr. biztos\u00edtott neki, s melyet a h\u00e1l\u00e1s tan\u00edtv\u00e1ny gr. Kendeffy Roz\u00e1lia br. Wass Farkasn\u00e9 k\u00e9s\u0151bb neki aj\u00e1nd\u00e9kozott. Mag\u00e1niskol\u00e1t tartott fenn, ahol f\u0151leg n\u00e9met nyelvet tan\u00edtott, egyben pr\u00e9dik\u00e1tora volt az akkor m\u00e9g csek\u00e9ly sz\u00e1m\u00fa \u00e9s szervezetlen luter\u00e1nus h\u00edv\u0151knek. Nyelvtan\u00e1r volt a mv.-i Ref. Koll.-ban is. Gy\u00e1szjelent\u00e9s\u00e9t Bolyai Farkas adta ki. \u2013 <strong>F. m.:<\/strong> Ode dem Andenken des verewigten Grafen \u00c1d\u00e1m Kendeffi von Malomv\u00edz (Mv., 1834). <br \/><strong>Irod.:<\/strong> Gy\u00e1szjelent\u0151; Id\u0151t\u00e1r 1; Kr\u00f3n. F\u00fcz. (1939. 4\/7); Szab\u00f3 Mikl\u00f3s 2005; Szinnyei<\/br><\/p>\n","protected":false},"excerpt":{"rendered":"<p>L\u00fadv\u00e9g, 1775.? \u2020\u00a0Mv., 1837. j\u00fan. 21.: ev. lelkip\u00e1sztor, n\u00e9metnyelvtan\u00edt\u00f3 \u00e9s nevel\u0151. \u2013 Ev. lelk\u00e9sz fia. Az \u0151 fia: K\u00e1roly, gy\u00f3gyszer\u00e9sz. \u2013 Ifj\u00fakor\u00e1ban ker\u00fclt Mv. -re, ahol Kendeffi \u00c1d\u00e1m mellett nevel\u0151sk\u00f6d\u00f6tt. Azon a sz\u00e1ll\u00e1son lakott, melyet a gr. biztos\u00edtott neki, s melyet a h\u00e1l\u00e1s tan\u00edtv\u00e1ny gr. Kendeffy Roz\u00e1lia br. Wass Farkasn\u00e9 k\u00e9s\u0151bb neki aj\u00e1nd\u00e9kozott. Mag\u00e1niskol\u00e1t tartott [&hellip;]<\/p>\n","protected":false},"featured_media":0,"comment_status":"open","ping_status":"closed","template":"","meta":[],"product_brand":[],"product_cat":[137],"product_tag":[],"class_list":{"0":"post-8962","1":"product","2":"type-product","3":"status-publish","5":"product_cat-maros-megyei-eletrajzi-lexikon","7":"first","8":"instock","9":"shipping-taxable","10":"product-type-simple"},"_links":{"self":[{"href":"https:\/\/uj.adatbank.ro\/lexikon\/wp-json\/wp\/v2\/product\/8962","targetHints":{"allow":["GET"]}}],"collection":[{"href":"https:\/\/uj.adatbank.ro\/lexikon\/wp-json\/wp\/v2\/product"}],"about":[{"href":"https:\/\/uj.adatbank.ro\/lexikon\/wp-json\/wp\/v2\/types\/product"}],"replies":[{"embeddable":true,"href":"https:\/\/uj.adatbank.ro\/lexikon\/wp-json\/wp\/v2\/comments?post=8962"}],"wp:attachment":[{"href":"https:\/\/uj.adatbank.ro\/lexikon\/wp-json\/wp\/v2\/media?parent=8962"}],"wp:term":[{"taxonomy":"product_brand","embeddable":true,"href":"https:\/\/uj.adatbank.ro\/lexikon\/wp-json\/wp\/v2\/product_brand?post=8962"},{"taxonomy":"product_cat","embeddable":true,"href":"https:\/\/uj.adatbank.ro\/lexikon\/wp-json\/wp\/v2\/product_cat?post=8962"},{"taxonomy":"product_tag","embeddable":true,"href":"https:\/\/uj.adatbank.ro\/lexikon\/wp-json\/wp\/v2\/product_tag?post=8962"}],"curies":[{"name":"wp","href":"https:\/\/api.w.org\/{rel}","templated":true}]}}