{"id":8968,"date":"2025-06-29T10:44:23","date_gmt":"2025-06-29T08:44:23","guid":{"rendered":"https:\/\/uj.adatbank.ro\/lexikon\/termek\/goldner-michael-2\/"},"modified":"2025-06-29T10:44:23","modified_gmt":"2025-06-29T08:44:23","slug":"goldner-michael-2","status":"publish","type":"product","link":"https:\/\/uj.adatbank.ro\/lexikon\/termek\/goldner-michael-2\/","title":{"rendered":"G\u00d6LDNER Michael"},"content":{"rendered":"<p>? \u2020 1679.: polg\u00e1rmester. \u2013 Segesv\u00e1ri polg\u00e1r, esk\u00fcdt (1658), folnagy (1660), tan\u00e1csbeli (1661), sz\u00e9kb\u00edr\u00f3 (1662), kir\u00e1lyb\u00edr\u00f3 (1663\u201364), alpolg\u00e1rmester (1673\u201374), polg\u00e1rmester (1665\u201366, 1670, 1675\u201377). <br \/><strong>Irod.:<\/strong> Kraus: Erd\u00e9lyi kr\u00f3nika<\/br><\/p>\n","protected":false},"excerpt":{"rendered":"<p>? \u2020 1679.: polg\u00e1rmester. \u2013 Segesv\u00e1ri polg\u00e1r, esk\u00fcdt (1658), folnagy (1660), tan\u00e1csbeli (1661), sz\u00e9kb\u00edr\u00f3 (1662), kir\u00e1lyb\u00edr\u00f3 (1663\u201364), alpolg\u00e1rmester (1673\u201374), polg\u00e1rmester (1665\u201366, 1670, 1675\u201377). Irod.: Kraus: Erd\u00e9lyi kr\u00f3nika<\/p>\n","protected":false},"featured_media":0,"comment_status":"open","ping_status":"closed","template":"","meta":[],"product_brand":[],"product_cat":[137],"product_tag":[],"class_list":{"0":"post-8968","1":"product","2":"type-product","3":"status-publish","5":"product_cat-maros-megyei-eletrajzi-lexikon","7":"first","8":"instock","9":"shipping-taxable","10":"product-type-simple"},"_links":{"self":[{"href":"https:\/\/uj.adatbank.ro\/lexikon\/wp-json\/wp\/v2\/product\/8968","targetHints":{"allow":["GET"]}}],"collection":[{"href":"https:\/\/uj.adatbank.ro\/lexikon\/wp-json\/wp\/v2\/product"}],"about":[{"href":"https:\/\/uj.adatbank.ro\/lexikon\/wp-json\/wp\/v2\/types\/product"}],"replies":[{"embeddable":true,"href":"https:\/\/uj.adatbank.ro\/lexikon\/wp-json\/wp\/v2\/comments?post=8968"}],"wp:attachment":[{"href":"https:\/\/uj.adatbank.ro\/lexikon\/wp-json\/wp\/v2\/media?parent=8968"}],"wp:term":[{"taxonomy":"product_brand","embeddable":true,"href":"https:\/\/uj.adatbank.ro\/lexikon\/wp-json\/wp\/v2\/product_brand?post=8968"},{"taxonomy":"product_cat","embeddable":true,"href":"https:\/\/uj.adatbank.ro\/lexikon\/wp-json\/wp\/v2\/product_cat?post=8968"},{"taxonomy":"product_tag","embeddable":true,"href":"https:\/\/uj.adatbank.ro\/lexikon\/wp-json\/wp\/v2\/product_tag?post=8968"}],"curies":[{"name":"wp","href":"https:\/\/api.w.org\/{rel}","templated":true}]}}