{"id":8969,"date":"2025-06-29T10:44:24","date_gmt":"2025-06-29T08:44:24","guid":{"rendered":"https:\/\/uj.adatbank.ro\/lexikon\/termek\/goldner-nandor\/"},"modified":"2025-06-29T10:44:24","modified_gmt":"2025-06-29T08:44:24","slug":"goldner-nandor","status":"publish","type":"product","link":"https:\/\/uj.adatbank.ro\/lexikon\/termek\/goldner-nandor\/","title":{"rendered":"G\u00d6LDNER N\u00e1ndor"},"content":{"rendered":"<p>Mv., 1826. nov. 11., \u2020 Mv., 1897. j\u00fal. 19. : tan\u00e1r. \u2013 Feles\u00e9ge: H\u00f6rl Katalin (1832.? \u2013 Mv., 1865. m\u00e1j. 19.). Gyermekeik: Katalin, Mari, K\u00e1roly, J\u00f3zsef. \u2013 Tanult Mv.-en a Ref. Koll.-ban, (1838\u201346), Nagyenyeden jogot (\u20131848). A szabads\u00e1gharcban Kiss Istv\u00e1n \u0151rnagy mellett szolg\u00e1lt a parancsnoki irod\u00e1ban mint helyettes v\u00e1rparancsnok (1848), majd az ad\u00f3hivataln\u00e1l dolgozott; a Ref. Koll.-ban n\u00e9met nyelv \u00e9s irodalmat tan\u00edtott (1855\u201369, 1878\u201392), ugyanakkor jegyz\u0151k\u00f6nyvvezet\u0151 \u00e9s p\u00e9nzt\u00e1rnok; dolgozott m\u00e9g a mv.-i Kereskedelmi \u00e9s Hitelbankn\u00e1l mint p\u00e9nzt\u00e1ros. A Ref. Dal\u00e1rda p\u00e9nzt\u00e1rnoka (1867\u201368. febr. 9.), a kisded\u00f3v\u00f3 jegyz\u0151je (1880). A Koll. tan\u00e1cskoz\u00f3 test\u00fclet\u00e9nek volt a tagja, hal\u00e1la ut\u00e1n Bari Zsigmond p\u00e9nzt\u00e1ros k\u00f6vette (1897\u2013). A KMTT tagja (1876). \u2013 <strong>F. m.:<\/strong> Gyakorlati n\u00e9met nyelvtan (Mv., 1859\u201360); N\u00e9met nyelvtan iskolai \u00e9s mag\u00e1n haszn\u00e1latra (Mv., 1884); <strong>ford.:<\/strong> Sartorius von Waltershausen W.: Gauss Eml\u00e9kezete. (Brezn\u00f3b\u00e1nya, 1903). <br \/><strong>Irod.:<\/strong> Eml\u00e9kk\u00f6nyv a K. M. Term\u00e9szettudom\u00e1nyi T\u00e1rsulat f\u00e9lsz\u00e1zados jubileum\u00e1n (Bp., 1892); Id\u0151t\u00e1r 2; Gy\u00e1szjelent\u0151; Kelemen Lajos; Koncz; KMTT; Par\u00e1di; Sebesty\u00e9n; Szinnyei<\/br><\/p>\n","protected":false},"excerpt":{"rendered":"<p>Mv., 1826. nov. 11., \u2020 Mv., 1897. j\u00fal. 19. : tan\u00e1r. \u2013 Feles\u00e9ge: H\u00f6rl Katalin (1832.? \u2013 Mv., 1865. m\u00e1j. 19.). Gyermekeik: Katalin, Mari, K\u00e1roly, J\u00f3zsef. \u2013 Tanult Mv.-en a Ref. Koll.-ban, (1838\u201346), Nagyenyeden jogot (\u20131848). A szabads\u00e1gharcban Kiss Istv\u00e1n \u0151rnagy mellett szolg\u00e1lt a parancsnoki irod\u00e1ban mint helyettes v\u00e1rparancsnok (1848), majd az ad\u00f3hivataln\u00e1l dolgozott; a [&hellip;]<\/p>\n","protected":false},"featured_media":0,"comment_status":"open","ping_status":"closed","template":"","meta":[],"product_brand":[],"product_cat":[137],"product_tag":[],"class_list":{"0":"post-8969","1":"product","2":"type-product","3":"status-publish","5":"product_cat-maros-megyei-eletrajzi-lexikon","7":"first","8":"instock","9":"shipping-taxable","10":"product-type-simple"},"_links":{"self":[{"href":"https:\/\/uj.adatbank.ro\/lexikon\/wp-json\/wp\/v2\/product\/8969","targetHints":{"allow":["GET"]}}],"collection":[{"href":"https:\/\/uj.adatbank.ro\/lexikon\/wp-json\/wp\/v2\/product"}],"about":[{"href":"https:\/\/uj.adatbank.ro\/lexikon\/wp-json\/wp\/v2\/types\/product"}],"replies":[{"embeddable":true,"href":"https:\/\/uj.adatbank.ro\/lexikon\/wp-json\/wp\/v2\/comments?post=8969"}],"wp:attachment":[{"href":"https:\/\/uj.adatbank.ro\/lexikon\/wp-json\/wp\/v2\/media?parent=8969"}],"wp:term":[{"taxonomy":"product_brand","embeddable":true,"href":"https:\/\/uj.adatbank.ro\/lexikon\/wp-json\/wp\/v2\/product_brand?post=8969"},{"taxonomy":"product_cat","embeddable":true,"href":"https:\/\/uj.adatbank.ro\/lexikon\/wp-json\/wp\/v2\/product_cat?post=8969"},{"taxonomy":"product_tag","embeddable":true,"href":"https:\/\/uj.adatbank.ro\/lexikon\/wp-json\/wp\/v2\/product_tag?post=8969"}],"curies":[{"name":"wp","href":"https:\/\/api.w.org\/{rel}","templated":true}]}}

GÖLDNER Nándor

<p>Mv., 1826. nov. 11., † Mv., 1897. júl. 19. : tanár. – Felesége: Hörl Katalin (1832.? – Mv., 1865. máj. 19.). Gyermekeik: Katalin, Mari, Károly, József. – Tanult Mv.-en a Ref. Koll.-ban, (1838–46), Nagyenyeden jogot (–1848). A szabadságharcban Kiss István őrnagy mellett szolgált a parancsnoki irodában mint helyettes várparancsnok (1848), majd az adóhivatalnál dolgozott; a Ref. Koll.-ban német nyelv és irodalmat tanított (1855–69, 1878–92), ugyanakkor jegyzőkönyvvezető és pénztárnok; dolgozott még a mv.-i Kereskedelmi és Hitelbanknál mint pénztáros. A Ref. Dalárda pénztárnoka (1867–68. febr. 9.), a kisdedóvó jegyzője (1880). A Koll. tanácskozó testületének volt a tagja, halála után Bari Zsigmond pénztáros követte (1897–). A KMTT tagja (1876). – <strong>F. m.:</strong> Gyakorlati német nyelvtan (Mv., 1859–60); Német nyelvtan iskolai és magán használatra (Mv., 1884); <strong>ford.:</strong> Sartorius von Waltershausen W.: Gauss Emlékezete. (Breznóbánya, 1903). <br /><strong>Irod.:</strong> Emlékkönyv a K. M. Természettudományi Társulat félszázados jubileumán (Bp., 1892); Időtár 2; Gyászjelentő; Kelemen Lajos; Koncz; KMTT; Parádi; Sebestyén; Szinnyei</br></p>

<p>Mv., 1826. nov. 11., † Mv., 1897. júl. 19. : tanár. – Felesége: Hörl Katalin (1832.? – Mv., 1865. máj. 19.). Gyermekeik: Katalin, Mari, Károly, József. – Tanult Mv.-en a Ref. Koll.-ban, (1838–46), Nagyenyeden jogot (–1848). A szabadságharcban Kiss István őrnagy mellett szolgált a parancsnoki irodában mint helyettes várparancsnok (1848), majd az adóhivatalnál dolgozott; a [&hellip;]</p>
