{"id":8970,"date":"2025-06-29T10:44:25","date_gmt":"2025-06-29T08:44:25","guid":{"rendered":"https:\/\/uj.adatbank.ro\/lexikon\/termek\/goldner-stephan\/"},"modified":"2025-06-29T10:44:25","modified_gmt":"2025-06-29T08:44:25","slug":"goldner-stephan","status":"publish","type":"product","link":"https:\/\/uj.adatbank.ro\/lexikon\/termek\/goldner-stephan\/","title":{"rendered":"GOLDNER Stephan"},"content":{"rendered":"<p>? \u2020 ? : tan\u00e1cstag. \u2013 Hossz\u00fa \u00e9veken kereszt\u00fcl a segesv\u00e1ri tan\u00e1cs tagja, kor\u00e1nak hiteles kr\u00f3nik\u00e1sa, aki az Apoldi Sz\u00e1sz K\u00f6z\u00f6ss\u00e9g K\u00f6nyv\u00e9t vezette. Meg\u00f6r\u00f6k\u00edtette a falu \u00e9let\u00e9nek jelent\u0151sebb esem\u00e9nyeit \u00e9s felsorolta a 17. sz.-ban a hann (falub\u00edr\u00f3) \u00e9s jegyz\u0151 tiszts\u00e9g\u00e9t bet\u00f6lt\u00f6tt szem\u00e9lyek nev\u00e9t (1684). Feljegyz\u00e9sei ma \u00e9rt\u00e9kes dokumentumok. <br \/><strong>Irod.:<\/strong> Apold<\/br><\/p>\n","protected":false},"excerpt":{"rendered":"<p>? \u2020 ? : tan\u00e1cstag. \u2013 Hossz\u00fa \u00e9veken kereszt\u00fcl a segesv\u00e1ri tan\u00e1cs tagja, kor\u00e1nak hiteles kr\u00f3nik\u00e1sa, aki az Apoldi Sz\u00e1sz K\u00f6z\u00f6ss\u00e9g K\u00f6nyv\u00e9t vezette. Meg\u00f6r\u00f6k\u00edtette a falu \u00e9let\u00e9nek jelent\u0151sebb esem\u00e9nyeit \u00e9s felsorolta a 17. sz.-ban a hann (falub\u00edr\u00f3) \u00e9s jegyz\u0151 tiszts\u00e9g\u00e9t bet\u00f6lt\u00f6tt szem\u00e9lyek nev\u00e9t (1684). Feljegyz\u00e9sei ma \u00e9rt\u00e9kes dokumentumok. Irod.: Apold<\/p>\n","protected":false},"featured_media":0,"comment_status":"open","ping_status":"closed","template":"","meta":[],"product_brand":[],"product_cat":[137],"product_tag":[],"class_list":{"0":"post-8970","1":"product","2":"type-product","3":"status-publish","5":"product_cat-maros-megyei-eletrajzi-lexikon","7":"first","8":"instock","9":"shipping-taxable","10":"product-type-simple"},"_links":{"self":[{"href":"https:\/\/uj.adatbank.ro\/lexikon\/wp-json\/wp\/v2\/product\/8970","targetHints":{"allow":["GET"]}}],"collection":[{"href":"https:\/\/uj.adatbank.ro\/lexikon\/wp-json\/wp\/v2\/product"}],"about":[{"href":"https:\/\/uj.adatbank.ro\/lexikon\/wp-json\/wp\/v2\/types\/product"}],"replies":[{"embeddable":true,"href":"https:\/\/uj.adatbank.ro\/lexikon\/wp-json\/wp\/v2\/comments?post=8970"}],"wp:attachment":[{"href":"https:\/\/uj.adatbank.ro\/lexikon\/wp-json\/wp\/v2\/media?parent=8970"}],"wp:term":[{"taxonomy":"product_brand","embeddable":true,"href":"https:\/\/uj.adatbank.ro\/lexikon\/wp-json\/wp\/v2\/product_brand?post=8970"},{"taxonomy":"product_cat","embeddable":true,"href":"https:\/\/uj.adatbank.ro\/lexikon\/wp-json\/wp\/v2\/product_cat?post=8970"},{"taxonomy":"product_tag","embeddable":true,"href":"https:\/\/uj.adatbank.ro\/lexikon\/wp-json\/wp\/v2\/product_tag?post=8970"}],"curies":[{"name":"wp","href":"https:\/\/api.w.org\/{rel}","templated":true}]}}

<p>? † ? : tanácstag. – Hosszú éveken keresztül a segesvári tanács tagja, korának hiteles krónikása, aki az Apoldi Szász Közösség Könyvét vezette. Megörökítette a falu életének jelentősebb eseményeit és felsorolta a 17. sz.-ban a hann (falubíró) és jegyző tisztségét betöltött személyek nevét (1684). Feljegyzései ma értékes dokumentumok. <br /><strong>Irod.:</strong> Apold</br></p>

<p>? † ? : tanácstag. – Hosszú éveken keresztül a segesvári tanács tagja, korának hiteles krónikása, aki az Apoldi Szász Közösség Könyvét vezette. Megörökítette a falu életének jelentősebb eseményeit és felsorolta a 17. sz.-ban a hann (falubíró) és jegyző tisztségét betöltött személyek nevét (1684). Feljegyzései ma értékes dokumentumok. Irod.: Apold</p>
