{"id":8973,"date":"2025-06-29T10:44:33","date_gmt":"2025-06-29T08:44:33","guid":{"rendered":"https:\/\/uj.adatbank.ro\/lexikon\/termek\/goldstein-dezso-%c2%a7\/"},"modified":"2025-06-29T10:44:33","modified_gmt":"2025-06-29T08:44:33","slug":"goldstein-dezso-%c2%a7","status":"publish","type":"product","link":"https:\/\/uj.adatbank.ro\/lexikon\/termek\/goldstein-dezso-%c2%a7\/","title":{"rendered":"GOLDSTEIN Dezs\u0151, \u00a7"},"content":{"rendered":"<p>? \u2020\u00a0? : malomtulajdonos. \u2013 Az I. vh.-ban (1914. okt. \u2013 18. nov.) az 50. gy. ezredben gyalogos. A mv.-i Kossuth u. 93. sz alatt tal\u00e1lhat\u00f3 Hedvig Malomot k\u00f6z\u00f6sen Heller M\u00f3zessel l\u00e9tes\u00edtett\u00e9k. 29 munk\u00e1ssal dolgozott (1922. m\u00e1j. 16. \u2013). \u00c1llamos\u00edtott\u00e1k (1948. j\u00fan. 11.). Mv. -r\u0151l deport\u00e1lt\u00e1k feles\u00e9g\u00e9vel egy\u00fctt (1944. m\u00e1j. 29.). <br \/><strong>Irod.:<\/strong> Bartos Zolt\u00e1n; M. hadviselt zsid\u00f3k; Pan\u0103; Mv. zsid\u00f3s\u00e1ga<\/br><\/p>\n","protected":false},"excerpt":{"rendered":"<p>? \u2020\u00a0? : malomtulajdonos. \u2013 Az I. vh.-ban (1914. okt. \u2013 18. nov.) az 50. gy. ezredben gyalogos. A mv.-i Kossuth u. 93. sz alatt tal\u00e1lhat\u00f3 Hedvig Malomot k\u00f6z\u00f6sen Heller M\u00f3zessel l\u00e9tes\u00edtett\u00e9k. 29 munk\u00e1ssal dolgozott (1922. m\u00e1j. 16. \u2013). \u00c1llamos\u00edtott\u00e1k (1948. j\u00fan. 11.). Mv. -r\u0151l deport\u00e1lt\u00e1k feles\u00e9g\u00e9vel egy\u00fctt (1944. m\u00e1j. 29.). Irod.: Bartos Zolt\u00e1n; M. [&hellip;]<\/p>\n","protected":false},"featured_media":0,"comment_status":"open","ping_status":"closed","template":"","meta":[],"product_brand":[],"product_cat":[137],"product_tag":[],"class_list":{"0":"post-8973","1":"product","2":"type-product","3":"status-publish","5":"product_cat-maros-megyei-eletrajzi-lexikon","7":"first","8":"instock","9":"shipping-taxable","10":"product-type-simple"},"_links":{"self":[{"href":"https:\/\/uj.adatbank.ro\/lexikon\/wp-json\/wp\/v2\/product\/8973","targetHints":{"allow":["GET"]}}],"collection":[{"href":"https:\/\/uj.adatbank.ro\/lexikon\/wp-json\/wp\/v2\/product"}],"about":[{"href":"https:\/\/uj.adatbank.ro\/lexikon\/wp-json\/wp\/v2\/types\/product"}],"replies":[{"embeddable":true,"href":"https:\/\/uj.adatbank.ro\/lexikon\/wp-json\/wp\/v2\/comments?post=8973"}],"wp:attachment":[{"href":"https:\/\/uj.adatbank.ro\/lexikon\/wp-json\/wp\/v2\/media?parent=8973"}],"wp:term":[{"taxonomy":"product_brand","embeddable":true,"href":"https:\/\/uj.adatbank.ro\/lexikon\/wp-json\/wp\/v2\/product_brand?post=8973"},{"taxonomy":"product_cat","embeddable":true,"href":"https:\/\/uj.adatbank.ro\/lexikon\/wp-json\/wp\/v2\/product_cat?post=8973"},{"taxonomy":"product_tag","embeddable":true,"href":"https:\/\/uj.adatbank.ro\/lexikon\/wp-json\/wp\/v2\/product_tag?post=8973"}],"curies":[{"name":"wp","href":"https:\/\/api.w.org\/{rel}","templated":true}]}}