{"id":8975,"date":"2025-06-29T10:44:35","date_gmt":"2025-06-29T08:44:35","guid":{"rendered":"https:\/\/uj.adatbank.ro\/lexikon\/termek\/goldstein-ida\/"},"modified":"2025-06-29T10:44:35","modified_gmt":"2025-06-29T08:44:35","slug":"goldstein-ida","status":"publish","type":"product","link":"https:\/\/uj.adatbank.ro\/lexikon\/termek\/goldstein-ida\/","title":{"rendered":"GOLDSTEIN Ida"},"content":{"rendered":"<p>? \u2020\u00a0? : f\u0171szer \u00e9s lisztkeresked\u0151. \u2013 Iskol\u00e1it Mv.-en v\u00e9gezte, \u00e9desapja mellett keresked\u00e9st tanult, majd Farkas Dezs\u0151 keresked\u0151 feles\u00e9ge lett, aki az \u00fczlet vezet\u00e9s\u00e9ben tev\u00e9keny r\u00e9szt vett \u00e9s annak vezet\u0151je volt, 4 alkalmazottat foglalkoztattak (1932\u2013). Az \u00fczlet olcs\u00f3 bev\u00e1s\u00e1rl\u00e1si forr\u00e1sa volt a v\u00e1rosnak. <br \/><strong>Irod.:<\/strong> Sz\u00e9kelyf\u00f6ld \u00ed. k<\/br><\/p>\n","protected":false},"excerpt":{"rendered":"<p>? \u2020\u00a0? : f\u0171szer \u00e9s lisztkeresked\u0151. \u2013 Iskol\u00e1it Mv.-en v\u00e9gezte, \u00e9desapja mellett keresked\u00e9st tanult, majd Farkas Dezs\u0151 keresked\u0151 feles\u00e9ge lett, aki az \u00fczlet vezet\u00e9s\u00e9ben tev\u00e9keny r\u00e9szt vett \u00e9s annak vezet\u0151je volt, 4 alkalmazottat foglalkoztattak (1932\u2013). Az \u00fczlet olcs\u00f3 bev\u00e1s\u00e1rl\u00e1si forr\u00e1sa volt a v\u00e1rosnak. Irod.: Sz\u00e9kelyf\u00f6ld \u00ed. k<\/p>\n","protected":false},"featured_media":0,"comment_status":"open","ping_status":"closed","template":"","meta":[],"product_brand":[],"product_cat":[137],"product_tag":[],"class_list":{"0":"post-8975","1":"product","2":"type-product","3":"status-publish","5":"product_cat-maros-megyei-eletrajzi-lexikon","7":"first","8":"instock","9":"shipping-taxable","10":"product-type-simple"},"_links":{"self":[{"href":"https:\/\/uj.adatbank.ro\/lexikon\/wp-json\/wp\/v2\/product\/8975","targetHints":{"allow":["GET"]}}],"collection":[{"href":"https:\/\/uj.adatbank.ro\/lexikon\/wp-json\/wp\/v2\/product"}],"about":[{"href":"https:\/\/uj.adatbank.ro\/lexikon\/wp-json\/wp\/v2\/types\/product"}],"replies":[{"embeddable":true,"href":"https:\/\/uj.adatbank.ro\/lexikon\/wp-json\/wp\/v2\/comments?post=8975"}],"wp:attachment":[{"href":"https:\/\/uj.adatbank.ro\/lexikon\/wp-json\/wp\/v2\/media?parent=8975"}],"wp:term":[{"taxonomy":"product_brand","embeddable":true,"href":"https:\/\/uj.adatbank.ro\/lexikon\/wp-json\/wp\/v2\/product_brand?post=8975"},{"taxonomy":"product_cat","embeddable":true,"href":"https:\/\/uj.adatbank.ro\/lexikon\/wp-json\/wp\/v2\/product_cat?post=8975"},{"taxonomy":"product_tag","embeddable":true,"href":"https:\/\/uj.adatbank.ro\/lexikon\/wp-json\/wp\/v2\/product_tag?post=8975"}],"curies":[{"name":"wp","href":"https:\/\/api.w.org\/{rel}","templated":true}]}}

<p>? † ? : fűszer és lisztkereskedő. – Iskoláit Mv.-en végezte, édesapja mellett kereskedést tanult, majd Farkas Dezső kereskedő felesége lett, aki az üzlet vezetésében tevékeny részt vett és annak vezetője volt, 4 alkalmazottat foglalkoztattak (1932–). Az üzlet olcsó bevásárlási forrása volt a városnak. <br /><strong>Irod.:</strong> Székelyföld í. k</br></p>

<p>? † ? : fűszer és lisztkereskedő. – Iskoláit Mv.-en végezte, édesapja mellett kereskedést tanult, majd Farkas Dezső kereskedő felesége lett, aki az üzlet vezetésében tevékeny részt vett és annak vezetője volt, 4 alkalmazottat foglalkoztattak (1932–). Az üzlet olcsó bevásárlási forrása volt a városnak. Irod.: Székelyföld í. k</p>
