{"id":8990,"date":"2025-06-29T10:45:09","date_gmt":"2025-06-29T08:45:09","guid":{"rendered":"https:\/\/uj.adatbank.ro\/lexikon\/termek\/gombas-jozsef-szalontai\/"},"modified":"2025-06-29T10:45:09","modified_gmt":"2025-06-29T08:45:09","slug":"gombas-jozsef-szalontai","status":"publish","type":"product","link":"https:\/\/uj.adatbank.ro\/lexikon\/termek\/gombas-jozsef-szalontai\/","title":{"rendered":"GOMB\u00c1S J\u00f3zsef, szalontai"},"content":{"rendered":"<p>? \u2020\u00a01900 : birtokos. \u2013 Ugr\u00e1n volt birtokos, v\u00e1rosi p\u00e9nzt\u00e1rnok. \u2013 A mv.-i v\u00e1rosi szesz- \u00e9s p\u00e1linkaj\u00f6vedelem b\u00e9rl\u0151je (1870\u201371), v\u00e1rosi p\u00e9nzt\u00e1rnok (1872\u201384), a v\u00e1rosi k\u00e9pvisel\u0151test\u00fclet tagja. R\u00e9szt vett az Erd\u00e9lyi Ref. Egyh\u00e1zker. Kv.-on (1888. szept. 29-okt. 2) tartott k\u00f6zgy\u0171l\u00e9s\u00e9n. A v\u00e1rosi ad\u00f3v\u00e9grehajt\u00f3 feljelentette a v\u00e1rosi ad\u00f3p\u00e9nzt\u00e1r kezel\u0151it (G. J. -et, Gereskovits J\u00f3zsefet \u00e9s Izay Luk\u00e1csot) sikkaszt\u00e1s gyan\u00faj\u00e1val (1894. j\u00fan. 15.). <br \/><strong>Irod.:<\/strong> Az Erd\u00e9lyi Ev. Ref. Egyh\u00e1zker\u00fclet Kv.-on 1888. szept. 29-okt. 2. tartott k\u00f6zgy\u0171l\u00e9s\u00e9nek jegyz\u0151k\u00f6nyve; Id\u0151tr 5 \/1; P\u00e1lmay<\/br><\/p>\n","protected":false},"excerpt":{"rendered":"<p>? \u2020\u00a01900 : birtokos. \u2013 Ugr\u00e1n volt birtokos, v\u00e1rosi p\u00e9nzt\u00e1rnok. \u2013 A mv.-i v\u00e1rosi szesz- \u00e9s p\u00e1linkaj\u00f6vedelem b\u00e9rl\u0151je (1870\u201371), v\u00e1rosi p\u00e9nzt\u00e1rnok (1872\u201384), a v\u00e1rosi k\u00e9pvisel\u0151test\u00fclet tagja. R\u00e9szt vett az Erd\u00e9lyi Ref. Egyh\u00e1zker. Kv.-on (1888. szept. 29-okt. 2) tartott k\u00f6zgy\u0171l\u00e9s\u00e9n. A v\u00e1rosi ad\u00f3v\u00e9grehajt\u00f3 feljelentette a v\u00e1rosi ad\u00f3p\u00e9nzt\u00e1r kezel\u0151it (G. J. -et, Gereskovits J\u00f3zsefet \u00e9s Izay Luk\u00e1csot) [&hellip;]<\/p>\n","protected":false},"featured_media":0,"comment_status":"open","ping_status":"closed","template":"","meta":[],"product_brand":[],"product_cat":[137],"product_tag":[],"class_list":{"0":"post-8990","1":"product","2":"type-product","3":"status-publish","5":"product_cat-maros-megyei-eletrajzi-lexikon","7":"first","8":"instock","9":"shipping-taxable","10":"product-type-simple"},"_links":{"self":[{"href":"https:\/\/uj.adatbank.ro\/lexikon\/wp-json\/wp\/v2\/product\/8990","targetHints":{"allow":["GET"]}}],"collection":[{"href":"https:\/\/uj.adatbank.ro\/lexikon\/wp-json\/wp\/v2\/product"}],"about":[{"href":"https:\/\/uj.adatbank.ro\/lexikon\/wp-json\/wp\/v2\/types\/product"}],"replies":[{"embeddable":true,"href":"https:\/\/uj.adatbank.ro\/lexikon\/wp-json\/wp\/v2\/comments?post=8990"}],"wp:attachment":[{"href":"https:\/\/uj.adatbank.ro\/lexikon\/wp-json\/wp\/v2\/media?parent=8990"}],"wp:term":[{"taxonomy":"product_brand","embeddable":true,"href":"https:\/\/uj.adatbank.ro\/lexikon\/wp-json\/wp\/v2\/product_brand?post=8990"},{"taxonomy":"product_cat","embeddable":true,"href":"https:\/\/uj.adatbank.ro\/lexikon\/wp-json\/wp\/v2\/product_cat?post=8990"},{"taxonomy":"product_tag","embeddable":true,"href":"https:\/\/uj.adatbank.ro\/lexikon\/wp-json\/wp\/v2\/product_tag?post=8990"}],"curies":[{"name":"wp","href":"https:\/\/api.w.org\/{rel}","templated":true}]}}

GOMBÁS József, szalontai

<p>? † 1900 : birtokos. – Ugrán volt birtokos, városi pénztárnok. – A mv.-i városi szesz- és pálinkajövedelem bérlője (1870–71), városi pénztárnok (1872–84), a városi képviselőtestület tagja. Részt vett az Erdélyi Ref. Egyházker. Kv.-on (1888. szept. 29-okt. 2) tartott közgyűlésén. A városi adóvégrehajtó feljelentette a városi adópénztár kezelőit (G. J. -et, Gereskovits Józsefet és Izay Lukácsot) sikkasztás gyanújával (1894. jún. 15.). <br /><strong>Irod.:</strong> Az Erdélyi Ev. Ref. Egyházkerület Kv.-on 1888. szept. 29-okt. 2. tartott közgyűlésének jegyzőkönyve; Időtr 5 /1; Pálmay</br></p>

<p>? † 1900 : birtokos. – Ugrán volt birtokos, városi pénztárnok. – A mv.-i városi szesz- és pálinkajövedelem bérlője (1870–71), városi pénztárnok (1872–84), a városi képviselőtestület tagja. Részt vett az Erdélyi Ref. Egyházker. Kv.-on (1888. szept. 29-okt. 2) tartott közgyűlésén. A városi adóvégrehajtó feljelentette a városi adópénztár kezelőit (G. J. -et, Gereskovits Józsefet és Izay Lukácsot) [&hellip;]</p>
