{"id":8991,"date":"2025-06-29T10:45:11","date_gmt":"2025-06-29T08:45:11","guid":{"rendered":"https:\/\/uj.adatbank.ro\/lexikon\/termek\/gombas-jozsef-szalontai-id\/"},"modified":"2025-06-29T10:45:11","modified_gmt":"2025-06-29T08:45:11","slug":"gombas-jozsef-szalontai-id","status":"publish","type":"product","link":"https:\/\/uj.adatbank.ro\/lexikon\/termek\/gombas-jozsef-szalontai-id\/","title":{"rendered":"GOMB\u00c1S J\u00f3zsef, szalontai, id."},"content":{"rendered":"<p>1807.? \u2020\u00a0Mv., 1879. febr. 27.: p\u00e9nzt\u00e1rnok. \u2013 Gyermekeik: J\u00f3zsef, feles\u00e9ge: Wessely Anna; K\u00e1rolina Stasser Lip\u00f3tn\u00e9; Polix\u00e9nia Bukaresti J\u00e1nosn\u00e9; Am\u00e1lia Nagy Frencn\u00e9; Vilma. \u2013 Mv.-i v\u00e1rosi p\u00e9nzt\u00e1rnok. <br \/><strong>Irod.:<\/strong> Gy\u00e1szjelent\u0151<\/br><\/p>\n","protected":false},"excerpt":{"rendered":"<p>1807.? \u2020\u00a0Mv., 1879. febr. 27.: p\u00e9nzt\u00e1rnok. \u2013 Gyermekeik: J\u00f3zsef, feles\u00e9ge: Wessely Anna; K\u00e1rolina Stasser Lip\u00f3tn\u00e9; Polix\u00e9nia Bukaresti J\u00e1nosn\u00e9; Am\u00e1lia Nagy Frencn\u00e9; Vilma. \u2013 Mv.-i v\u00e1rosi p\u00e9nzt\u00e1rnok. Irod.: Gy\u00e1szjelent\u0151<\/p>\n","protected":false},"featured_media":0,"comment_status":"open","ping_status":"closed","template":"","meta":[],"product_brand":[],"product_cat":[137],"product_tag":[],"class_list":{"0":"post-8991","1":"product","2":"type-product","3":"status-publish","5":"product_cat-maros-megyei-eletrajzi-lexikon","7":"first","8":"instock","9":"shipping-taxable","10":"product-type-simple"},"_links":{"self":[{"href":"https:\/\/uj.adatbank.ro\/lexikon\/wp-json\/wp\/v2\/product\/8991","targetHints":{"allow":["GET"]}}],"collection":[{"href":"https:\/\/uj.adatbank.ro\/lexikon\/wp-json\/wp\/v2\/product"}],"about":[{"href":"https:\/\/uj.adatbank.ro\/lexikon\/wp-json\/wp\/v2\/types\/product"}],"replies":[{"embeddable":true,"href":"https:\/\/uj.adatbank.ro\/lexikon\/wp-json\/wp\/v2\/comments?post=8991"}],"wp:attachment":[{"href":"https:\/\/uj.adatbank.ro\/lexikon\/wp-json\/wp\/v2\/media?parent=8991"}],"wp:term":[{"taxonomy":"product_brand","embeddable":true,"href":"https:\/\/uj.adatbank.ro\/lexikon\/wp-json\/wp\/v2\/product_brand?post=8991"},{"taxonomy":"product_cat","embeddable":true,"href":"https:\/\/uj.adatbank.ro\/lexikon\/wp-json\/wp\/v2\/product_cat?post=8991"},{"taxonomy":"product_tag","embeddable":true,"href":"https:\/\/uj.adatbank.ro\/lexikon\/wp-json\/wp\/v2\/product_tag?post=8991"}],"curies":[{"name":"wp","href":"https:\/\/api.w.org\/{rel}","templated":true}]}}