{"id":8992,"date":"2025-06-29T10:45:13","date_gmt":"2025-06-29T08:45:13","guid":{"rendered":"https:\/\/uj.adatbank.ro\/lexikon\/termek\/gombas-tibor\/"},"modified":"2025-06-29T10:45:13","modified_gmt":"2025-06-29T08:45:13","slug":"gombas-tibor","status":"publish","type":"product","link":"https:\/\/uj.adatbank.ro\/lexikon\/termek\/gombas-tibor\/","title":{"rendered":"GOMB\u00c1S Tibor"},"content":{"rendered":"<p>Nagykend, 1898. \u00e1pr. 4., \u2020\u00a0Bp., 1968. aug. 30: g\u00e9p\u00e9szm\u00e9rn\u00f6k, tudom\u00e1nyt\u00f6rt\u00e9n\u00e9sz. \u2013 Oklevel\u00e9t Bp.-en J\u00f3zsef M\u0171egyetem m\u00e9rn\u00f6ki kar\u00e1n szerezte (1922). A Ganz Mozdony-, Vagon \u2013 \u00e9s g\u00e9pgy\u00e1r munkat\u00e1rsa, majd a Ganz Technikum alap\u00edt\u00f3 tan\u00e1ra, igazgat\u00f3ja (1922\u201357). A BME Hadm\u00e9rn\u00f6ki Kar alap\u00edt\u00f3 el\u0151ad\u00f3 tan\u00e1ra (1954\u201357). D\u00edzelmotorok sz\u00e1m\u00edt\u00e1s \u2013 \u00e9s m\u00e9retez\u00e9stechnik\u00e1j\u00e1val, els\u0151sorban a leng\u00e9stani \u00e9s szil\u00e1rds\u00e1gi m\u00e9retez\u00e9s\u00e9vel foglalkozott. R\u00e9szt vett a M\u0171vel\u0151d\u00e9s\u00fcgyi Miniszt. m\u0171szaki eml\u00e9keket gy\u0171jt\u0151 \u00e9s nyilv\u00e1ntart\u00f3 csoportj\u00e1nak munk\u00e1j\u00e1ban, ill. kezdem\u00e9nyezte a M. M\u0171szaki M\u00fazeum megalap\u00edt\u00e1s\u00e1t. Tudom\u00e1nyt\u00f6rt\u00e9n\u00e9szk\u00e9nt els\u0151sorban B\u00e1nki D\u00f3n\u00e1t munk\u00e1ss\u00e1g\u00e1val foglalkozott. A M\u0171szaki Nagyjaink c. \u00e9letrajzgy\u0171jtem\u00e9ny szerkeszt\u0151je, ill. lektora (1967). \u2013 <strong>F. m.:<\/strong> G\u00e9prajz (Bp., 1950); B\u00e1nki Don\u00e1t szerepe a bels\u0151\u00e9g\u00e9s\u0171 motorok fejl\u0151d\u00e9s\u00e9ben. (J\u00e1rm\u0171vek, Mez\u0151gazdas\u00e1gi G\u00e9pek, 1959). <strong>t\u00e1rssz.:<\/strong> \u00c1br\u00e1zol\u00f3 m\u00e9rtan \u00e9s m\u0171szaki rajz (Egyetemi jegyzet Makk K\u00e1rollyal \u00e9s V\u00e1rosy P\u00e1llal; Bp., 1951). <br \/><strong>Irod.:<\/strong> Guly\u00e1s; R\u00daL<\/br><\/p>\n","protected":false},"excerpt":{"rendered":"<p>Nagykend, 1898. \u00e1pr. 4., \u2020\u00a0Bp., 1968. aug. 30: g\u00e9p\u00e9szm\u00e9rn\u00f6k, tudom\u00e1nyt\u00f6rt\u00e9n\u00e9sz. \u2013 Oklevel\u00e9t Bp.-en J\u00f3zsef M\u0171egyetem m\u00e9rn\u00f6ki kar\u00e1n szerezte (1922). A Ganz Mozdony-, Vagon \u2013 \u00e9s g\u00e9pgy\u00e1r munkat\u00e1rsa, majd a Ganz Technikum alap\u00edt\u00f3 tan\u00e1ra, igazgat\u00f3ja (1922\u201357). A BME Hadm\u00e9rn\u00f6ki Kar alap\u00edt\u00f3 el\u0151ad\u00f3 tan\u00e1ra (1954\u201357). D\u00edzelmotorok sz\u00e1m\u00edt\u00e1s \u2013 \u00e9s m\u00e9retez\u00e9stechnik\u00e1j\u00e1val, els\u0151sorban a leng\u00e9stani \u00e9s szil\u00e1rds\u00e1gi m\u00e9retez\u00e9s\u00e9vel foglalkozott. [&hellip;]<\/p>\n","protected":false},"featured_media":0,"comment_status":"open","ping_status":"closed","template":"","meta":[],"product_brand":[],"product_cat":[137],"product_tag":[],"class_list":{"0":"post-8992","1":"product","2":"type-product","3":"status-publish","5":"product_cat-maros-megyei-eletrajzi-lexikon","7":"first","8":"instock","9":"shipping-taxable","10":"product-type-simple"},"_links":{"self":[{"href":"https:\/\/uj.adatbank.ro\/lexikon\/wp-json\/wp\/v2\/product\/8992","targetHints":{"allow":["GET"]}}],"collection":[{"href":"https:\/\/uj.adatbank.ro\/lexikon\/wp-json\/wp\/v2\/product"}],"about":[{"href":"https:\/\/uj.adatbank.ro\/lexikon\/wp-json\/wp\/v2\/types\/product"}],"replies":[{"embeddable":true,"href":"https:\/\/uj.adatbank.ro\/lexikon\/wp-json\/wp\/v2\/comments?post=8992"}],"wp:attachment":[{"href":"https:\/\/uj.adatbank.ro\/lexikon\/wp-json\/wp\/v2\/media?parent=8992"}],"wp:term":[{"taxonomy":"product_brand","embeddable":true,"href":"https:\/\/uj.adatbank.ro\/lexikon\/wp-json\/wp\/v2\/product_brand?post=8992"},{"taxonomy":"product_cat","embeddable":true,"href":"https:\/\/uj.adatbank.ro\/lexikon\/wp-json\/wp\/v2\/product_cat?post=8992"},{"taxonomy":"product_tag","embeddable":true,"href":"https:\/\/uj.adatbank.ro\/lexikon\/wp-json\/wp\/v2\/product_tag?post=8992"}],"curies":[{"name":"wp","href":"https:\/\/api.w.org\/{rel}","templated":true}]}}

GOMBÁS Tibor

<p>Nagykend, 1898. ápr. 4., † Bp., 1968. aug. 30: gépészmérnök, tudománytörténész. – Oklevelét Bp.-en József Műegyetem mérnöki karán szerezte (1922). A Ganz Mozdony-, Vagon – és gépgyár munkatársa, majd a Ganz Technikum alapító tanára, igazgatója (1922–57). A BME Hadmérnöki Kar alapító előadó tanára (1954–57). Dízelmotorok számítás – és méretezéstechnikájával, elsősorban a lengéstani és szilárdsági méretezésével foglalkozott. Részt vett a Művelődésügyi Miniszt. műszaki emlékeket gyűjtő és nyilvántartó csoportjának munkájában, ill. kezdeményezte a M. Műszaki Múzeum megalapítását. Tudománytörténészként elsősorban Bánki Dónát munkásságával foglalkozott. A Műszaki Nagyjaink c. életrajzgyűjtemény szerkesztője, ill. lektora (1967). – <strong>F. m.:</strong> Géprajz (Bp., 1950); Bánki Donát szerepe a belsőégésű motorok fejlődésében. (Járművek, Mezőgazdasági Gépek, 1959). <strong>társsz.:</strong> Ábrázoló mértan és műszaki rajz (Egyetemi jegyzet Makk Károllyal és Városy Pállal; Bp., 1951). <br /><strong>Irod.:</strong> Gulyás; RÚL</br></p>

<p>Nagykend, 1898. ápr. 4., † Bp., 1968. aug. 30: gépészmérnök, tudománytörténész. – Oklevelét Bp.-en József Műegyetem mérnöki karán szerezte (1922). A Ganz Mozdony-, Vagon – és gépgyár munkatársa, majd a Ganz Technikum alapító tanára, igazgatója (1922–57). A BME Hadmérnöki Kar alapító előadó tanára (1954–57). Dízelmotorok számítás – és méretezéstechnikájával, elsősorban a lengéstani és szilárdsági méretezésével foglalkozott. [&hellip;]</p>
