{"id":8994,"date":"2025-06-29T10:45:18","date_gmt":"2025-06-29T08:45:18","guid":{"rendered":"https:\/\/uj.adatbank.ro\/lexikon\/termek\/gombkoto-istvan\/"},"modified":"2025-06-29T10:45:18","modified_gmt":"2025-06-29T08:45:18","slug":"gombkoto-istvan","status":"publish","type":"product","link":"https:\/\/uj.adatbank.ro\/lexikon\/termek\/gombkoto-istvan\/","title":{"rendered":"GOMBK\u00d6T\u0150 Istv\u00e1n"},"content":{"rendered":"<p>? \u2020\u00a0?: mv.-i polg\u00e1r. \u2013 A ferencesek, a kolostor szomsz\u00e9ds\u00e1g\u00e1ban l\u00e9v\u0151 telk\u00e9t \u00e9s h\u00e1z\u00e1t, megv\u00e1s\u00e1rolt\u00e1k (1748. aug. 6.) a templomuk sz\u00e1m\u00e1ra. <br \/><strong>Irod.:<\/strong> Gy\u00f6rgy: A ferencrendiek; Id\u0151t\u00e1r 1<\/br><\/p>\n","protected":false},"excerpt":{"rendered":"<p>? \u2020\u00a0?: mv.-i polg\u00e1r. \u2013 A ferencesek, a kolostor szomsz\u00e9ds\u00e1g\u00e1ban l\u00e9v\u0151 telk\u00e9t \u00e9s h\u00e1z\u00e1t, megv\u00e1s\u00e1rolt\u00e1k (1748. aug. 6.) a templomuk sz\u00e1m\u00e1ra. Irod.: Gy\u00f6rgy: A ferencrendiek; Id\u0151t\u00e1r 1<\/p>\n","protected":false},"featured_media":0,"comment_status":"open","ping_status":"closed","template":"","meta":[],"product_brand":[],"product_cat":[137],"product_tag":[],"class_list":{"0":"post-8994","1":"product","2":"type-product","3":"status-publish","5":"product_cat-maros-megyei-eletrajzi-lexikon","7":"first","8":"instock","9":"shipping-taxable","10":"product-type-simple"},"_links":{"self":[{"href":"https:\/\/uj.adatbank.ro\/lexikon\/wp-json\/wp\/v2\/product\/8994","targetHints":{"allow":["GET"]}}],"collection":[{"href":"https:\/\/uj.adatbank.ro\/lexikon\/wp-json\/wp\/v2\/product"}],"about":[{"href":"https:\/\/uj.adatbank.ro\/lexikon\/wp-json\/wp\/v2\/types\/product"}],"replies":[{"embeddable":true,"href":"https:\/\/uj.adatbank.ro\/lexikon\/wp-json\/wp\/v2\/comments?post=8994"}],"wp:attachment":[{"href":"https:\/\/uj.adatbank.ro\/lexikon\/wp-json\/wp\/v2\/media?parent=8994"}],"wp:term":[{"taxonomy":"product_brand","embeddable":true,"href":"https:\/\/uj.adatbank.ro\/lexikon\/wp-json\/wp\/v2\/product_brand?post=8994"},{"taxonomy":"product_cat","embeddable":true,"href":"https:\/\/uj.adatbank.ro\/lexikon\/wp-json\/wp\/v2\/product_cat?post=8994"},{"taxonomy":"product_tag","embeddable":true,"href":"https:\/\/uj.adatbank.ro\/lexikon\/wp-json\/wp\/v2\/product_tag?post=8994"}],"curies":[{"name":"wp","href":"https:\/\/api.w.org\/{rel}","templated":true}]}}