{"id":8998,"date":"2025-06-29T10:45:27","date_gmt":"2025-06-29T08:45:27","guid":{"rendered":"https:\/\/uj.adatbank.ro\/lexikon\/termek\/gombos-mihaly-%c2%a7\/"},"modified":"2025-06-29T10:45:27","modified_gmt":"2025-06-29T08:45:27","slug":"gombos-mihaly-%c2%a7","status":"publish","type":"product","link":"https:\/\/uj.adatbank.ro\/lexikon\/termek\/gombos-mihaly-%c2%a7\/","title":{"rendered":"GOMBOS Mih\u00e1ly, \u00a7"},"content":{"rendered":"<p>Backamadaras, 1914, \u2020\u00a0?: szab\u00f3, igazgat\u00f3. \u2013 Mv.-en volt szab\u00f3inas (1928\u2013), kapcsolatba l\u00e9pett a KISZ-szel (1931), a szakszervezeti mozgalommal, r\u00e9szt vett a mv.-i sztr\u00e1jk megszervez\u00e9s\u00e9ben (1934), dolgozott Gyergy\u00f3szentmikl\u00f3son, Kv.-on, Buk.-ben. Katonai szolg\u00e1latot v\u00e9gzett. Visszat\u00e9rt Mv. -re, a kommunista tev\u00e9kenys\u00e9g\u00e9\u00e9rt letart\u00f3ztatt\u00e1k, megk\u00ednozt\u00e1k (1941\u201342), ism\u00e9t perbefogt\u00e1k \u00e9s \u00f6t \u00e9vi b\u00f6rt\u00f6nre it\u00e9lt\u00e9k (1943\u201344) a h\u00e1bor\u00fa v\u00e9g\u00e9n szabadult. Kv. \u2013 on szervezte a KISZ \u00e9s a p\u00e1rttev\u00e9kenys\u00e9geket, majd a MAT P\u00e1rt Koll. eln\u00f6ke (1950\u201361-ben is). MAT -ban a RMP Tartom\u00e1nyi P\u00e1rtbizotts\u00e1g\u00e1nak eln\u00f6ke (1959 k. \u2013), A KB rev\u00edzi\u00f3s bizotts\u00e1g\u00e1nak tagja (1965. j\u00fal. 23. \u2013) A mv.-i p\u00e1rtkabinet igazgat\u00f3ja. <br \/><strong>Irod.:<\/strong> G. M. elvt\u00e1rs (N\u00e9p\u00fajs\u00e1g, 1950. nov. 6.); Gy\u00e1rf\u00e1s 2013; Szil\u00e1gyi Domokos, kisadorj\u00e1ni<\/br><\/p>\n","protected":false},"excerpt":{"rendered":"<p>Backamadaras, 1914, \u2020\u00a0?: szab\u00f3, igazgat\u00f3. \u2013 Mv.-en volt szab\u00f3inas (1928\u2013), kapcsolatba l\u00e9pett a KISZ-szel (1931), a szakszervezeti mozgalommal, r\u00e9szt vett a mv.-i sztr\u00e1jk megszervez\u00e9s\u00e9ben (1934), dolgozott Gyergy\u00f3szentmikl\u00f3son, Kv.-on, Buk.-ben. Katonai szolg\u00e1latot v\u00e9gzett. Visszat\u00e9rt Mv. -re, a kommunista tev\u00e9kenys\u00e9g\u00e9\u00e9rt letart\u00f3ztatt\u00e1k, megk\u00ednozt\u00e1k (1941\u201342), ism\u00e9t perbefogt\u00e1k \u00e9s \u00f6t \u00e9vi b\u00f6rt\u00f6nre it\u00e9lt\u00e9k (1943\u201344) a h\u00e1bor\u00fa v\u00e9g\u00e9n szabadult. Kv. \u2013 [&hellip;]<\/p>\n","protected":false},"featured_media":0,"comment_status":"open","ping_status":"closed","template":"","meta":[],"product_brand":[],"product_cat":[137],"product_tag":[],"class_list":{"0":"post-8998","1":"product","2":"type-product","3":"status-publish","5":"product_cat-maros-megyei-eletrajzi-lexikon","7":"first","8":"instock","9":"shipping-taxable","10":"product-type-simple"},"_links":{"self":[{"href":"https:\/\/uj.adatbank.ro\/lexikon\/wp-json\/wp\/v2\/product\/8998","targetHints":{"allow":["GET"]}}],"collection":[{"href":"https:\/\/uj.adatbank.ro\/lexikon\/wp-json\/wp\/v2\/product"}],"about":[{"href":"https:\/\/uj.adatbank.ro\/lexikon\/wp-json\/wp\/v2\/types\/product"}],"replies":[{"embeddable":true,"href":"https:\/\/uj.adatbank.ro\/lexikon\/wp-json\/wp\/v2\/comments?post=8998"}],"wp:attachment":[{"href":"https:\/\/uj.adatbank.ro\/lexikon\/wp-json\/wp\/v2\/media?parent=8998"}],"wp:term":[{"taxonomy":"product_brand","embeddable":true,"href":"https:\/\/uj.adatbank.ro\/lexikon\/wp-json\/wp\/v2\/product_brand?post=8998"},{"taxonomy":"product_cat","embeddable":true,"href":"https:\/\/uj.adatbank.ro\/lexikon\/wp-json\/wp\/v2\/product_cat?post=8998"},{"taxonomy":"product_tag","embeddable":true,"href":"https:\/\/uj.adatbank.ro\/lexikon\/wp-json\/wp\/v2\/product_tag?post=8998"}],"curies":[{"name":"wp","href":"https:\/\/api.w.org\/{rel}","templated":true}]}}

GOMBOS Mihály, §

<p>Backamadaras, 1914, † ?: szabó, igazgató. – Mv.-en volt szabóinas (1928–), kapcsolatba lépett a KISZ-szel (1931), a szakszervezeti mozgalommal, részt vett a mv.-i sztrájk megszervezésében (1934), dolgozott Gyergyószentmiklóson, Kv.-on, Buk.-ben. Katonai szolgálatot végzett. Visszatért Mv. -re, a kommunista tevékenységéért letartóztatták, megkínozták (1941–42), ismét perbefogták és öt évi börtönre itélték (1943–44) a háború végén szabadult. Kv. – on szervezte a KISZ és a párttevékenységeket, majd a MAT Párt Koll. elnöke (1950–61-ben is). MAT -ban a RMP Tartományi Pártbizottságának elnöke (1959 k. –), A KB revíziós bizottságának tagja (1965. júl. 23. –) A mv.-i pártkabinet igazgatója. <br /><strong>Irod.:</strong> G. M. elvtárs (Népújság, 1950. nov. 6.); Gyárfás 2013; Szilágyi Domokos, kisadorjáni</br></p>

<p>Backamadaras, 1914, † ?: szabó, igazgató. – Mv.-en volt szabóinas (1928–), kapcsolatba lépett a KISZ-szel (1931), a szakszervezeti mozgalommal, részt vett a mv.-i sztrájk megszervezésében (1934), dolgozott Gyergyószentmiklóson, Kv.-on, Buk.-ben. Katonai szolgálatot végzett. Visszatért Mv. -re, a kommunista tevékenységéért letartóztatták, megkínozták (1941–42), ismét perbefogták és öt évi börtönre itélték (1943–44) a háború végén szabadult. Kv. – [&hellip;]</p>
