{"id":8999,"date":"2025-06-29T10:45:30","date_gmt":"2025-06-29T08:45:30","guid":{"rendered":"https:\/\/uj.adatbank.ro\/lexikon\/termek\/gombos-morne-erdos-berta\/"},"modified":"2025-06-29T10:45:30","modified_gmt":"2025-06-29T08:45:30","slug":"gombos-morne-erdos-berta","status":"publish","type":"product","link":"https:\/\/uj.adatbank.ro\/lexikon\/termek\/gombos-morne-erdos-berta\/","title":{"rendered":"GOMBOS M\u00f3rn\u00e9; Erd\u0151s Berta"},"content":{"rendered":"<p>1878., \u2020\u00a0? : cukr\u00e1szdatulajdonos. \u2013 \u00c9desapja: Erd\u0151s Viktor, 40 \u00e9vig volt k\u00f6rjegyz\u0151 Sz\u00e9kelyf\u00f6ld\u00f6n. F\u00e9rje: Gombos M\u00f3r (1876\u20131936. dec. 22.); esk\u00fcv\u0151 (1903). Mint postamester m\u0171k\u00f6d\u00f6tt (1895\u2013). \u2013 Saj\u00e1t erej\u00e9b\u0151l cukr\u00e1sz\u00fczemet \u00e9s cukorkakeresked\u00e9st l\u00e9tes\u00edtett Mv.-en (1933), amit maga vezetett. A m. kultur\u00e1lis egyes\u00fcletek mindenkori t\u00e1mogat\u00f3ja volt. Mv. -r\u0151l deport\u00e1lt\u00e1k (1944. m\u00e1j. 29.). <br \/><strong>Irod.:<\/strong> Mv. zsid\u00f3s\u00e1ga; Mv.-i zsid\u00f3 temet\u0151 dok.; Sz\u00e9kelyf\u00f6ld \u00ed. k<\/br><\/p>\n","protected":false},"excerpt":{"rendered":"<p>1878., \u2020\u00a0? : cukr\u00e1szdatulajdonos. \u2013 \u00c9desapja: Erd\u0151s Viktor, 40 \u00e9vig volt k\u00f6rjegyz\u0151 Sz\u00e9kelyf\u00f6ld\u00f6n. F\u00e9rje: Gombos M\u00f3r (1876\u20131936. dec. 22.); esk\u00fcv\u0151 (1903). Mint postamester m\u0171k\u00f6d\u00f6tt (1895\u2013). \u2013 Saj\u00e1t erej\u00e9b\u0151l cukr\u00e1sz\u00fczemet \u00e9s cukorkakeresked\u00e9st l\u00e9tes\u00edtett Mv.-en (1933), amit maga vezetett. A m. kultur\u00e1lis egyes\u00fcletek mindenkori t\u00e1mogat\u00f3ja volt. Mv. -r\u0151l deport\u00e1lt\u00e1k (1944. m\u00e1j. 29.). Irod.: Mv. zsid\u00f3s\u00e1ga; Mv.-i zsid\u00f3 [&hellip;]<\/p>\n","protected":false},"featured_media":0,"comment_status":"open","ping_status":"closed","template":"","meta":[],"product_brand":[],"product_cat":[137],"product_tag":[],"class_list":{"0":"post-8999","1":"product","2":"type-product","3":"status-publish","5":"product_cat-maros-megyei-eletrajzi-lexikon","7":"first","8":"instock","9":"shipping-taxable","10":"product-type-simple"},"_links":{"self":[{"href":"https:\/\/uj.adatbank.ro\/lexikon\/wp-json\/wp\/v2\/product\/8999","targetHints":{"allow":["GET"]}}],"collection":[{"href":"https:\/\/uj.adatbank.ro\/lexikon\/wp-json\/wp\/v2\/product"}],"about":[{"href":"https:\/\/uj.adatbank.ro\/lexikon\/wp-json\/wp\/v2\/types\/product"}],"replies":[{"embeddable":true,"href":"https:\/\/uj.adatbank.ro\/lexikon\/wp-json\/wp\/v2\/comments?post=8999"}],"wp:attachment":[{"href":"https:\/\/uj.adatbank.ro\/lexikon\/wp-json\/wp\/v2\/media?parent=8999"}],"wp:term":[{"taxonomy":"product_brand","embeddable":true,"href":"https:\/\/uj.adatbank.ro\/lexikon\/wp-json\/wp\/v2\/product_brand?post=8999"},{"taxonomy":"product_cat","embeddable":true,"href":"https:\/\/uj.adatbank.ro\/lexikon\/wp-json\/wp\/v2\/product_cat?post=8999"},{"taxonomy":"product_tag","embeddable":true,"href":"https:\/\/uj.adatbank.ro\/lexikon\/wp-json\/wp\/v2\/product_tag?post=8999"}],"curies":[{"name":"wp","href":"https:\/\/api.w.org\/{rel}","templated":true}]}}