{"id":9002,"date":"2025-06-29T10:45:36","date_gmt":"2025-06-29T08:45:36","guid":{"rendered":"https:\/\/uj.adatbank.ro\/lexikon\/termek\/gomori-laszlo\/"},"modified":"2025-06-29T10:45:36","modified_gmt":"2025-06-29T08:45:36","slug":"gomori-laszlo","status":"publish","type":"product","link":"https:\/\/uj.adatbank.ro\/lexikon\/termek\/gomori-laszlo\/","title":{"rendered":"G\u00d6M\u00d6RI L\u00e1szl\u00f3"},"content":{"rendered":"<p>? \u2020 ?: csend\u00f6rkapit\u00e1ny. \u2013 Mv.-en csend\u0151rparancsnok (1901 \u2013 ). Feladata volt a mv.-i ogy.-i v\u00e1laszt\u00e1sok levez\u00e9nyel\u00e9se, amit a v\u00e1rosi rend\u0151rs\u00e9g \u00e9s csend\u0151rs\u00e9g kellett biztos\u00edtson (1901. febr. 7.). Az \u00f6sszecsap\u00e1s v\u00e9geredm\u00e9nye n\u00e9gy halott \u00e9s kilenc s\u00falyos sebes\u00fclt. <br \/><strong>Irod.:<\/strong> Bern\u00e1dy<\/br><\/p>\n","protected":false},"excerpt":{"rendered":"<p>? \u2020 ?: csend\u00f6rkapit\u00e1ny. \u2013 Mv.-en csend\u0151rparancsnok (1901 \u2013 ). Feladata volt a mv.-i ogy.-i v\u00e1laszt\u00e1sok levez\u00e9nyel\u00e9se, amit a v\u00e1rosi rend\u0151rs\u00e9g \u00e9s csend\u0151rs\u00e9g kellett biztos\u00edtson (1901. febr. 7.). Az \u00f6sszecsap\u00e1s v\u00e9geredm\u00e9nye n\u00e9gy halott \u00e9s kilenc s\u00falyos sebes\u00fclt. Irod.: Bern\u00e1dy<\/p>\n","protected":false},"featured_media":0,"comment_status":"open","ping_status":"closed","template":"","meta":[],"product_brand":[],"product_cat":[137],"product_tag":[],"class_list":{"0":"post-9002","1":"product","2":"type-product","3":"status-publish","5":"product_cat-maros-megyei-eletrajzi-lexikon","7":"first","8":"instock","9":"shipping-taxable","10":"product-type-simple"},"_links":{"self":[{"href":"https:\/\/uj.adatbank.ro\/lexikon\/wp-json\/wp\/v2\/product\/9002","targetHints":{"allow":["GET"]}}],"collection":[{"href":"https:\/\/uj.adatbank.ro\/lexikon\/wp-json\/wp\/v2\/product"}],"about":[{"href":"https:\/\/uj.adatbank.ro\/lexikon\/wp-json\/wp\/v2\/types\/product"}],"replies":[{"embeddable":true,"href":"https:\/\/uj.adatbank.ro\/lexikon\/wp-json\/wp\/v2\/comments?post=9002"}],"wp:attachment":[{"href":"https:\/\/uj.adatbank.ro\/lexikon\/wp-json\/wp\/v2\/media?parent=9002"}],"wp:term":[{"taxonomy":"product_brand","embeddable":true,"href":"https:\/\/uj.adatbank.ro\/lexikon\/wp-json\/wp\/v2\/product_brand?post=9002"},{"taxonomy":"product_cat","embeddable":true,"href":"https:\/\/uj.adatbank.ro\/lexikon\/wp-json\/wp\/v2\/product_cat?post=9002"},{"taxonomy":"product_tag","embeddable":true,"href":"https:\/\/uj.adatbank.ro\/lexikon\/wp-json\/wp\/v2\/product_tag?post=9002"}],"curies":[{"name":"wp","href":"https:\/\/api.w.org\/{rel}","templated":true}]}}