{"id":9003,"date":"2025-06-29T10:45:38","date_gmt":"2025-06-29T08:45:38","guid":{"rendered":"https:\/\/uj.adatbank.ro\/lexikon\/termek\/gonczi-istvan\/"},"modified":"2025-06-29T10:45:38","modified_gmt":"2025-06-29T08:45:38","slug":"gonczi-istvan","status":"publish","type":"product","link":"https:\/\/uj.adatbank.ro\/lexikon\/termek\/gonczi-istvan\/","title":{"rendered":"G\u00d6NCZI Istv\u00e1n"},"content":{"rendered":"<p>Kelementelke, 1861. okt. 9., \u2020 Kib\u00e9d, 1920.: ref. lelkip\u00e1sztor. \u2013 Elemi iskol\u00e1t sz\u00fcl\u0151faluj\u00e1ban, k\u00f6z\u00e9piskol\u00e1t Mv.-en, teol\u00f3gi\u00e1t Nagyenyeden v\u00e9gzett. M\u00e1r di\u00e1kkor\u00e1ban tan\u00edtott, \u00e9retts\u00e9gi ut\u00e1n a tan\u00edt\u00f3k\u00e9pz\u0151ben vall\u00e1stan\u00e1r lett (1885). Sz\u00e1sz Domokos p\u00fcsp\u00f6k Buk. -be k\u00fcldte ref. seg\u00e9dlelk\u00e9sznek \u00e9s tan\u00edt\u00f3nak (1886\u201388), ezut\u00e1n Ploie\u015ftiben rendes lelk\u00e9sznek, k\u00e1ntornak \u00e9s harangoz\u00f3nak nevezt\u00e9k ki (1888\u201393). Kib\u00e9d megh\u00edvta lelk\u00e9sznek, \u00e9s hazat\u00e9rt (1893. jan. 22), ahol hal\u00e1l\u00e1ig, 28 \u00e9vig (1893\u20131920) szolg\u00e1lt. <br \/><strong>Irod.:<\/strong> Kib\u00e9d \u00e9s egyh\u00e1za; Kib\u00e9d 2<\/br><\/p>\n","protected":false},"excerpt":{"rendered":"<p>Kelementelke, 1861. okt. 9., \u2020 Kib\u00e9d, 1920.: ref. lelkip\u00e1sztor. \u2013 Elemi iskol\u00e1t sz\u00fcl\u0151faluj\u00e1ban, k\u00f6z\u00e9piskol\u00e1t Mv.-en, teol\u00f3gi\u00e1t Nagyenyeden v\u00e9gzett. M\u00e1r di\u00e1kkor\u00e1ban tan\u00edtott, \u00e9retts\u00e9gi ut\u00e1n a tan\u00edt\u00f3k\u00e9pz\u0151ben vall\u00e1stan\u00e1r lett (1885). Sz\u00e1sz Domokos p\u00fcsp\u00f6k Buk. -be k\u00fcldte ref. seg\u00e9dlelk\u00e9sznek \u00e9s tan\u00edt\u00f3nak (1886\u201388), ezut\u00e1n Ploie\u015ftiben rendes lelk\u00e9sznek, k\u00e1ntornak \u00e9s harangoz\u00f3nak nevezt\u00e9k ki (1888\u201393). Kib\u00e9d megh\u00edvta lelk\u00e9sznek, \u00e9s hazat\u00e9rt (1893. [&hellip;]<\/p>\n","protected":false},"featured_media":0,"comment_status":"open","ping_status":"closed","template":"","meta":[],"product_brand":[],"product_cat":[137],"product_tag":[],"class_list":{"0":"post-9003","1":"product","2":"type-product","3":"status-publish","5":"product_cat-maros-megyei-eletrajzi-lexikon","7":"first","8":"instock","9":"shipping-taxable","10":"product-type-simple"},"_links":{"self":[{"href":"https:\/\/uj.adatbank.ro\/lexikon\/wp-json\/wp\/v2\/product\/9003","targetHints":{"allow":["GET"]}}],"collection":[{"href":"https:\/\/uj.adatbank.ro\/lexikon\/wp-json\/wp\/v2\/product"}],"about":[{"href":"https:\/\/uj.adatbank.ro\/lexikon\/wp-json\/wp\/v2\/types\/product"}],"replies":[{"embeddable":true,"href":"https:\/\/uj.adatbank.ro\/lexikon\/wp-json\/wp\/v2\/comments?post=9003"}],"wp:attachment":[{"href":"https:\/\/uj.adatbank.ro\/lexikon\/wp-json\/wp\/v2\/media?parent=9003"}],"wp:term":[{"taxonomy":"product_brand","embeddable":true,"href":"https:\/\/uj.adatbank.ro\/lexikon\/wp-json\/wp\/v2\/product_brand?post=9003"},{"taxonomy":"product_cat","embeddable":true,"href":"https:\/\/uj.adatbank.ro\/lexikon\/wp-json\/wp\/v2\/product_cat?post=9003"},{"taxonomy":"product_tag","embeddable":true,"href":"https:\/\/uj.adatbank.ro\/lexikon\/wp-json\/wp\/v2\/product_tag?post=9003"}],"curies":[{"name":"wp","href":"https:\/\/api.w.org\/{rel}","templated":true}]}}

GÖNCZI István

<p>Kelementelke, 1861. okt. 9., † Kibéd, 1920.: ref. lelkipásztor. – Elemi iskolát szülőfalujában, középiskolát Mv.-en, teológiát Nagyenyeden végzett. Már diákkorában tanított, érettségi után a tanítóképzőben vallástanár lett (1885). Szász Domokos püspök Buk. -be küldte ref. segédlelkésznek és tanítónak (1886–88), ezután Ploieştiben rendes lelkésznek, kántornak és harangozónak nevezték ki (1888–93). Kibéd meghívta lelkésznek, és hazatért (1893. jan. 22), ahol haláláig, 28 évig (1893–1920) szolgált. <br /><strong>Irod.:</strong> Kibéd és egyháza; Kibéd 2</br></p>

<p>Kelementelke, 1861. okt. 9., † Kibéd, 1920.: ref. lelkipásztor. – Elemi iskolát szülőfalujában, középiskolát Mv.-en, teológiát Nagyenyeden végzett. Már diákkorában tanított, érettségi után a tanítóképzőben vallástanár lett (1885). Szász Domokos püspök Buk. -be küldte ref. segédlelkésznek és tanítónak (1886–88), ezután Ploieştiben rendes lelkésznek, kántornak és harangozónak nevezték ki (1888–93). Kibéd meghívta lelkésznek, és hazatért (1893. [&hellip;]</p>
