{"id":9004,"date":"2025-06-29T10:45:41","date_gmt":"2025-06-29T08:45:41","guid":{"rendered":"https:\/\/uj.adatbank.ro\/lexikon\/termek\/gonczi-istvan-dr\/"},"modified":"2025-06-29T10:45:41","modified_gmt":"2025-06-29T08:45:41","slug":"gonczi-istvan-dr","status":"publish","type":"product","link":"https:\/\/uj.adatbank.ro\/lexikon\/termek\/gonczi-istvan-dr\/","title":{"rendered":"G\u00d6NCZI Istv\u00e1n, dr."},"content":{"rendered":"<p>1935., \u2020\u00a02014.: ortop\u00e9d orvos, dr. Feles\u00e9ge: Sadler Annemarie (1935\u20132013). \u2013 Feles\u00e9ge: Dr. Sadler Annemarie (1935\u20132013), k\u00f6rzeti orvos, majd gyermekgy\u00f3gy\u00e1sz szakorvos. \u2013 A MOGYI orvosi kar\u00e1n v\u00e9gzett a feles\u00e9g\u00e9vel egy\u00fctt (1959). T\u0151t\u00f6son dolgoztak Bihar megy\u00e9ben (1966-ig), majd ortop\u00e9d szakorvos \u00c9lesd v\u00e1ros\u00e1ban nyugd\u00edjaz\u00e1s\u00e1ig \u00e9s a mag\u00e1nrendel\u0151j\u00e9ben. A gyermekgy\u00f3gy\u00e1sz feles\u00e9ge az \u00e9lesdi k\u00f3rh\u00e1z igazgat\u00f3ja (1970-ig) majd aligazgat\u00f3ja nyugd\u00edjaz\u00e1s\u00e1ig. Reform\u00e1tus gyermekotthont \u00e9p\u00edtettek \u00e9s m\u0171k\u00f6dtettek, 27 gyermeknek. S\u00edrjuk a mv.-i Ref. temet\u0151ben van. <br \/><strong>Irod.:<\/strong> Kiss\u2013P\u00e9terffy\u2013P\u00e9terffy; Kiss Cs. M 4.<\/br><\/p>\n","protected":false},"excerpt":{"rendered":"<p>1935., \u2020\u00a02014.: ortop\u00e9d orvos, dr. Feles\u00e9ge: Sadler Annemarie (1935\u20132013). \u2013 Feles\u00e9ge: Dr. Sadler Annemarie (1935\u20132013), k\u00f6rzeti orvos, majd gyermekgy\u00f3gy\u00e1sz szakorvos. \u2013 A MOGYI orvosi kar\u00e1n v\u00e9gzett a feles\u00e9g\u00e9vel egy\u00fctt (1959). T\u0151t\u00f6son dolgoztak Bihar megy\u00e9ben (1966-ig), majd ortop\u00e9d szakorvos \u00c9lesd v\u00e1ros\u00e1ban nyugd\u00edjaz\u00e1s\u00e1ig \u00e9s a mag\u00e1nrendel\u0151j\u00e9ben. A gyermekgy\u00f3gy\u00e1sz feles\u00e9ge az \u00e9lesdi k\u00f3rh\u00e1z igazgat\u00f3ja (1970-ig) majd aligazgat\u00f3ja nyugd\u00edjaz\u00e1s\u00e1ig. [&hellip;]<\/p>\n","protected":false},"featured_media":0,"comment_status":"open","ping_status":"closed","template":"","meta":[],"product_brand":[],"product_cat":[137],"product_tag":[],"class_list":{"0":"post-9004","1":"product","2":"type-product","3":"status-publish","5":"product_cat-maros-megyei-eletrajzi-lexikon","7":"first","8":"instock","9":"shipping-taxable","10":"product-type-simple"},"_links":{"self":[{"href":"https:\/\/uj.adatbank.ro\/lexikon\/wp-json\/wp\/v2\/product\/9004","targetHints":{"allow":["GET"]}}],"collection":[{"href":"https:\/\/uj.adatbank.ro\/lexikon\/wp-json\/wp\/v2\/product"}],"about":[{"href":"https:\/\/uj.adatbank.ro\/lexikon\/wp-json\/wp\/v2\/types\/product"}],"replies":[{"embeddable":true,"href":"https:\/\/uj.adatbank.ro\/lexikon\/wp-json\/wp\/v2\/comments?post=9004"}],"wp:attachment":[{"href":"https:\/\/uj.adatbank.ro\/lexikon\/wp-json\/wp\/v2\/media?parent=9004"}],"wp:term":[{"taxonomy":"product_brand","embeddable":true,"href":"https:\/\/uj.adatbank.ro\/lexikon\/wp-json\/wp\/v2\/product_brand?post=9004"},{"taxonomy":"product_cat","embeddable":true,"href":"https:\/\/uj.adatbank.ro\/lexikon\/wp-json\/wp\/v2\/product_cat?post=9004"},{"taxonomy":"product_tag","embeddable":true,"href":"https:\/\/uj.adatbank.ro\/lexikon\/wp-json\/wp\/v2\/product_tag?post=9004"}],"curies":[{"name":"wp","href":"https:\/\/api.w.org\/{rel}","templated":true}]}}

GÖNCZI István, dr.

<p>1935., † 2014.: ortopéd orvos, dr. Felesége: Sadler Annemarie (1935–2013). – Felesége: Dr. Sadler Annemarie (1935–2013), körzeti orvos, majd gyermekgyógyász szakorvos. – A MOGYI orvosi karán végzett a feleségével együtt (1959). Tőtöson dolgoztak Bihar megyében (1966-ig), majd ortopéd szakorvos Élesd városában nyugdíjazásáig és a magánrendelőjében. A gyermekgyógyász felesége az élesdi kórház igazgatója (1970-ig) majd aligazgatója nyugdíjazásáig. Református gyermekotthont építettek és működtettek, 27 gyermeknek. Sírjuk a mv.-i Ref. temetőben van. <br /><strong>Irod.:</strong> Kiss–Péterffy–Péterffy; Kiss Cs. M 4.</br></p>

<p>1935., † 2014.: ortopéd orvos, dr. Felesége: Sadler Annemarie (1935–2013). – Felesége: Dr. Sadler Annemarie (1935–2013), körzeti orvos, majd gyermekgyógyász szakorvos. – A MOGYI orvosi karán végzett a feleségével együtt (1959). Tőtöson dolgoztak Bihar megyében (1966-ig), majd ortopéd szakorvos Élesd városában nyugdíjazásáig és a magánrendelőjében. A gyermekgyógyász felesége az élesdi kórház igazgatója (1970-ig) majd aligazgatója nyugdíjazásáig. [&hellip;]</p>
