{"id":9007,"date":"2025-06-29T10:45:47","date_gmt":"2025-06-29T08:45:47","guid":{"rendered":"https:\/\/uj.adatbank.ro\/lexikon\/termek\/gonczi-janos-2\/"},"modified":"2025-06-29T10:45:47","modified_gmt":"2025-06-29T08:45:47","slug":"gonczi-janos-2","status":"publish","type":"product","link":"https:\/\/uj.adatbank.ro\/lexikon\/termek\/gonczi-janos-2\/","title":{"rendered":"G\u00d6NCZI J\u00e1nos"},"content":{"rendered":"<p>Kelementelke, 1847. aug. 29., \u2020\u00a0? : ref. lelk\u00e9sz. \u2013 Lelk\u00e9sz a Marosfodorh\u00e1za, Babuc, S\u00f3lyomk\u0151 \u00e9s Maros\u00fajfal\u00fa t\u00e1rsegyh\u00e1zakban (1871\u2013), Abodon (1873\u2013), Koronk\u00e1n (1874\u2013). Nem fogadta el a D\u00e1lnokra sz\u00f3l\u00f3 kinevez\u00e9st (1888), rossz eg\u00e9szs\u00e9gi \u00e1llapot\u00e1ra hivatkozva. Mv.-en ev. ref pap. A MT megyei \u00c1ltal\u00e1nos Tan\u00edt\u00f3test\u00fclet vezet\u0151s\u00e9gi tagja, f\u0151jegyz\u0151je, az alap\u00edt\u00f3k k\u00f6z\u00f6tt volt (1878), a test\u00fclet kr\u00f3nika\u00edr\u00f3ja. T\u00f6bb p\u00e1lyamunk\u00e1t \u00edrt \u00e9s azokkal d\u00edjakat nyert. Cikkeit k\u00f6z\u00f6lte az Erd\u00e9lyi H\u00edrad\u00f3, M. Polg\u00e1r, Marosv\u00e1s\u00e1rhely, Protest\u00e1ns Egyh\u00e1z \u00e9s Iskolai Lap, Csal\u00e1di K\u00f6r, Ellenz\u00e9k, Erd\u00e9ly, K\u00f6z\u00e9rdek, Marostorda, Marosvid\u00e9k. \u2013 <strong>F. m.:<\/strong> \u00d6zv., gr. Toldalagi Viktorn\u00e9 sz\u00fcl br. B\u00e1nffy Anna. eml\u00e9k\u00e9re (Mv., 1897). <br \/><strong>Irod.:<\/strong> Eml\u00e9kk\u00f6nyv; Az Erd\u00e9lyi Ref. Egyh\u00e1zker\u00fclet k\u00f6zgy\u0171l\u00e9s\u00e9nak jegyz\u0151k\u00f6nyve (Kv, 1888); Guly\u00e1s; Id\u0151t\u00e1r 5 \/1.<\/br><\/p>\n","protected":false},"excerpt":{"rendered":"<p>Kelementelke, 1847. aug. 29., \u2020\u00a0? : ref. lelk\u00e9sz. \u2013 Lelk\u00e9sz a Marosfodorh\u00e1za, Babuc, S\u00f3lyomk\u0151 \u00e9s Maros\u00fajfal\u00fa t\u00e1rsegyh\u00e1zakban (1871\u2013), Abodon (1873\u2013), Koronk\u00e1n (1874\u2013). Nem fogadta el a D\u00e1lnokra sz\u00f3l\u00f3 kinevez\u00e9st (1888), rossz eg\u00e9szs\u00e9gi \u00e1llapot\u00e1ra hivatkozva. Mv.-en ev. ref pap. A MT megyei \u00c1ltal\u00e1nos Tan\u00edt\u00f3test\u00fclet vezet\u0151s\u00e9gi tagja, f\u0151jegyz\u0151je, az alap\u00edt\u00f3k k\u00f6z\u00f6tt volt (1878), a test\u00fclet kr\u00f3nika\u00edr\u00f3ja. T\u00f6bb [&hellip;]<\/p>\n","protected":false},"featured_media":0,"comment_status":"open","ping_status":"closed","template":"","meta":[],"product_brand":[],"product_cat":[137],"product_tag":[],"class_list":{"0":"post-9007","1":"product","2":"type-product","3":"status-publish","5":"product_cat-maros-megyei-eletrajzi-lexikon","7":"first","8":"instock","9":"shipping-taxable","10":"product-type-simple"},"_links":{"self":[{"href":"https:\/\/uj.adatbank.ro\/lexikon\/wp-json\/wp\/v2\/product\/9007","targetHints":{"allow":["GET"]}}],"collection":[{"href":"https:\/\/uj.adatbank.ro\/lexikon\/wp-json\/wp\/v2\/product"}],"about":[{"href":"https:\/\/uj.adatbank.ro\/lexikon\/wp-json\/wp\/v2\/types\/product"}],"replies":[{"embeddable":true,"href":"https:\/\/uj.adatbank.ro\/lexikon\/wp-json\/wp\/v2\/comments?post=9007"}],"wp:attachment":[{"href":"https:\/\/uj.adatbank.ro\/lexikon\/wp-json\/wp\/v2\/media?parent=9007"}],"wp:term":[{"taxonomy":"product_brand","embeddable":true,"href":"https:\/\/uj.adatbank.ro\/lexikon\/wp-json\/wp\/v2\/product_brand?post=9007"},{"taxonomy":"product_cat","embeddable":true,"href":"https:\/\/uj.adatbank.ro\/lexikon\/wp-json\/wp\/v2\/product_cat?post=9007"},{"taxonomy":"product_tag","embeddable":true,"href":"https:\/\/uj.adatbank.ro\/lexikon\/wp-json\/wp\/v2\/product_tag?post=9007"}],"curies":[{"name":"wp","href":"https:\/\/api.w.org\/{rel}","templated":true}]}}

GÖNCZI János

<p>Kelementelke, 1847. aug. 29., † ? : ref. lelkész. – Lelkész a Marosfodorháza, Babuc, Sólyomkő és Marosújfalú társegyházakban (1871–), Abodon (1873–), Koronkán (1874–). Nem fogadta el a Dálnokra szóló kinevezést (1888), rossz egészségi állapotára hivatkozva. Mv.-en ev. ref pap. A MT megyei Általános Tanítótestület vezetőségi tagja, főjegyzője, az alapítók között volt (1878), a testület krónikaírója. Több pályamunkát írt és azokkal díjakat nyert. Cikkeit közölte az Erdélyi Híradó, M. Polgár, Marosvásárhely, Protestáns Egyház és Iskolai Lap, Családi Kör, Ellenzék, Erdély, Közérdek, Marostorda, Marosvidék. – <strong>F. m.:</strong> Özv., gr. Toldalagi Viktorné szül br. Bánffy Anna. emlékére (Mv., 1897). <br /><strong>Irod.:</strong> Emlékkönyv; Az Erdélyi Ref. Egyházkerület közgyűlésénak jegyzőkönyve (Kv, 1888); Gulyás; Időtár 5 /1.</br></p>

<p>Kelementelke, 1847. aug. 29., † ? : ref. lelkész. – Lelkész a Marosfodorháza, Babuc, Sólyomkő és Marosújfalú társegyházakban (1871–), Abodon (1873–), Koronkán (1874–). Nem fogadta el a Dálnokra szóló kinevezést (1888), rossz egészségi állapotára hivatkozva. Mv.-en ev. ref pap. A MT megyei Általános Tanítótestület vezetőségi tagja, főjegyzője, az alapítók között volt (1878), a testület krónikaírója. Több [&hellip;]</p>
