{"id":9009,"date":"2025-06-29T10:45:51","date_gmt":"2025-06-29T08:45:51","guid":{"rendered":"https:\/\/uj.adatbank.ro\/lexikon\/termek\/gonczi-janos-gontzi-janos\/"},"modified":"2025-06-29T10:45:51","modified_gmt":"2025-06-29T08:45:51","slug":"gonczi-janos-gontzi-janos","status":"publish","type":"product","link":"https:\/\/uj.adatbank.ro\/lexikon\/termek\/gonczi-janos-gontzi-janos\/","title":{"rendered":"G\u00d6NCZI J\u00e1nos, G\u00f6ntzi J\u00e1nos"},"content":{"rendered":"<p>? \u2020\u00a0Mv, 1780. j\u00fal. 15 : borb\u00e9ly, tan\u00e1csos, f\u0151b\u00edr\u00f3. \u2013 Mv.-en borb\u00e9ly, v\u00e1rosi senator (1760 \u2013), sz\u00e1ll\u00e1smester (1761); a heti v\u00e1s\u00e1r (a juh \u00e9s kecskeh\u00fas v\u00e1mj\u00e1val) berl\u0151je (1762), f\u0151b\u00edr\u00f3 (1770). <br \/><strong>Irod.:<\/strong> Fodor\u2013Bal\u00e1s; Fogarasi; P\u00e1l-Antal 2006; P\u00e1l-Antal 2009; Szentgy\u00f6rgyi<\/br><\/p>\n","protected":false},"excerpt":{"rendered":"<p>? \u2020\u00a0Mv, 1780. j\u00fal. 15 : borb\u00e9ly, tan\u00e1csos, f\u0151b\u00edr\u00f3. \u2013 Mv.-en borb\u00e9ly, v\u00e1rosi senator (1760 \u2013), sz\u00e1ll\u00e1smester (1761); a heti v\u00e1s\u00e1r (a juh \u00e9s kecskeh\u00fas v\u00e1mj\u00e1val) berl\u0151je (1762), f\u0151b\u00edr\u00f3 (1770). Irod.: Fodor\u2013Bal\u00e1s; Fogarasi; P\u00e1l-Antal 2006; P\u00e1l-Antal 2009; Szentgy\u00f6rgyi<\/p>\n","protected":false},"featured_media":0,"comment_status":"open","ping_status":"closed","template":"","meta":[],"product_brand":[],"product_cat":[137],"product_tag":[],"class_list":{"0":"post-9009","1":"product","2":"type-product","3":"status-publish","5":"product_cat-maros-megyei-eletrajzi-lexikon","7":"first","8":"instock","9":"shipping-taxable","10":"product-type-simple"},"_links":{"self":[{"href":"https:\/\/uj.adatbank.ro\/lexikon\/wp-json\/wp\/v2\/product\/9009","targetHints":{"allow":["GET"]}}],"collection":[{"href":"https:\/\/uj.adatbank.ro\/lexikon\/wp-json\/wp\/v2\/product"}],"about":[{"href":"https:\/\/uj.adatbank.ro\/lexikon\/wp-json\/wp\/v2\/types\/product"}],"replies":[{"embeddable":true,"href":"https:\/\/uj.adatbank.ro\/lexikon\/wp-json\/wp\/v2\/comments?post=9009"}],"wp:attachment":[{"href":"https:\/\/uj.adatbank.ro\/lexikon\/wp-json\/wp\/v2\/media?parent=9009"}],"wp:term":[{"taxonomy":"product_brand","embeddable":true,"href":"https:\/\/uj.adatbank.ro\/lexikon\/wp-json\/wp\/v2\/product_brand?post=9009"},{"taxonomy":"product_cat","embeddable":true,"href":"https:\/\/uj.adatbank.ro\/lexikon\/wp-json\/wp\/v2\/product_cat?post=9009"},{"taxonomy":"product_tag","embeddable":true,"href":"https:\/\/uj.adatbank.ro\/lexikon\/wp-json\/wp\/v2\/product_tag?post=9009"}],"curies":[{"name":"wp","href":"https:\/\/api.w.org\/{rel}","templated":true}]}}