{"id":9012,"date":"2025-06-29T10:45:57","date_gmt":"2025-06-29T08:45:57","guid":{"rendered":"https:\/\/uj.adatbank.ro\/lexikon\/termek\/gonczi-lajos-2\/"},"modified":"2025-06-29T10:45:57","modified_gmt":"2025-06-29T08:45:57","slug":"gonczi-lajos-2","status":"publish","type":"product","link":"https:\/\/uj.adatbank.ro\/lexikon\/termek\/gonczi-lajos-2\/","title":{"rendered":"G\u00d6NCZI Lajos"},"content":{"rendered":"<p>Kelementelke, 1852. \u00e1pr. 20., \u2020 Sz\u00e9kelyudvarhely, 1929. nov. 23.: ref. gimn.-i tan\u00e1r, botanikus. \u2013 A gimn. -ot Mv.-en (1871) v\u00e9gezte, itt k\u00f6ztan\u00edt\u00f3 volt egy \u00e9vig. Az egyetem v\u00e9gzettje Kv.-on, term\u00e9szetrajz-vegytan szakon (1872\u201375). A sz\u00e9kelyudvarhelyi Ref. Koll. term\u00e9szetrajz, f\u00f6ldrajz \u00e9s vegytan tan\u00e1ra (1875\u2013), majd igazgat\u00f3ja (1888\u20131914). Fel\u00faj\u00edtatta a koll. \u00e9p\u00fclet\u00e9t, \u00fajraszervezte az iskola term\u00e9szetrajzi gy\u0171jtem\u00e9ny\u00e9t. Herb\u00e1riuma Sz\u00e9kelyudvarhely \u00e9s k\u00f6rny\u00e9ke, Udvarhely vm. fl\u00f3r\u00e1j\u00e1nak gy\u0171jtem\u00e9nye, a Benedek Elek Tan\u00edt\u00f3k\u00e9pz\u0151 Int\u00e9zet biol\u00f3giai szert\u00e1r\u00e1ban \u00f6rzik. Cikkeit k\u00f6z\u00f6lte a Ref. Koll\u00e9gium \u00c9rtes\u00edt\u0151je (1887), az Orvos-Term\u00e9szettudom\u00e1nyi \u00c9rtes\u00edt\u0151 (1890). \u2013 <strong>F. m.:<\/strong> Ellenind\u00edtv\u00e1ny a sz\u00e9kelyudvarhelyi ref. kollegium kib\u0151v\u00edtett helyis\u00e9g\u00e9nek \u00faj berendez\u00e9se t\u00e1rgy\u00e1ban. (Sz\u00e9kelyudvarhely, 1886); Eml\u00e9kbesz\u00e9d Kiss Gergely felett (Sz\u00e9kelyudvarhely, 1887); V\u00e1zlat Sz\u00e9kelyudvarhely k\u00f6rny\u00e9k\u00e9nek fl\u00f3r\u00e1j\u00e1b\u00f3l (Sz\u00e9kelyudvarhely, 1888), A sz\u00e9kelyudvarhelyi kollegium \u00e9p\u00edt\u00e9s\u00e9nek r\u00f6vid t\u00f6rt\u00e9nete (\u201eIm\u00e1k \u00e9s besz\u00e9dek\u2026\u201d c. f\u00fczetben). (Sz\u00e9kelyudvarhely, 1888.); Egy lap iskol\u00e1nk t\u00f6rt\u00e9net\u00e9b\u0151l. (\u00c9rtes\u00edt\u0151, 1889.). Udvarhelymegye fl\u00f3r\u00e1j\u00e1nak f\u0151bb von\u00e1sai (Kv., 1890); A sz\u00e9kelyudvarhelyi ref. koll\u00e9gium t\u00f6rt\u00e9nete 1876\u201393. (Sz\u00e9kelyudvarhely, 1893.); A sz\u00e9kelyudvarhelyi ev. ref. kollegium m\u00faltja \u00e9s jelene (\u00c9rtes\u00edt\u0151, 1895.); Kiss Gergely \u00e9s Kiss J\u00f3zsef eml\u00e9kezete (P. E. I. L. 1899.); Bocskay Istv\u00e1n (\u00c9rtes\u00edt\u0151, 1906.); A sz\u00e9kelyudvarhelyi ref. kollegium az ut\u00f3bbi m\u00e1sf\u00e9l \u00e9vtized alatt. (Sz\u00e9kelyudvarhely, 1907.) <br \/><strong>Irod.:<\/strong> Daday; MMA; Szinnyei, Zov\u00e1nyi<\/br><\/p>\n","protected":false},"excerpt":{"rendered":"<p>Kelementelke, 1852. \u00e1pr. 20., \u2020 Sz\u00e9kelyudvarhely, 1929. nov. 23.: ref. gimn.-i tan\u00e1r, botanikus. \u2013 A gimn. -ot Mv.-en (1871) v\u00e9gezte, itt k\u00f6ztan\u00edt\u00f3 volt egy \u00e9vig. Az egyetem v\u00e9gzettje Kv.-on, term\u00e9szetrajz-vegytan szakon (1872\u201375). A sz\u00e9kelyudvarhelyi Ref. Koll. term\u00e9szetrajz, f\u00f6ldrajz \u00e9s vegytan tan\u00e1ra (1875\u2013), majd igazgat\u00f3ja (1888\u20131914). Fel\u00faj\u00edtatta a koll. \u00e9p\u00fclet\u00e9t, \u00fajraszervezte az iskola term\u00e9szetrajzi gy\u0171jtem\u00e9ny\u00e9t. Herb\u00e1riuma [&hellip;]<\/p>\n","protected":false},"featured_media":0,"comment_status":"open","ping_status":"closed","template":"","meta":[],"product_brand":[],"product_cat":[137],"product_tag":[],"class_list":{"0":"post-9012","1":"product","2":"type-product","3":"status-publish","5":"product_cat-maros-megyei-eletrajzi-lexikon","7":"first","8":"instock","9":"shipping-taxable","10":"product-type-simple"},"_links":{"self":[{"href":"https:\/\/uj.adatbank.ro\/lexikon\/wp-json\/wp\/v2\/product\/9012","targetHints":{"allow":["GET"]}}],"collection":[{"href":"https:\/\/uj.adatbank.ro\/lexikon\/wp-json\/wp\/v2\/product"}],"about":[{"href":"https:\/\/uj.adatbank.ro\/lexikon\/wp-json\/wp\/v2\/types\/product"}],"replies":[{"embeddable":true,"href":"https:\/\/uj.adatbank.ro\/lexikon\/wp-json\/wp\/v2\/comments?post=9012"}],"wp:attachment":[{"href":"https:\/\/uj.adatbank.ro\/lexikon\/wp-json\/wp\/v2\/media?parent=9012"}],"wp:term":[{"taxonomy":"product_brand","embeddable":true,"href":"https:\/\/uj.adatbank.ro\/lexikon\/wp-json\/wp\/v2\/product_brand?post=9012"},{"taxonomy":"product_cat","embeddable":true,"href":"https:\/\/uj.adatbank.ro\/lexikon\/wp-json\/wp\/v2\/product_cat?post=9012"},{"taxonomy":"product_tag","embeddable":true,"href":"https:\/\/uj.adatbank.ro\/lexikon\/wp-json\/wp\/v2\/product_tag?post=9012"}],"curies":[{"name":"wp","href":"https:\/\/api.w.org\/{rel}","templated":true}]}}

GÖNCZI Lajos

<p>Kelementelke, 1852. ápr. 20., † Székelyudvarhely, 1929. nov. 23.: ref. gimn.-i tanár, botanikus. – A gimn. -ot Mv.-en (1871) végezte, itt köztanító volt egy évig. Az egyetem végzettje Kv.-on, természetrajz-vegytan szakon (1872–75). A székelyudvarhelyi Ref. Koll. természetrajz, földrajz és vegytan tanára (1875–), majd igazgatója (1888–1914). Felújítatta a koll. épületét, újraszervezte az iskola természetrajzi gyűjteményét. Herbáriuma Székelyudvarhely és környéke, Udvarhely vm. flórájának gyűjteménye, a Benedek Elek Tanítóképző Intézet biológiai szertárában örzik. Cikkeit közölte a Ref. Kollégium Értesítője (1887), az Orvos-Természettudományi Értesítő (1890). – <strong>F. m.:</strong> Ellenindítvány a székelyudvarhelyi ref. kollegium kibővített helyiségének új berendezése tárgyában. (Székelyudvarhely, 1886); Emlékbeszéd Kiss Gergely felett (Székelyudvarhely, 1887); Vázlat Székelyudvarhely környékének flórájából (Székelyudvarhely, 1888), A székelyudvarhelyi kollegium építésének rövid története („Imák és beszédek…” c. füzetben). (Székelyudvarhely, 1888.); Egy lap iskolánk történetéből. (Értesítő, 1889.). Udvarhelymegye flórájának főbb vonásai (Kv., 1890); A székelyudvarhelyi ref. kollégium története 1876–93. (Székelyudvarhely, 1893.); A székelyudvarhelyi ev. ref. kollegium múltja és jelene (Értesítő, 1895.); Kiss Gergely és Kiss József emlékezete (P. E. I. L. 1899.); Bocskay István (Értesítő, 1906.); A székelyudvarhelyi ref. kollegium az utóbbi másfél évtized alatt. (Székelyudvarhely, 1907.) <br /><strong>Irod.:</strong> Daday; MMA; Szinnyei, Zoványi</br></p>

<p>Kelementelke, 1852. ápr. 20., † Székelyudvarhely, 1929. nov. 23.: ref. gimn.-i tanár, botanikus. – A gimn. -ot Mv.-en (1871) végezte, itt köztanító volt egy évig. Az egyetem végzettje Kv.-on, természetrajz-vegytan szakon (1872–75). A székelyudvarhelyi Ref. Koll. természetrajz, földrajz és vegytan tanára (1875–), majd igazgatója (1888–1914). Felújítatta a koll. épületét, újraszervezte az iskola természetrajzi gyűjteményét. Herbáriuma [&hellip;]</p>
