{"id":9013,"date":"2025-06-29T10:46:01","date_gmt":"2025-06-29T08:46:01","guid":{"rendered":"https:\/\/uj.adatbank.ro\/lexikon\/termek\/gonczi-laszlo\/"},"modified":"2025-06-29T10:46:01","modified_gmt":"2025-06-29T08:46:01","slug":"gonczi-laszlo","status":"publish","type":"product","link":"https:\/\/uj.adatbank.ro\/lexikon\/termek\/gonczi-laszlo\/","title":{"rendered":"G\u00d6NCZI L\u00e1szl\u00f3"},"content":{"rendered":"<p>1908, \u2020\u00a0Kiskend, 2002. m\u00e1rc. 11.: ref. lelk\u00e9sz. \u2013 Iskol\u00e1it a sz\u00fcl\u0151faluj\u00e1ban, Mv.-en \u00e9s Nagyenyeden v\u00e9gezte, majd Kv.-on a teol\u00f3gi\u00e1t. Helyettes lelk\u00e9sznek \u00c1d\u00e1mosra nevezt\u00e9k ki, onnan Kiskendre ker\u00fclt lelk\u00e9sznek (1939\u201379). Szolg\u00e1lat\u00e1t p\u00e9ld\u00e1s h\u0171s\u00e9ggel teljes\u00edtette, nagy n\u00e9pszer\u0171s\u00e9gnek \u00f6rvendett. Komoly gondja volt az egyh\u00e1z anyagi \u00fcgyeire: renov\u00e1ltatta a templomot \u00e9s a tornyot (1946; 1954, 1971), meg\u00faj\u00edtotta az orgon\u00e1t (1957), a papilakba f\u00f6ldg\u00e1zt \u00e9s villanyt vezettetett (1960 \u00e9s1966), \u00faj harangot (1968), ravataloz\u00f3t \u00e9p\u00edttetett (1970), stb. <br \/><strong>Irod.:<\/strong> Kend \u00e9s egyh\u00e1za; [Nekrol\u00f3g] (N\u00fa., 2002., m\u00e1rc, 12); Ref. egyetemes n\u00e9vt\u00e1r<\/br><\/p>\n","protected":false},"excerpt":{"rendered":"<p>1908, \u2020\u00a0Kiskend, 2002. m\u00e1rc. 11.: ref. lelk\u00e9sz. \u2013 Iskol\u00e1it a sz\u00fcl\u0151faluj\u00e1ban, Mv.-en \u00e9s Nagyenyeden v\u00e9gezte, majd Kv.-on a teol\u00f3gi\u00e1t. Helyettes lelk\u00e9sznek \u00c1d\u00e1mosra nevezt\u00e9k ki, onnan Kiskendre ker\u00fclt lelk\u00e9sznek (1939\u201379). Szolg\u00e1lat\u00e1t p\u00e9ld\u00e1s h\u0171s\u00e9ggel teljes\u00edtette, nagy n\u00e9pszer\u0171s\u00e9gnek \u00f6rvendett. Komoly gondja volt az egyh\u00e1z anyagi \u00fcgyeire: renov\u00e1ltatta a templomot \u00e9s a tornyot (1946; 1954, 1971), meg\u00faj\u00edtotta az orgon\u00e1t [&hellip;]<\/p>\n","protected":false},"featured_media":0,"comment_status":"open","ping_status":"closed","template":"","meta":[],"product_brand":[],"product_cat":[137],"product_tag":[],"class_list":{"0":"post-9013","1":"product","2":"type-product","3":"status-publish","5":"product_cat-maros-megyei-eletrajzi-lexikon","7":"first","8":"instock","9":"shipping-taxable","10":"product-type-simple"},"_links":{"self":[{"href":"https:\/\/uj.adatbank.ro\/lexikon\/wp-json\/wp\/v2\/product\/9013","targetHints":{"allow":["GET"]}}],"collection":[{"href":"https:\/\/uj.adatbank.ro\/lexikon\/wp-json\/wp\/v2\/product"}],"about":[{"href":"https:\/\/uj.adatbank.ro\/lexikon\/wp-json\/wp\/v2\/types\/product"}],"replies":[{"embeddable":true,"href":"https:\/\/uj.adatbank.ro\/lexikon\/wp-json\/wp\/v2\/comments?post=9013"}],"wp:attachment":[{"href":"https:\/\/uj.adatbank.ro\/lexikon\/wp-json\/wp\/v2\/media?parent=9013"}],"wp:term":[{"taxonomy":"product_brand","embeddable":true,"href":"https:\/\/uj.adatbank.ro\/lexikon\/wp-json\/wp\/v2\/product_brand?post=9013"},{"taxonomy":"product_cat","embeddable":true,"href":"https:\/\/uj.adatbank.ro\/lexikon\/wp-json\/wp\/v2\/product_cat?post=9013"},{"taxonomy":"product_tag","embeddable":true,"href":"https:\/\/uj.adatbank.ro\/lexikon\/wp-json\/wp\/v2\/product_tag?post=9013"}],"curies":[{"name":"wp","href":"https:\/\/api.w.org\/{rel}","templated":true}]}}

GÖNCZI László

<p>1908, † Kiskend, 2002. márc. 11.: ref. lelkész. – Iskoláit a szülőfalujában, Mv.-en és Nagyenyeden végezte, majd Kv.-on a teológiát. Helyettes lelkésznek Ádámosra nevezték ki, onnan Kiskendre került lelkésznek (1939–79). Szolgálatát példás hűséggel teljesítette, nagy népszerűségnek örvendett. Komoly gondja volt az egyház anyagi ügyeire: renováltatta a templomot és a tornyot (1946; 1954, 1971), megújította az orgonát (1957), a papilakba földgázt és villanyt vezettetett (1960 és1966), új harangot (1968), ravatalozót építtetett (1970), stb. <br /><strong>Irod.:</strong> Kend és egyháza; [Nekrológ] (Nú., 2002., márc, 12); Ref. egyetemes névtár</br></p>

<p>1908, † Kiskend, 2002. márc. 11.: ref. lelkész. – Iskoláit a szülőfalujában, Mv.-en és Nagyenyeden végezte, majd Kv.-on a teológiát. Helyettes lelkésznek Ádámosra nevezték ki, onnan Kiskendre került lelkésznek (1939–79). Szolgálatát példás hűséggel teljesítette, nagy népszerűségnek örvendett. Komoly gondja volt az egyház anyagi ügyeire: renováltatta a templomot és a tornyot (1946; 1954, 1971), megújította az orgonát [&hellip;]</p>
