{"id":9015,"date":"2025-06-29T10:46:04","date_gmt":"2025-06-29T08:46:04","guid":{"rendered":"https:\/\/uj.adatbank.ro\/lexikon\/termek\/gonczy-ferenc-gonczi-ferenc-gontzi-frenc\/"},"modified":"2025-06-29T10:46:04","modified_gmt":"2025-06-29T08:46:04","slug":"gonczy-ferenc-gonczi-ferenc-gontzi-frenc","status":"publish","type":"product","link":"https:\/\/uj.adatbank.ro\/lexikon\/termek\/gonczy-ferenc-gonczi-ferenc-gontzi-frenc\/","title":{"rendered":"G\u00d6NCZY Ferenc, G\u00f6nczi Ferenc, G\u00f6ntzi Frenc"},"content":{"rendered":"<p>Mv., ? \u2020 1806. m\u00e1j. 1.: jezsuita pap. \u2013 Kv.-on a Jezsuita Gimn. \u00e9s Akad. -n (1760), a trencs\u00e9nyi jezsuita gimn.-ban volt nov\u00edcius (1763\u2013), majd Nagyszombaton (1767\u201368) \u00e9s Bud\u00e1n (1779) tanult. Nagyszebenben tan\u00e1r \u00e9s pl\u00e9b\u00e1nos (1782), abrudb\u00e1nyai pl\u00e9b\u00e1nos (1787\u201392), majd a mv.-i r. k. tanoda \u00e9s nevelde igazgat\u00f3ja volt (1793\u20131805). Tulajdon\u00e1ban volt a K\u00f6lnben megjelent teol\u00f3giai k\u00f6nyv, amelyben \u00fan. Kalend\u00e1riumi-szentk\u00e9p maradt fenn, amely a nagyszombati akad. nyomd\u00e1j\u00e1ban k\u00e9sz\u00fclt szentk\u00e9psorozat r\u00e9sze (1755). A k\u00f6nyvet a pl\u00e9b\u00e1ni\u00e1nak adom\u00e1nyozta (1806). <br \/><strong>Irod.:<\/strong> Barab\u00e1s Kisanna: A mv.-i Egyh\u00e1zm\u0171v\u00e9szeti M\u00fazeum mag\u00e1n\u00e1h\u00edtatra serkent\u0151 18. sz.-i szentk\u00e9pei  =  St\u00edlusok, m\u0171vek, mesterek; Ferenczi S\u00e1ndor 2009; Jezsuita \u00e9vk.; R. k. okt. \u2013 1; R. k. okt. \u20132; Temesv\u00e1ry<\/br><\/p>\n","protected":false},"excerpt":{"rendered":"<p>Mv., ? \u2020 1806. m\u00e1j. 1.: jezsuita pap. \u2013 Kv.-on a Jezsuita Gimn. \u00e9s Akad. -n (1760), a trencs\u00e9nyi jezsuita gimn.-ban volt nov\u00edcius (1763\u2013), majd Nagyszombaton (1767\u201368) \u00e9s Bud\u00e1n (1779) tanult. Nagyszebenben tan\u00e1r \u00e9s pl\u00e9b\u00e1nos (1782), abrudb\u00e1nyai pl\u00e9b\u00e1nos (1787\u201392), majd a mv.-i r. k. tanoda \u00e9s nevelde igazgat\u00f3ja volt (1793\u20131805). Tulajdon\u00e1ban volt a K\u00f6lnben megjelent [&hellip;]<\/p>\n","protected":false},"featured_media":0,"comment_status":"open","ping_status":"closed","template":"","meta":[],"product_brand":[],"product_cat":[137],"product_tag":[],"class_list":{"0":"post-9015","1":"product","2":"type-product","3":"status-publish","5":"product_cat-maros-megyei-eletrajzi-lexikon","7":"first","8":"instock","9":"shipping-taxable","10":"product-type-simple"},"_links":{"self":[{"href":"https:\/\/uj.adatbank.ro\/lexikon\/wp-json\/wp\/v2\/product\/9015","targetHints":{"allow":["GET"]}}],"collection":[{"href":"https:\/\/uj.adatbank.ro\/lexikon\/wp-json\/wp\/v2\/product"}],"about":[{"href":"https:\/\/uj.adatbank.ro\/lexikon\/wp-json\/wp\/v2\/types\/product"}],"replies":[{"embeddable":true,"href":"https:\/\/uj.adatbank.ro\/lexikon\/wp-json\/wp\/v2\/comments?post=9015"}],"wp:attachment":[{"href":"https:\/\/uj.adatbank.ro\/lexikon\/wp-json\/wp\/v2\/media?parent=9015"}],"wp:term":[{"taxonomy":"product_brand","embeddable":true,"href":"https:\/\/uj.adatbank.ro\/lexikon\/wp-json\/wp\/v2\/product_brand?post=9015"},{"taxonomy":"product_cat","embeddable":true,"href":"https:\/\/uj.adatbank.ro\/lexikon\/wp-json\/wp\/v2\/product_cat?post=9015"},{"taxonomy":"product_tag","embeddable":true,"href":"https:\/\/uj.adatbank.ro\/lexikon\/wp-json\/wp\/v2\/product_tag?post=9015"}],"curies":[{"name":"wp","href":"https:\/\/api.w.org\/{rel}","templated":true}]}}

GÖNCZY Ferenc, Gönczi Ferenc, Göntzi Frenc

<p>Mv., ? † 1806. máj. 1.: jezsuita pap. – Kv.-on a Jezsuita Gimn. és Akad. -n (1760), a trencsényi jezsuita gimn.-ban volt novícius (1763–), majd Nagyszombaton (1767–68) és Budán (1779) tanult. Nagyszebenben tanár és plébános (1782), abrudbányai plébános (1787–92), majd a mv.-i r. k. tanoda és nevelde igazgatója volt (1793–1805). Tulajdonában volt a Kölnben megjelent teológiai könyv, amelyben ún. Kalendáriumi-szentkép maradt fenn, amely a nagyszombati akad. nyomdájában készült szentképsorozat része (1755). A könyvet a plébániának adományozta (1806). <br /><strong>Irod.:</strong> Barabás Kisanna: A mv.-i Egyházművészeti Múzeum magánáhítatra serkentő 18. sz.-i szentképei  =  Stílusok, művek, mesterek; Ferenczi Sándor 2009; Jezsuita évk.; R. k. okt. – 1; R. k. okt. –2; Temesváry</br></p>

<p>Mv., ? † 1806. máj. 1.: jezsuita pap. – Kv.-on a Jezsuita Gimn. és Akad. -n (1760), a trencsényi jezsuita gimn.-ban volt novícius (1763–), majd Nagyszombaton (1767–68) és Budán (1779) tanult. Nagyszebenben tanár és plébános (1782), abrudbányai plébános (1787–92), majd a mv.-i r. k. tanoda és nevelde igazgatója volt (1793–1805). Tulajdonában volt a Kölnben megjelent [&hellip;]</p>
